000
CXUS52 KILM 011336
CF6ILM
PRELIMINARY LOCAL CLIMATOLOGICAL DATA (WS FORM: F-6)
STATION: WILMINGTON NORTH CAROLINA
MONTH: JUNE
YEAR: 2023
LATITUDE: 34 16 N
LONGITUDE: 77 55 W
TEMPERATURE IN F: :PCPN: SNOW: WIND :SUNSHINE: SKY :PK WND
================================================================================
1 2 3 4 5 6A 6B 7 8 9 10 11 12 13 14 15 16 17 18
12Z AVG MX 2MIN
DY MAX MIN AVG DEP HDD CDD WTR SNW DPTH SPD SPD DIR MIN PSBL S-S WX SPD DR
================================================================================
1 82 66 74 -1 0 9 0.00 0.0 0 7.7 15 40 M M 6 20 30
2 83 67 75 0 0 10 0.02 0.0 0 8.4 18 20 M M 7 1 22 20
3 84 66 75 0 0 10 0.00 0.0 0 7.7 16 70 M M 4 128 20 70
4 71 57 64 -12 1 0 0.00 0.0 0 11.5 21 20 M M 5 27 10
5 81 52 67 -9 0 2 0.00 0.0 0 4.9 14 30 M M 0 19 120
6 84 61 73 -3 0 8 0.00 0.0 0 9.1 18 220 M M 1 23 230
7 89 65 77 1 0 12 0.86 0.0 0 5.8 21 210 M M 3 13 26 210
8 81 59 70 -7 0 5 0.15 0.0 0 4.6 14 250 M M 5 1 17 240
9 84 57 71 -6 0 6 0.00 0.0 0 3.3 14 140 M M 2 18 19 160
10 85 56 71 -6 0 6 0.00 0.0 0 4.4 15 170 M M 0 18 19 130
11 84 62 73 -4 0 8 0.01 0.0 0 6.9 18 170 M M 3 1 24 130
12 88 69 79 1 0 14 T 0.0 0 11.3 23 230 M M 3 3 30 240
13 89 69 79 1 0 14 0.00 0.0 0 8.0 18 220 M M 2 1 22 220
14 87 70 79 1 0 14 0.00 0.0 0 14.1 31 260 M M 2 8 40 260
15 87 70 79 1 0 14 0.00 0.0 0 10.0 18 210 M M 4 8 24 210
16 90 68 79 1 0 14 0.00 0.0 0 9.2 17 270 M M 1 18 22 250
17 86 68 77 -2 0 12 0.00 0.0 0 7.5 20 300 M M 1 26 310
18 86 66 76 -3 0 11 0.00 0.0 0 5.6 16 130 M M 2 18 22 130
19 86 71 79 0 0 14 0.00 0.0 0 7.6 17 140 M M 2 8 22 130
20 85 74 80 1 0 15 0.12 0.0 0 5.9 14 110 M M 6 38 18 100
21 85 69 77 -3 0 12 1.39 0.0 0 6.6 14 320 M M 7 13 17 130
22 85 71 78 -2 0 13 0.78 0.0 0 9.8 24 210 M M 5 138 35 250
23 83 71 77 -3 0 12 0.10 0.0 0 10.5 22 200 M M 4 13 28 210
24 89 71 80 0 0 15 0.04 0.0 0 6.3 21 260 M M 5 1 30 240
25 90 69 80 0 0 15 0.00 0.0 0 7.1 17 200 M M 1 23 170
26 91 76 84 4 0 19 0.00 0.0 0 11.9 22 210 M M 2 29 200
27 91 66 79 -1 0 14 1.73 0.0 0 8.3 24 10 M M 3 138 32 360
28 90 70 80 -1 0 15 0.00 0.0 0 3.3 15 30 M M 2 18 30
29 89 70 80 -1 0 15 0.00 0.0 0 3.8 13 120 M M 2 1 16 120
30 91 70 81 0 0 16 0.00 0.0 0 3.8 12 130 M M 1 1 14 130
================================================================================
SM 2576 1996 1 344 5.20 0.0 224.9 M 91
================================================================================
AV 85.9 66.5 7.5 FASTST M M 3 MAX(MPH)
MISC ----> 31 260 40 260
================================================================================
NOTES:
# LAST OF SEVERAL OCCURRENCES
COLUMN 17 PEAK WIND IN M.P.H.
PRELIMINARY LOCAL CLIMATOLOGICAL DATA (WS FORM: F-6) , PAGE 2
STATION: WILMINGTON NORTH CAROLINA
MONTH: JUNE
YEAR: 2023
LATITUDE: 34 16 N
LONGITUDE: 77 55 W
[TEMPERATURE DATA] [PRECIPITATION DATA] SYMBOLS USED IN COLUMN 16
AVERAGE MONTHLY: 76.2 TOTAL FOR MONTH: 5.20 1 = FOG OR MIST
DPTR FM NORMAL: -2.0 DPTR FM NORMAL: -0.47 2 = FOG REDUCING VISIBILITY
HIGHEST: 91 ON 30,27 GRTST 24HR 1.73 ON 27-27 TO 1/4 MILE OR LESS
LOWEST: 52 ON 5 3 = THUNDER
SNOW, ICE PELLETS, HAIL 4 = ICE PELLETS
TOTAL MONTH: 0.0 INCH 5 = HAIL
GRTST 24HR 0.0 6 = FREEZING RAIN OR DRIZZLE
GRTST DEPTH: 0 7 = DUSTSTORM OR SANDSTORM:
VSBY 1/2 MILE OR LESS
8 = SMOKE OR HAZE
[NO. OF DAYS WITH] [WEATHER - DAYS WITH] 9 = BLOWING SNOW
X = TORNADO
MAX 32 OR BELOW: 0 0.01 INCH OR MORE: 10
MAX 90 OR ABOVE: 6 0.10 INCH OR MORE: 7
MIN 32 OR BELOW: 0 0.50 INCH OR MORE: 4
MIN 0 OR BELOW: 0 1.00 INCH OR MORE: 2
[HDD (BASE 65) ]
TOTAL THIS MO. 1 CLEAR (SCALE 0-3) 18
DPTR FM NORMAL 0 PTCLDY (SCALE 4-7) 12
TOTAL FM JUL 1 1682 CLOUDY (SCALE 8-10) 0
DPTR FM NORMAL -642
[CDD (BASE 65) ]
TOTAL THIS MO. 344
DPTR FM NORMAL -52 [PRESSURE DATA]
TOTAL FM JAN 1 752 HIGHEST SLP 30.07 ON 30
DPTR FM NORMAL 43 LOWEST SLP 29.64 ON 16
[REMARKS]
#FINAL-06-23#