000
CXUS52 KILM 031903
CF6ILM
PRELIMINARY LOCAL CLIMATOLOGICAL DATA (WS FORM: F-6)
STATION: WILMINGTON NORTH CAROLINA
MONTH: JANUARY
YEAR: 2024
LATITUDE: 34 16 N
LONGITUDE: 77 55 W
TEMPERATURE IN F: :PCPN: SNOW: WIND :SUNSHINE: SKY :PK WND
================================================================================
1 2 3 4 5 6A 6B 7 8 9 10 11 12 13 14 15 16 17 18
12Z AVG MX 2MIN
DY MAX MIN AVG DEP HDD CDD WTR SNW DPTH SPD SPD DIR MIN PSBL S-S WX SPD DR
================================================================================
1 62 41 52 5 13 0 0.00 0.0 0 9.7 18 340 M M 1 25 340
2 53 32 43 -4 22 0 0.00 0.0 0 7.6 18 360 M M 0 32 10
3 55 30 43 -4 22 0 0.29 0.0 0 3.5 14 290 M M 1 1 18 290
4 54 32 43 -4 22 0 0.04 0.0 0 7.6 22 330 M M 3 32 350
5 49 27 38 -9 27 0 0.00 0.0 0 5.4 10 110 M M 0 1 14 100
6 66 36 51 4 14 0 0.19 0.0 0 10.0 24 170 M M 7 1 46 160
7 60 42 51 4 14 0 0.00 0.0 0 9.8 21 260 M M 2 27 260
8 50 36 43 -4 22 0 0.00 0.0 0 8.1 17 50 M M 0 23 40
9 69 42 56 9 9 0 0.81 0.0 0 17.9 44 200 M M 10 18 73 190
10 56 41 49 2 16 0 0.00 0.0 0 14.0 32 230 M M 1 45 240
11 58 36 47 0 18 0 0.00 0.0 0 5.7 15 260 M M 0 21 270
12 70 30 50 4 15 0 0.11 0.0 0 9.7 24 220 M M 5 18 42 130
13 69 42 56 10 9 0 0.01 0.0 0 14.9 29 250 M M 2 41 260
14 62 37 50 4 15 0 0.00 0.0 0 7.8 18 240 M M 0 24 260
15 66 40 53 7 12 0 0.00 0.0 0 3.7 13 210 M M 2 18 200
16 62 35 49 3 16 0 0.03 0.0 0 8.0 24 330 M M 8 12 32 350
17 41 25 33 -13 32 0 0.00 0.0 0 7.1 17 340 M M 0 23 340
18 59 22 41 -5 24 0 0.00 0.0 0 3.1 16 200 M M 2 25 180
19 60 36 48 2 17 0 T 0.0 0 12.7 29 310 M M 4 38 300
20 39 25 32 -14 33 0 0.00 0.0 0 11.5 24 320 M M 0 32 320
21 43 19 31 -15 34 0 0.00 0.0 0 8.1 21 340 M M 0 29 340
22 51 20 36 -11 29 0 0.00 0.0 0 2.5 10 110 M M 0 15 100
23 63 32 48 1 17 0 0.00 0.0 0 3.2 10 120 M M 2 17 140
24 71 50 61 14 4 0 T 0.0 0 6.4 15 150 M M 4 1 24 160
25 77 64 71 24 0 6 0.10 0.0 0 7.6 18 190 M M 9 1 26 180
26 83 60 72 25 0 7 T 0.0 0 9.3 21 250 M M 4 1 28 250
27 75 56 66 19 0 1 0.03 0.0 0 4.4 14 180 M M 4 12 21 170
28 75 52 64 17 1 0 0.03 0.0 0 15.4 31 250 M M 5 1 42 250
29 61 41 51 4 14 0 0.00 0.0 0 10.8 22 330 M M 1 30 330
30 53 34 44 -3 21 0 0.00 0.0 0 5.8 13 110 M M 0 18 70
31 52 40 46 -1 19 0 0.05 0.0 0 7.6 17 340 M M 6 1 29 340
================================================================================
SM 1864 1155 511 14 1.69 0.0 258.9 M 83
================================================================================
AV 60.1 37.3 8.4 FASTST M M 3 MAX(MPH)
MISC ----> 44 200 73 190
================================================================================
NOTES:
# LAST OF SEVERAL OCCURRENCES
COLUMN 17 PEAK WIND IN M.P.H.
PRELIMINARY LOCAL CLIMATOLOGICAL DATA (WS FORM: F-6) , PAGE 2
STATION: WILMINGTON NORTH CAROLINA
MONTH: JANUARY
YEAR: 2024
LATITUDE: 34 16 N
LONGITUDE: 77 55 W
[TEMPERATURE DATA] [PRECIPITATION DATA] SYMBOLS USED IN COLUMN 16
AVERAGE MONTHLY: 48.7 TOTAL FOR MONTH: 1.69 1 = FOG OR MIST
DPTR FM NORMAL: 1.9 DPTR FM NORMAL: -2.12 2 = FOG REDUCING VISIBILITY
HIGHEST: 83 ON 26 GRTST 24HR 1.50 ON 9- 9 TO 1/4 MILE OR LESS
LOWEST: 19 ON 21 3 = THUNDER
SNOW, ICE PELLETS, HAIL 4 = ICE PELLETS
TOTAL MONTH: 0.0 INCH 5 = HAIL
GRTST 24HR 0.0 6 = FREEZING RAIN OR DRIZZLE
GRTST DEPTH: 0 7 = DUSTSTORM OR SANDSTORM:
VSBY 1/2 MILE OR LESS
8 = SMOKE OR HAZE
[NO. OF DAYS WITH] [WEATHER - DAYS WITH] 9 = BLOWING SNOW
X = TORNADO
MAX 32 OR BELOW: 0 0.01 INCH OR MORE: 11
MAX 90 OR ABOVE: 0 0.10 INCH OR MORE: 5
MIN 32 OR BELOW: 11 0.50 INCH OR MORE: 1
MIN 0 OR BELOW: 0 1.00 INCH OR MORE: 0
[HDD (BASE 65) ]
TOTAL THIS MO. 511 CLEAR (SCALE 0-3) 20
DPTR FM NORMAL -57 PTCLDY (SCALE 4-7) 9
TOTAL FM JUL 1 1264 CLOUDY (SCALE 8-10) 2
DPTR FM NORMAL -157
[CDD (BASE 65) ]
TOTAL THIS MO. 14
DPTR FM NORMAL 11 [PRESSURE DATA]
TOTAL FM JAN 1 14 HIGHEST SLP 30.70 ON 22
DPTR FM NORMAL 11 LOWEST SLP 29.38 ON 9
[REMARKS]
#FINAL-01-24#