000
CXUS53 KIND 010600
CF6IND
PRELIMINARY LOCAL CLIMATOLOGICAL DATA (WS FORM: F-6)
STATION: INDIANAPOLIS IN
MONTH: JULY
YEAR: 2021
LATITUDE: 39 43 N
LONGITUDE: 86 17 W
TEMPERATURE IN F: :PCPN: SNOW: WIND :SUNSHINE: SKY :PK WND
================================================================================
1 2 3 4 5 6A 6B 7 8 9 10 11 12 13 14 15 16 17 18
12Z AVG MX 2MIN
DY MAX MIN AVG DEP HDD CDD WTR SNW DPTH SPD SPD DIR MIN PSBL S-S WX SPD DR
================================================================================
1 84 63 74 -1 0 9 2.78 0.0 0 8.7 29 260 M M 7 13 38 250
2 77 57 67 -9 0 2 0.00 0.0 0 9.9 20 340 M M 4 26 340
3 79 56 68 -8 0 3 0.00 0.0 0 7.8 14 270 M M 3 20 290
4 86 64 75 -1 0 10 0.00 0.0 0 8.2 14 320 M M 5 8 21 310
5 89 68 79 3 0 14 0.00 0.0 0 5.9 14 240 M M 3 1 19 250
6 88 70 79 3 0 14 0.00 0.0 0 5.8 14 250 M M 4 1 21 270
7 88 70 79 3 0 14 0.21 0.0 0 8.9 26 240 M M 5 13 32 240
8 81 65 73 -3 0 8 0.79 0.0 0 6.7 31 260 M M 7 13 43 260
9 74 59 67 -9 0 2 0.00 0.0 0 7.1 15 340 M M 6 20 330
10 74 64 69 -7 0 4 0.28 0.0 0 8.6 16 110 M M 9 13 21 100
11 77 66 72 -4 0 7 0.34 0.0 0 4.9 15 200 M M 10 1 19 210
12 83 69 76 0 0 11 T 0.0 0 8.5 17 250 M M 8 1 26 170
13 82 70 76 0 0 11 0.03 0.0 0 10.5 22 260 M M 7 3 30 270
14 85 66 76 0 0 11 0.00 0.0 0 7.8 14 230 M M 5 20 230
15 89 71 80 4 0 15 1.08 0.0 0 10.3 32 280 M M 7 13 46 290
16 78 69 74 -2 0 9 0.78 0.0 0 6.6 16 170 M M 10 13 22 280
17 80 68 74 -2 0 9 0.04 0.0 0 4.7 12 280 M M 9 1 15 280
18 83 68 76 0 0 11 0.00 0.0 0 7.8 16 110 M M 5 25 110
19 85 66 76 0 0 11 0.00 0.0 0 6.8 14 30 M M 2 17 40
20 84 65 75 -1 0 10 0.00 0.0 0 5.8 14 310 M M 1 18 320
21 82 65 74 -2 0 9 0.00 0.0 0 7.2 12 330 M M 3 18 M M
22 83 66 75 -1 0 10 0.00 0.0 0 5.4 10 140 M M 6 13 120
23 86 68 77 1 0 12 0.00 0.0 0 6.6 14 170 M M 4 19 180
24 88 69 79 3 0 14 T 0.0 0 10.2 23 250 M M 5 3 31 260
25 88 71 80 4 0 15 T 0.0 0 5.7 14 250 M M 8 3 16 250
26 91 71 81 5 0 16 0.00 0.0 0 5.5 15 350 M M 3 19 340
27 89 68 79 3 0 14 0.00 0.0 0 3.2 10 230 M M 1 15 320
28 88 69 79 3 0 14 0.00 0.0 0 5.3 12 270 M M 5 1 16 250
29 89 73 81 5 0 16 T 0.0 0 10.5 24 200 M M 8 138 32 200
30 82 67 75 -1 0 10 0.00 0.0 0 10.9 16 340 M M 5 25 330
31 72 61 67 -9 0 2 0.01 0.0 0 6.3 17 250 M M 7 18 23 250
================================================================================
SM 2584 2062 0 317 6.34 0.0 228.1 M 172
================================================================================
AV 83.4 66.5 7.4 FASTST M M 6 MAX(MPH)
MISC ----> 32 280 46 290
================================================================================
NOTES:
# LAST OF SEVERAL OCCURRENCES
COLUMN 17 PEAK WIND IN M.P.H.
PRELIMINARY LOCAL CLIMATOLOGICAL DATA (WS FORM: F-6) , PAGE 2
STATION: INDIANAPOLIS IN
MONTH: JULY
YEAR: 2021
LATITUDE: 39 43 N
LONGITUDE: 86 17 W
[TEMPERATURE DATA] [PRECIPITATION DATA] SYMBOLS USED IN COLUMN 16
AVERAGE MONTHLY: 74.9 TOTAL FOR MONTH: 6.34 1 = FOG OR MIST
DPTR FM NORMAL: -0.9 DPTR FM NORMAL: 1.92 2 = FOG REDUCING VISIBILITY
HIGHEST: 91 ON 26 GRTST 24HR 2.82 ON 30- 1 TO 1/4 MILE OR LESS
LOWEST: 56 ON 3 3 = THUNDER
SNOW, ICE PELLETS, HAIL 4 = ICE PELLETS
TOTAL MONTH: 0.0 INCH 5 = HAIL
GRTST 24HR 0.0 6 = FREEZING RAIN OR DRIZZLE
GRTST DEPTH: 0 7 = DUSTSTORM OR SANDSTORM:
VSBY 1/2 MILE OR LESS
8 = SMOKE OR HAZE
[NO. OF DAYS WITH] [WEATHER - DAYS WITH] 9 = BLOWING SNOW
X = TORNADO
MAX 32 OR BELOW: 0 0.01 INCH OR MORE: 10
MAX 90 OR ABOVE: 1 0.10 INCH OR MORE: 7
MIN 32 OR BELOW: 0 0.50 INCH OR MORE: 4
MIN 0 OR BELOW: 0 1.00 INCH OR MORE: 2
[HDD (BASE 65) ]
TOTAL THIS MO. 0 CLEAR (SCALE 0-3) 5
DPTR FM NORMAL -1 PTCLDY (SCALE 4-7) 21
TOTAL FM JUL 1 0 CLOUDY (SCALE 8-10) 5
DPTR FM NORMAL 0
[CDD (BASE 65) ]
TOTAL THIS MO. 317
DPTR FM NORMAL -19 [PRESSURE DATA]
TOTAL FM JAN 1 693 HIGHEST SLP M ON M
DPTR FM NORMAL 18 LOWEST SLP 29.78 ON 11
[REMARKS]
#FINAL-07-21#