000
CXUS53 KIND 011542
CLMIND
CLIMATE REPORT
NATIONAL WEATHER SERVICE INDIANAPOLIS IN
1142 AM EDT SUN OCT 01 2023
...................................
...THE INDIANAPOLIS IN CLIMATE SUMMARY FOR THE MONTH OF SEPTEMBER 2023...
CLIMATE NORMAL PERIOD 1991 TO 2020
CLIMATE RECORD PERIOD 1871 TO 2023
WEATHER OBSERVED NORMAL DEPART LAST YEAR`S
VALUE DATE(S) VALUE FROM VALUE DATE(S)
NORMAL
................................................................
TEMPERATURE (F)
RECORD
HIGH 100 09/03/2011
09/05/1954
09/02/1953
LOW 30 09/30/1899
HIGHEST 90 09/04 93 09/21
09/05
LOWEST 50 09/13 42 09/27
09/28
AVG. MAXIMUM 80.3 78.2 2.1 77.7
AVG. MINIMUM 59.4 57.4 2.0 58.5
MEAN 69.9 67.8 2.1 68.1
DAYS MAX >= 90 2 2.8 -0.8 1
DAYS MAX <= 32 0 0.0 0.0 0
DAYS MIN <= 32 0 0.0 0.0 0
DAYS MIN <= 0 0 0.0 0.0 0
PRECIPITATION (INCHES)
RECORD
MAXIMUM 10.37 2003
MINIMUM 0.12 2020
TOTALS 1.60 3.14 -1.54 2.12
DAILY AVG. 0.05 0.10 -0.05 0.07
DAYS >= .01 6 7.9 -1.9 7
DAYS >= .10 2 4.7 -2.7 4
DAYS >= .50 1 1.9 -0.9 2
DAYS >= 1.00 1 0.9 0.1 0
GREATEST
24 HR. TOTAL 1.42 09/27 TO 09/27
SNOWFALL (INCHES)
RECORDS
TOTAL T 2016
SNOW DEPTH MM MM
TOTALS 0.0 0.0 0.0 0.0
SINCE 7/1 0.0 0.0 0.0 MM
SNOWDEPTH AVG. 0
DAYS >= 1.0 0 0.0 0.0 0
GREATEST
SNOW DEPTH 0 0 MM
24 HR TOTAL MM MM
DEGREE DAYS
HEATING TOTAL 4 58 -54 66
SINCE 7/1 4 61 -57 MM
COOLING TOTAL 157 142 15 169
SINCE 1/1 1133 1118 15 MM
................................................................
WIND (MPH)
AVERAGE WIND SPEED 6.7
HIGHEST WIND SPEED/DIRECTION 23/310 DATE 09/27
HIGHEST GUST SPEED/DIRECTION 29/200 DATE 09/06
29/310 09/27
SKY COVER
AVERAGE SKY COVER 0.49
AVERAGE RH (PERCENT) 68
WEATHER CONDITIONS. NUMBER OF DAYS WITH
THUNDERSTORM 3 MIXED PRECIP 1
HEAVY RAIN 1 RAIN 8
LIGHT RAIN 8 FREEZING RAIN 0
LT FREEZING RAIN 0 HAIL 0
HEAVY SNOW 0 SNOW 0
LIGHT SNOW 0 SLEET 0
FOG 9 FOG W/VIS <= 1/4 MILE 3
HAZE 2
- INDICATES NEGATIVE NUMBERS.
R INDICATES RECORD WAS SET OR TIED.
MM INDICATES DATA IS MISSING.
T INDICATES TRACE AMOUNT.
$$