000
CXUS54 KMAF 011230
CF6INK
PRELIMINARY LOCAL CLIMATOLOGICAL DATA (WS FORM: F-6)
STATION: WINK
MONTH: MAY
YEAR: 2023
LATITUDE: 31 46 N
LONGITUDE: 103 12 W
TEMPERATURE IN F: :PCPN: SNOW: WIND :SUNSHINE: SKY :PK WND
================================================================================
1 2 3 4 5 6A 6B 7 8 9 10 11 12 13 14 15 16 17 18
12Z AVG MX 2MIN
DY MAX MIN AVG DEP HDD CDD WTR SNW DPTH SPD SPD DIR MIN PSBL S-S WX SPD DR
================================================================================
1 79 52 66 -4 0 1 0.00 M M 7.0 16 120 M M 0 23 70
2 92 59 76 6 0 11 0.00 M M 10.7 28 140 M M 1 37 140
3 86 61 74 4 0 9 T M M 10.0 25 240 M M 2 3 39 250
4 90 63 77 6 0 12 0.00 M M 10.8 24 250 M M 1 18 33 260
5 94 50 72 1 0 7 0.00 M M 9.0 23 260 M M 0 35 240
6 93 51 72 1 0 7 0.00 M M 7.0 22 270 M M 0 30 270
7 95 51 73 1 0 8 0.00 M M 7.2 20 150 M M 0 8 25 240
8 97 60 79 7 0 14 0.00 M M 6.6 26 160 M M 0 18 38 170
9 98 67 83 11 0 18 0.00 M M 13.3 28 230 M M 0 35 220
10 94 64 79 6 0 14 T M M 13.1 29 160 M M 0 37 160
11 90 68 79 6 0 14 0.00 M M 11.1 26 240 M M 0 41 250
12 93 50 72 -2 0 7 0.01 M M 10.9 39 140 M M 1 3 51 140
13 77 61 69 -5 0 4 0.02 M M 12.5 25 50 M M 3 1 35 50
14 80 54 67 -7 0 2 0.00 M M 6.7 15 20 M M 1 22 330
15 82 60 71 -4 0 6 T M M 8.2 22 140 M M 5 27 140
16 87 62 75 0 0 10 M M M 6.8 14 150 M M 3 19 160
17 93 58 76 1 0 11 0.00 M M 9.2 23 120 M M 0 31 120
18 93 69 81 5 0 16 0.00 M M 10.4 25 140 M M 2 33 150
19 93 61 77 1 0 12 0.12 M M 9.7 28 160 M M 1 3 39 160
20 77 61 69 -7 0 4 T M M 9.1 21 50 M M 4 18 27 60
21 86 63 75 -2 0 10 0.10 M M 10.4 22 140 M M 3 138 29 130
22 91 64 78 1 0 13 T M M 9.1 46 320 M M 0 8 71 330
23 98 59 79 1 0 14 0.00 M M 7.6 17 200 M M 0 24 70
24 94 68 81 3 0 16 T M M 13.5 40 170 M M 2 38 50 160
25 88 69 79 1 0 14 0.00 M M 15.5 24 140 M M 5 31 150
26 88 68 78 -1 0 13 T M M 16.8 30 150 M M 4 39 140
27 88 68 78 -1 0 13 0.01 M M 12.9 23 130 M M 0 3 31 140
28 90 59 75 -4 0 10 T M M 9.4 21 30 M M 0 3 26 30
29 96 64 80 0 0 15 0.00 M M 10.8 21 140 M M 0 27 140
30 100 66 83 3 0 18 0.00 M M 11.7 26 150 M M 0 36 150
31 77 70 74 -6 0 9 M M M 17.0 20 150 M M 0 25 150
================================================================================
SM 2779 1900 0 332 0.26 M 324.0 M 38
================================================================================
AV 89.6 61.3 10.5 FASTST M M 1 MAX(MPH)
MISC ----> 46 320 71 330
================================================================================
NOTES:
# LAST OF SEVERAL OCCURRENCES
COLUMN 17 PEAK WIND IN M.P.H.
PRELIMINARY LOCAL CLIMATOLOGICAL DATA (WS FORM: F-6) , PAGE 2
STATION: WINK
MONTH: MAY
YEAR: 2023
LATITUDE: 31 46 N
LONGITUDE: 103 12 W
[TEMPERATURE DATA] [PRECIPITATION DATA] SYMBOLS USED IN COLUMN 16
AVERAGE MONTHLY: 75.5 TOTAL FOR MONTH: 0.26 1 = FOG OR MIST
DPTR FM NORMAL: 0.5 DPTR FM NORMAL: -1.14 2 = FOG REDUCING VISIBILITY
HIGHEST: 100 ON 30 GRTST 24HR 0.12 ON 19-19 TO 1/4 MILE OR LESS
LOWEST: 50 ON 12, 5 3 = THUNDER
SNOW, ICE PELLETS, HAIL 4 = ICE PELLETS
TOTAL MONTH: M 5 = HAIL
GRTST 24HR M ON M 6 = FREEZING RAIN OR DRIZZLE
GRTST DEPTH: M ON M 7 = DUSTSTORM OR SANDSTORM:
VSBY 1/2 MILE OR LESS
8 = SMOKE OR HAZE
[NO. OF DAYS WITH] [WEATHER - DAYS WITH] 9 = BLOWING SNOW
X = TORNADO
MAX 32 OR BELOW: 0 0.01 INCH OR MORE: 5
MAX 90 OR ABOVE: 19 0.10 INCH OR MORE: 2
MIN 32 OR BELOW: 0 0.50 INCH OR MORE: 0
MIN 0 OR BELOW: 0 1.00 INCH OR MORE: 0
[HDD (BASE 65) ]
TOTAL THIS MO. 0 CLEAR (SCALE 0-3) 26
DPTR FM NORMAL -13 PTCLDY (SCALE 4-7) 5
TOTAL FM JUL 1 2298 CLOUDY (SCALE 8-10) 0
DPTR FM NORMAL -153
[CDD (BASE 65) ]
TOTAL THIS MO. 332
DPTR FM NORMAL 7 [PRESSURE DATA]
TOTAL FM JAN 1 426 HIGHEST SLP M ON M
DPTR FM NORMAL -37 LOWEST SLP 29.51 ON 10
[REMARKS]
#FINAL-05-23#