788
CXUS54 KMAF 011110
CF6INK
PRELIMINARY LOCAL CLIMATOLOGICAL DATA (WS FORM: F-6)
STATION: WINK
MONTH: JULY
YEAR: 2020
LATITUDE: 31 46 N
LONGITUDE: 103 12 W
TEMPERATURE IN F: :PCPN: SNOW: WIND :SUNSHINE: SKY :PK WND
================================================================================
1 2 3 4 5 6A 6B 7 8 9 10 11 12 13 14 15 16 17 18
12Z AVG MX 2MIN
DY MAX MIN AVG DEP HDD CDD WTR SNW DPTH SPD SPD DIR MIN PSBL S-S WX SPD DR
================================================================================
1 102 72 87 3 0 22 0.00 M M 9.6 29 280 M M 0 36 280
2 102 73 88 4 0 23 0.00 M M 10.7 25 150 M M 1 3 32 150
3 101 78 90 6 0 25 0.00 M M 11.5 18 110 M M 0 27 150
4 103 77 90 6 0 25 0.00 M M 8.4 20 120 M M 0 23 120
5 104 71 88 4 0 23 0.04 M M 9.8 25 20 M M 2 3 29 20
6 99 69 84 0 0 19 T M M 7.2 16 70 M M 1 3 20 70
7 102 75 89 5 0 24 0.00 M M 8.5 25 120 M M 3 32 120
8 105 74 90 6 0 25 0.00 M M 11.4 23 160 M M 0 29 160
9 110 79 95 11 0 30 0.00 0.0 0 13.3 26 150 M M 0 33 160
10 108 78 93 9 0 28 0.00 0.0 0 12.0 24 160 M M 0 28 160
11 110 78 94 10 0 29 0.00 0.0 0 11.3 20 150 M M 0 26 120
12 108 75 92 8 0 27 0.00 0.0 0 11.8 21 200 M M 0 28 170
13 111 77 94 10 0 29 0.00 M M 10.4 17 160 M M 0 24 190
14 112 78 95 11 0 30 0.00 M M 8.8 26 140 M M 0 33 140
15 109 77 93 9 0 28 0.00 M M 12.0 26 140 M M 0 32 130
16 102 76 89 5 0 24 0.00 M M 14.3 24 150 M M 0 31 140
17 104 77 91 7 0 26 0.00 M M 12.3 22 150 M M 0 28 140
18 103 77 90 6 0 25 0.00 M M 11.9 22 140 M M 0 27 140
19 98 73 86 2 0 21 0.00 M M 13.1 21 150 M M 0 31 130
20 99 77 88 4 0 23 0.00 0.0 0 10.8 20 140 M M 0 26 130
21 100 76 88 4 0 23 0.05 0.0 0 13.4 25 120 M M 1 8 34 120
22 100 75 88 4 0 23 0.00 0.0 0 11.0 35 70 M M 1 8 41 70
23 99 74 87 3 0 22 0.00 M M 13.1 25 110 M M 1 31 120
24 100 77 89 5 0 24 0.00 0.0 0 12.7 24 110 M M 1 29 130
25 100 78 89 5 0 24 0.00 M M 11.9 22 120 M M 1 26 140
26 96 75 86 2 0 21 0.00 M M 11.6 21 140 M M 1 27 150
27 96 73 85 1 0 20 0.00 M M 9.3 20 150 M M 1 25 150
28 100 74 87 3 0 22 0.00 M M 10.1 18 150 M M 0 25 160
29 104 76 90 6 0 25 0.00 M M 12.8 24 150 M M 0 31 150
30 105 74 90 6 0 25 0.00 0.0 0 12.7 25 140 M M 0 32 140
31 94 67 81 -3 0 16 0.40 0.0 0 9.8 31 30 M M 1 38 37 40
================================================================================
SM 3186 2330 0 751 0.49 0.0 347.5 M 15
================================================================================
AV102.8 75.2 11.2 FASTST M M 0 MAX(MPH)
MISC ----> 35 70 41 70
================================================================================
NOTES:
# LAST OF SEVERAL OCCURRENCES
COLUMN 17 PEAK WIND IN M.P.H.
PRELIMINARY LOCAL CLIMATOLOGICAL DATA (WS FORM: F-6) , PAGE 2
STATION: WINK
MONTH: JULY
YEAR: 2020
LATITUDE: 31 46 N
LONGITUDE: 103 12 W
[TEMPERATURE DATA] [PRECIPITATION DATA] SYMBOLS USED IN COLUMN 16
AVERAGE MONTHLY: 89.0 TOTAL FOR MONTH: 0.49 1 = FOG OR MIST
DPTR FM NORMAL: 5.4 DPTR FM NORMAL: -1.50 2 = FOG REDUCING VISIBILITY
HIGHEST: 112 ON 14 GRTST 24HR 0.40 ON 31-31 TO 1/4 MILE OR LESS
LOWEST: 67 ON 31 3 = THUNDER
SNOW, ICE PELLETS, HAIL 4 = ICE PELLETS
TOTAL MONTH: 0.0 INCH 5 = HAIL
GRTST 24HR 0.0 6 = FREEZING RAIN OR DRIZZLE
GRTST DEPTH: 0 7 = DUSTSTORM OR SANDSTORM:
VSBY 1/2 MILE OR LESS
8 = SMOKE OR HAZE
[NO. OF DAYS WITH] [WEATHER - DAYS WITH] 9 = BLOWING SNOW
X = TORNADO
MAX 32 OR BELOW: 0 0.01 INCH OR MORE: 3
MAX 90 OR ABOVE: 31 0.10 INCH OR MORE: 1
MIN 32 OR BELOW: 0 0.50 INCH OR MORE: 0
MIN 0 OR BELOW: 0 1.00 INCH OR MORE: 0
[HDD (BASE 65) ]
TOTAL THIS MO. 0 CLEAR (SCALE 0-3) 31
DPTR FM NORMAL 0 PTCLDY (SCALE 4-7) 0
TOTAL FM JUL 1 0 CLOUDY (SCALE 8-10) 0
DPTR FM NORMAL 0
[CDD (BASE 65) ]
TOTAL THIS MO. 751
DPTR FM NORMAL 173 [PRESSURE DATA]
TOTAL FM JAN 1 1908 HIGHEST SLP 30.01 ON 31
DPTR FM NORMAL 376 LOWEST SLP 26.95 ON 14
[REMARKS]
#FINAL-07-20#