000
CXUS56 KFGZ 010910
CF6INW
PRELIMINARY LOCAL CLIMATOLOGICAL DATA (WS FORM: F-6)
STATION: WINSLOW AZ AIRPORT
MONTH: MARCH
YEAR: 2023
LATITUDE: 35 1 N
LONGITUDE: 110 44 W
TEMPERATURE IN F: :PCPN: SNOW: WIND :SUNSHINE: SKY :PK WND
================================================================================
1 2 3 4 5 6A 6B 7 8 9 10 11 12 13 14 15 16 17 18
12Z AVG MX 2MIN
DY MAX MIN AVG DEP HDD CDD WTR SNW DPTH SPD SPD DIR MIN PSBL S-S WX SPD DR
================================================================================
1 50 36 43 -1 22 0 0.03 M M 18.8 39 190 M M 6 48 190
2 49 30 40 -5 25 0 0.01 M M 11.1 22 330 M M 7 1 27 340
3 55 21 38 -7 27 0 0.00 M M 3.9 14 320 M M 0 20 310
4 64 23 44 -1 21 0 0.00 M M 10.7 29 220 M M 0 38 230
5 64 31 48 2 17 0 0.00 M M 12.7 33 240 M M 0 39 230
6 67 28 48 2 17 0 0.00 M M 11.4 32 240 M M 0 38 240
7 66 32 49 3 16 0 0.00 M M 10.9 29 240 M M 0 35 250
8 67 27 47 1 18 0 0.00 M M 10.1 28 250 M M 0 32 250
9 62 26 44 -3 21 0 0.00 M M 4.5 12 230 M M 0 12 150
10 69 32 51 4 14 0 0.00 M M 13.7 32 220 M M 2 39 220
11 67 47 57 10 8 0 0.00 M M 18.8 37 260 M M 3 44 260
12 69 34 52 5 13 0 0.00 M M 10.4 24 240 M M 3 33 260
13 67 33 50 2 15 0 0.00 M M 10.1 29 260 M M 4 36 290
14 69 31 50 2 15 0 0.00 M M 9.7 25 240 M M 3 32 240
15 64 44 54 6 11 0 0.03 M M 14.5 32 230 M M 8 40 230
16 57 39 48 0 17 0 T M M 9.2 20 270 M M 7 25 270
17 55 27 41 -7 24 0 T M M 7.5 18 350 M M 5 26 360
18 56 20 38 -11 27 0 0.00 M M 5.4 16 110 M M 0 22 70
19 61 30 46 -3 19 0 T M M 11.5 23 250 M M 4 28 200
20 55 39 47 -2 18 0 T M M 11.4 32 230 M M 5 39 230
21 51 42 47 -2 18 0 0.20 M M 13.6 30 210 M M 6 1 37 200
22 51 31 41 -9 24 0 0.05 M M 17.2 39 210 M M 5 48 210
23 54 24 39 -11 26 0 T M M 7.3 22 230 M M 4 27 220
24 56 29 43 -7 22 0 0.00 M M 13.3 36 250 M M 5 42 270
25 51 23 37 -13 28 0 0.09 M M 5.3 21 290 M M 4 1 25 280
26 54 30 42 -8 23 0 T M M 7.1 24 250 M M 3 1 40 280
27 50 23 37 -14 28 0 0.00 M M 6.4 15 330 M M 0 19 10
28 64 21 43 -8 22 0 0.00 M M 3.5 18 220 M M 0 24 220
29 71 36 54 3 11 0 0.00 M M 12.5 31 210 M M 0 39 220
30 54 33 44 -7 21 0 T M M 20.7 40 220 M M 5 54 250
31 60 23 42 -9 23 0 0.00 M M 4.3 15 340 M M 0 22 240
================================================================================
SM 1849 945 611 0 0.41 M 327.5 M 89
================================================================================
AV 59.6 30.5 10.6 FASTST M M 3 MAX(MPH)
MISC ----> 40 220 54 250
================================================================================
NOTES:
# LAST OF SEVERAL OCCURRENCES
COLUMN 17 PEAK WIND IN M.P.H.
PRELIMINARY LOCAL CLIMATOLOGICAL DATA (WS FORM: F-6) , PAGE 2
STATION: WINSLOW AZ AIRPORT
MONTH: MARCH
YEAR: 2023
LATITUDE: 35 1 N
LONGITUDE: 110 44 W
[TEMPERATURE DATA] [PRECIPITATION DATA] SYMBOLS USED IN COLUMN 16
AVERAGE MONTHLY: 45.1 TOTAL FOR MONTH: 0.41 1 = FOG OR MIST
DPTR FM NORMAL: -3.1 DPTR FM NORMAL: -0.08 2 = FOG REDUCING VISIBILITY
HIGHEST: 71 ON 29 GRTST 24HR 0.21 ON 21-22 TO 1/4 MILE OR LESS
LOWEST: 20 ON 18 3 = THUNDER
SNOW, ICE PELLETS, HAIL 4 = ICE PELLETS
TOTAL MONTH: M 5 = HAIL
GRTST 24HR M ON M 6 = FREEZING RAIN OR DRIZZLE
GRTST DEPTH: M ON M 7 = DUSTSTORM OR SANDSTORM:
VSBY 1/2 MILE OR LESS
8 = SMOKE OR HAZE
[NO. OF DAYS WITH] [WEATHER - DAYS WITH] 9 = BLOWING SNOW
X = TORNADO
MAX 32 OR BELOW: 0 0.01 INCH OR MORE: 6
MAX 90 OR ABOVE: 0 0.10 INCH OR MORE: 1
MIN 32 OR BELOW: 21 0.50 INCH OR MORE: 0
MIN 0 OR BELOW: 0 1.00 INCH OR MORE: 0
[HDD (BASE 65) ]
TOTAL THIS MO. 611 CLEAR (SCALE 0-3) 15
DPTR FM NORMAL 89 PTCLDY (SCALE 4-7) 16
TOTAL FM JUL 1 4078 CLOUDY (SCALE 8-10) 0
DPTR FM NORMAL 170
[CDD (BASE 65) ]
TOTAL THIS MO. 0
DPTR FM NORMAL 0 [PRESSURE DATA]
TOTAL FM JAN 1 0 HIGHEST SLP M ON M
DPTR FM NORMAL 0 LOWEST SLP 29.45 ON 1
[REMARKS]
#FINAL-03-23#