000
CXUS55 KPSR 011005
CF6IPL
PRELIMINARY LOCAL CLIMATOLOGICAL DATA (WS FORM: F-6)
STATION: IMPERIAL CA
MONTH: APRIL
YEAR: 2022
LATITUDE: 32 50 N
LONGITUDE: 115 35 W
TEMPERATURE IN F: :PCPN: SNOW: WIND :SUNSHINE: SKY :PK WND
================================================================================
1 2 3 4 5 6A 6B 7 8 9 10 11 12 13 14 15 16 17 18
12Z AVG MX 2MIN
DY MAX MIN AVG DEP HDD CDD WTR SNW DPTH SPD SPD DIR MIN PSBL S-S WX SPD DR
================================================================================
1 85 54 70 2 0 5 0.00 M M 5.2 10 140 M M 0 16 110
2 84 56 70 2 0 5 0.00 M M 5.8 15 130 M M 0 19 140
3 84 57 71 2 0 6 0.00 M M 6.5 12 250 M M 0 17 320
4 90 60 75 6 0 10 0.00 M M 4.7 12 250 M M 0 19 210
5 91 59 75 6 0 10 0.00 M M 5.7 13 130 M M 0 17 150
6 95 55 75 6 0 10 0.00 M M 6.9 17 40 M M 0 26 60
7 93 56 75 6 0 10 0.00 M M 6.4 15 340 M M 0 22 350
8 97 57 77 8 0 12 0.00 M M 5.4 12 360 M M 0 17 20
9 101 60 81 11 0 16 0.00 M M 11.7 22 260 M M 0 8 33 260
10 91 60 76 6 0 11 0.00 M M 11.7 29 270 M M 0 40 260
11 86 61 74 4 0 9 0.00 M M 16.9 32 260 M M 1 8 46 260
12 74 54 64 -6 1 0 0.00 M M 15.2 36 260 M M 1 50 250
13 77 46 62 -8 3 0 0.00 M M 4.3 15 250 M M 0 19 250
14 86 51 69 -1 0 4 0.00 M M 7.5 23 240 M M 0 30 250
15 89 52 71 0 0 6 0.00 M M 7.6 18 260 M M 0 23 260
16 88 60 74 3 0 9 0.00 M M 12.7 22 270 M M 0 30 270
17 90 54 72 1 0 7 0.00 M M 3.7 12 330 M M 0 16 340
18 99 58 79 8 0 14 0.00 M M 4.2 14 260 M M 0 21 260
19 95 65 80 8 0 15 0.00 M M 16.4 32 250 M M 0 42 250
20 88 63 76 4 0 11 0.00 M M 15.4 30 260 M M 0 43 260
21 90 61 76 4 0 11 0.00 M M 15.3 45 250 M M 0 8 63 250
22 76 55 66 -6 0 1 0.00 M M 15.3 38 250 M M 1 8 55 250
23 84 48 66 -6 0 1 0.00 M M 7.0 15 350 M M 0 21 350
24 86 52 69 -4 0 4 0.00 M M 7.6 20 40 M M 0 26 30
25 90 50 70 -3 0 5 0.00 M M 5.5 10 40 M M 0 8 15 40
26 96 56 76 3 0 11 0.00 M M 7.5 20 280 M M 0 30 280
27 95 65 80 7 0 15 0.00 M M 13.0 26 270 M M 0 37 270
28 88 60 74 0 0 9 0.00 M M 15.9 30 260 M M 0 8 40 250
29 89 53 71 -3 0 6 0.00 M M 5.7 10 80 M M 0 15 80
30 97 57 77 3 0 12 0.00 M M 6.9 22 260 M M 0 31 260
================================================================================
SM 2674 1695 4 245 0.00 M 273.6 M 3
================================================================================
AV 89.1 56.5 9.1 FASTST M M 0 MAX(MPH)
MISC ----> 45 250 63 250
================================================================================
NOTES:
# LAST OF SEVERAL OCCURRENCES
COLUMN 17 PEAK WIND IN M.P.H.
PRELIMINARY LOCAL CLIMATOLOGICAL DATA (WS FORM: F-6) , PAGE 2
STATION: IMPERIAL CA
MONTH: APRIL
YEAR: 2022
LATITUDE: 32 50 N
LONGITUDE: 115 35 W
[TEMPERATURE DATA] [PRECIPITATION DATA] SYMBOLS USED IN COLUMN 16
AVERAGE MONTHLY: 72.8 TOTAL FOR MONTH: 0.00 1 = FOG OR MIST
DPTR FM NORMAL: 1.9 DPTR FM NORMAL: -0.08 2 = FOG REDUCING VISIBILITY
HIGHEST: 101 ON 9 GRTST 24HR T ON 11-11 TO 1/4 MILE OR LESS
LOWEST: 46 ON 13 3 = THUNDER
SNOW, ICE PELLETS, HAIL 4 = ICE PELLETS
TOTAL MONTH: M 5 = HAIL
GRTST 24HR M ON M 6 = FREEZING RAIN OR DRIZZLE
GRTST DEPTH: M ON M 7 = DUSTSTORM OR SANDSTORM:
VSBY 1/2 MILE OR LESS
8 = SMOKE OR HAZE
[NO. OF DAYS WITH] [WEATHER - DAYS WITH] 9 = BLOWING SNOW
X = TORNADO
MAX 32 OR BELOW: 0 0.01 INCH OR MORE: 0
MAX 90 OR ABOVE: 15 0.10 INCH OR MORE: 0
MIN 32 OR BELOW: 0 0.50 INCH OR MORE: 0
MIN 0 OR BELOW: 0 1.00 INCH OR MORE: 0
[HDD (BASE 65) ]
TOTAL THIS MO. 4 CLEAR (SCALE 0-3) 30
DPTR FM NORMAL -11 PTCLDY (SCALE 4-7) 0
TOTAL FM JUL 1 776 CLOUDY (SCALE 8-10) 0
DPTR FM NORMAL -186
[CDD (BASE 65) ]
TOTAL THIS MO. 245
DPTR FM NORMAL 53 [PRESSURE DATA]
TOTAL FM JAN 1 352 HIGHEST SLP M ON M
DPTR FM NORMAL 61 LOWEST SLP 29.59 ON 9
[REMARKS]
#FINAL-04-22#