000
CXUS53 KEAX 010836
CF6IRK
PRELIMINARY LOCAL CLIMATOLOGICAL DATA (WS FORM: F-6)
STATION: KIRKSVILLE MO
MONTH: DECEMBER
YEAR: 2022
LATITUDE: 40 5 N
LONGITUDE: 92 33 W
TEMPERATURE IN F: :PCPN: SNOW: WIND :SUNSHINE: SKY :PK WND
================================================================================
1 2 3 4 5 6A 6B 7 8 9 10 11 12 13 14 15 16 17 18
12Z AVG MX 2MIN
DY MAX MIN AVG DEP HDD CDD WTR SNW DPTH SPD SPD DIR MIN PSBL S-S WX SPD DR
================================================================================
1 43 13 28 -7 37 0 0.00 M M 10.7 22 180 M M 3 29 160
2 59 30 45 10 20 0 0.00 M M 16.4 28 210 M M 3 40 200
3 32 15 24 -10 41 0 0.00 M M 7.9 26 300 M M 0 36 310
4 45 20 33 -1 32 0 0.00 M M 7.4 14 240 M M 0 21 240
5 50 24 37 3 28 0 0.00 M M 5.3 13 210 M M 4 17 210
6 M 30 M M M M M M M 6.4 5 40 M M 5 4 40
7 52 24 38 5 27 0 0.00 M M 2.7 8 30 M M 2 128 11 30
8 45 36 41 8 24 0 0.14 M M 9.6 17 110 M M 10 18 24 110
9 44 34 39 7 26 0 0.05 M M 6.9 17 270 M M 10 18 29 240
10 39 34 37 5 28 0 0.00 M M 5.5 10 290 M M 10 1 14 290
11 39 27 33 1 32 0 0.00 M M 5.3 9 90 M M 6 1 14 110
12 36 27 32 0 33 0 0.00 M M 12.1 18 100 M M 9 18 26 100
13 47 36 42 11 23 0 1.05 M M 15.7 28 120 M M 10 18 38 120
14 49 33 41 10 24 0 0.00 M M 6.5 14 210 M M 5 12 18 210
15 33 29 31 0 34 0 0.00 M M 13.9 23 260 M M 10 36 230
16 29 21 25 -5 40 0 0.00 M M 14.2 23 260 M M 9 35 270
17 25 15 20 -10 45 0 T M M 12.8 23 290 M M 9 32 300
18 31 9 20 -10 45 0 0.00 M M 5.4 14 300 M M 0 21 290
19 37 16 27 -3 38 0 0.00 M M 7.4 16 120 M M 6 21 120
20 31 14 23 -6 42 0 0.00 M M 7.5 17 10 M M 10 24 360
21 29 13 21 -8 44 0 0.00 M M 8.6 15 120 M M 9 18 20 100
22 28 -11 9 -20 56 0 0.16 M M 16.8 25 290 M M 10 18 39 290
23 1 -11 -5 -34 70 0 0.00 M M 18.9 28 290 M M 3 44 290
24 17 0 9 -19 56 0 0.00 M M 15.5 22 290 M M 0 36 290
25 20 0 10 -18 55 0 0.04 M M 9.6 16 290 M M 3 18 22 280
26 26 0 13 -15 52 0 T M M 9.4 22 360 M M 7 18 30 360
27 34 -2 16 -12 49 0 0.00 M M 11.5 22 190 M M 0 29 220
28 53 33 43 15 22 0 0.00 M M 15.1 24 190 M M 0 38 190
29 66 45 56 29 9 0 0.00 M M 15.8 26 210 M M 2 38 180
30 45 22 34 7 31 0 0.00 M M 5.8 16 260 M M 3 12 24 260
31 48 24 36 9 29 0 0.00 M M 8.5 15 160 M M 7 128 20 180
================================================================================
SM 1133 600 1092 0 1.44 M 315.1 M 165
================================================================================
AV 37.8 19.4 10.2 FASTST M M 5 MAX(MPH)
MISC ----> # 28 210 44 290
================================================================================
NOTES:
# LAST OF SEVERAL OCCURRENCES
COLUMN 17 PEAK WIND IN M.P.H.
PRELIMINARY LOCAL CLIMATOLOGICAL DATA (WS FORM: F-6) , PAGE 2
STATION: KIRKSVILLE MO
MONTH: DECEMBER
YEAR: 2022
LATITUDE: 40 5 N
LONGITUDE: 92 33 W
[TEMPERATURE DATA] [PRECIPITATION DATA] SYMBOLS USED IN COLUMN 16
AVERAGE MONTHLY: 28.6 TOTAL FOR MONTH: 1.44 1 = FOG OR MIST
DPTR FM NORMAL: -2.0 DPTR FM NORMAL: -0.23 2 = FOG REDUCING VISIBILITY
HIGHEST: 66 ON 29 GRTST 24HR 1.05 ON 13-13 TO 1/4 MILE OR LESS
LOWEST: -11 ON 23,22 3 = THUNDER
SNOW, ICE PELLETS, HAIL 4 = ICE PELLETS
TOTAL MONTH: M 5 = HAIL
GRTST 24HR M ON M 6 = FREEZING RAIN OR DRIZZLE
GRTST DEPTH: M ON M 7 = DUSTSTORM OR SANDSTORM:
VSBY 1/2 MILE OR LESS
8 = SMOKE OR HAZE
[NO. OF DAYS WITH] [WEATHER - DAYS WITH] 9 = BLOWING SNOW
X = TORNADO
MAX 32 OR BELOW: 11 0.01 INCH OR MORE: 5
MAX 90 OR ABOVE: 0 0.10 INCH OR MORE: 3
MIN 32 OR BELOW: 24 0.50 INCH OR MORE: 1
MIN 0 OR BELOW: 6 1.00 INCH OR MORE: 1
[HDD (BASE 65) ]
TOTAL THIS MO. 1092 CLEAR (SCALE 0-3) 11
DPTR FM NORMAL 26 PTCLDY (SCALE 4-7) 9
TOTAL FM JUL 1 2280 CLOUDY (SCALE 8-10) 11
DPTR FM NORMAL 31
[CDD (BASE 65) ]
TOTAL THIS MO. 0
DPTR FM NORMAL 0 [PRESSURE DATA]
TOTAL FM JAN 1 1126 HIGHEST SLP 30.59 ON 20
DPTR FM NORMAL 118 LOWEST SLP 29.56 ON 28
[REMARKS]
#FINAL-12-22#