106
CXUS55 KEAX 010736
CF6IXD
PRELIMINARY LOCAL CLIMATOLOGICAL DATA (WS FORM: F-6)
STATION: NEW CENTURY AIR CENTER KS
MONTH: JULY
YEAR: 2020
LATITUDE: 38 49 N
LONGITUDE: 94 54 W
TEMPERATURE IN F: :PCPN: SNOW: WIND :SUNSHINE: SKY :PK WND
================================================================================
1 2 3 4 5 6A 6B 7 8 9 10 11 12 13 14 15 16 17 18
12Z AVG MX 2MIN
DY MAX MIN AVG DEP HDD CDD WTR SNW DPTH SPD SPD DIR MIN PSBL S-S WX SPD DR
================================================================================
1 86 70 78 1 0 13 0.07 M M 8.3 22 350 M M 6 1 32 350
2 90 71 81 4 0 16 0.00 M M 5.4 13 100 M M 1 19 60
3 91 70 81 4 0 16 2.05 M M 6.2 30 290 M M 4 123 45 280
4 86 70 78 1 0 13 T M M 5.5 14 80 M M 4 138 20 70
5 89 71 80 3 0 15 0.00 M M 5.6 10 70 M M 1 18 16 140
6 92 71 82 5 0 17 0.00 M M 3.7 9 150 M M 0 14 110
7 93 70 82 4 0 17 0.00 M M 3.4 9 150 M M 1 18 13 140
8 92 72 82 4 0 17 0.00 M M 7.8 15 140 M M 1 21 130
9 86 67 77 -1 0 12 0.18 M M 10.2 33 160 M M 1 138 46 160
10 90 66 78 0 0 13 0.00 M M 5.0 12 140 M M 0 16 140
11 91 69 80 2 0 15 0.00 M M 7.0 16 190 M M 2 3 21 210
12 86 63 75 -3 0 10 0.00 M M 7.9 17 300 M M 0 24 330
13 91 65 78 0 0 13 0.00 M M 9.0 16 160 M M 0 22 140
14 92 71 82 4 0 17 T M M 9.1 16 130 M M 3 24 120
15 84 69 77 -1 0 12 0.59 M M 8.8 30 270 M M 4 13 40 50
16 85 66 76 -2 0 11 0.00 M M 5.5 14 130 M M 0 19 130
17 94 73 84 5 0 19 0.00 M M 9.3 20 150 M M 0 27 160
18 95 77 86 7 0 21 0.00 M M 13.7 26 190 M M 0 36 190
19 90 73 82 3 0 17 T M M 7.6 25 340 M M 3 33 340
20 81 69 75 -4 0 10 0.21 M M 8.3 29 340 M M 5 13 39 330
21 83 69 76 -3 0 11 0.36 M M 4.1 13 190 M M 6 138 17 110
22 89 66 78 -1 0 13 0.00 M M 2.3 8 350 M M 1 12 12 340
23 93 72 83 4 0 18 0.00 M M 5.6 12 140 M M 1 16 110
24 94 73 84 5 0 19 0.00 M M 7.8 14 160 M M 1 19 110
25 93 74 84 5 0 19 0.00 M M 8.8 16 150 M M 1 23 160
26 95 74 85 6 0 20 T M M 9.0 23 200 M M 2 3 31 210
27 85 72 79 0 0 14 0.55 M M 6.1 18 350 M M 6 1 25 350
28 88 71 80 1 0 15 0.00 M M 6.4 15 190 M M 5 21 110
29 84 71 78 -1 0 13 3.38 M M 6.4 18 130 M M 9 123 26 140
30 77 70 74 -5 0 9 0.61 M M 8.2 18 20 M M 10 1 27 20
31 78 66 72 -7 0 7 0.17 M M 8.3 16 340 M M 5 1 29 40
================================================================================
SM 2743 2171 0 452 8.17 M 220.3 M 83
================================================================================
AV 88.5 70.0 7.1 FASTST M M 3 MAX(MPH)
MISC ----> 33 160 46 160
================================================================================
NOTES:
# LAST OF SEVERAL OCCURRENCES
COLUMN 17 PEAK WIND IN M.P.H.
PRELIMINARY LOCAL CLIMATOLOGICAL DATA (WS FORM: F-6) , PAGE 2
STATION: NEW CENTURY AIR CENTER KS
MONTH: JULY
YEAR: 2020
LATITUDE: 38 49 N
LONGITUDE: 94 54 W
[TEMPERATURE DATA] [PRECIPITATION DATA] SYMBOLS USED IN COLUMN 16
AVERAGE MONTHLY: 79.3 TOTAL FOR MONTH: 8.17 1 = FOG OR MIST
DPTR FM NORMAL: 1.0 DPTR FM NORMAL: 3.86 2 = FOG REDUCING VISIBILITY
HIGHEST: 95 ON 26,18 GRTST 24HR 3.39 ON 29-30 TO 1/4 MILE OR LESS
LOWEST: 63 ON 12 3 = THUNDER
SNOW, ICE PELLETS, HAIL 4 = ICE PELLETS
TOTAL MONTH: M 5 = HAIL
GRTST 24HR M ON M 6 = FREEZING RAIN OR DRIZZLE
GRTST DEPTH: M ON M 7 = DUSTSTORM OR SANDSTORM:
VSBY 1/2 MILE OR LESS
8 = SMOKE OR HAZE
[NO. OF DAYS WITH] [WEATHER - DAYS WITH] 9 = BLOWING SNOW
X = TORNADO
MAX 32 OR BELOW: 0 0.01 INCH OR MORE: 10
MAX 90 OR ABOVE: 16 0.10 INCH OR MORE: 9
MIN 32 OR BELOW: 0 0.50 INCH OR MORE: 5
MIN 0 OR BELOW: 0 1.00 INCH OR MORE: 2
[HDD (BASE 65) ]
TOTAL THIS MO. 0 CLEAR (SCALE 0-3) 20
DPTR FM NORMAL 0 PTCLDY (SCALE 4-7) 9
TOTAL FM JUL 1 0 CLOUDY (SCALE 8-10) 2
DPTR FM NORMAL 0
[CDD (BASE 65) ]
TOTAL THIS MO. 452
DPTR FM NORMAL 40 [PRESSURE DATA]
TOTAL FM JAN 1 909 HIGHEST SLP M ON M
DPTR FM NORMAL 119 LOWEST SLP 29.70 ON 1
[REMARKS]
#FINAL-07-20#