000
CXUS54 KJAN 211727
CF6JAN
PRELIMINARY LOCAL CLIMATOLOGICAL DATA (WS FORM: F-6)
STATION: JACKSON
MONTH: JUNE
YEAR: 2023
LATITUDE: 32 19 N
LONGITUDE: 90 5 W
TEMPERATURE IN F: :PCPN: SNOW: WIND :SUNSHINE: SKY :PK WND
================================================================================
1 2 3 4 5 6A 6B 7 8 9 10 11 12 13 14 15 16 17 18
12Z AVG MX 2MIN
DY MAX MIN AVG DEP HDD CDD WTR SNW DPTH SPD SPD DIR MIN PSBL S-S WX SPD DR
================================================================================
1 87 65 76 -1 0 11 0.00 0.0 0 2.8 12 60 M M 3 15 40
2 91 65 78 1 0 13 0.00 0.0 0 3.0 13 350 M M 2 13 18 340
3 94 66 80 2 0 15 T 0.0 0 2.3 13 100 M M 1 3 17 120
4 95 64 80 2 0 15 0.00 0.0 0 3.7 13 30 M M 2 1 19 80
5 92 65 79 1 0 14 0.16 0.0 0 4.0 21 160 M M 4 138 29 150
6 89 66 78 0 0 13 0.17 0.0 0 2.7 24 360 M M 4 13 35 350
7 90 67 79 1 0 14 0.35 0.0 0 2.7 16 210 M M 2 3 18 210
8 94 66 80 1 0 15 T 0.0 0 2.8 18 20 M M 2 138 25 10
9 92 68 80 1 0 15 0.00 0.0 0 3.9 14 30 M M 2 18 20 340
10 92 69 81 2 0 16 0.06 0.0 0 4.8 21 290 M M 3 13 35 290
11 91 67 79 0 0 14 0.00 0.0 0 7.2 17 250 M M 2 26 220
12 87 71 79 0 0 14 0.24 0.0 0 4.9 22 340 M M 7 13 28 350
13 82 69 76 -4 0 11 0.57 0.0 0 3.4 22 10 M M 6 13 30 360
14 92 74 83 3 0 18 0.45 0.0 0 10.5 26 240 M M 5 13 40 230
15 90 73 82 2 0 17 0.13 0.0 0 7.3 17 270 M M 6 13 25 280
16 92 67 80 0 0 15 0.73 0.0 0 7.0 38 250 M M 5 138 62 270
17 95 73 84 4 0 19 0.04 0.0 0 5.7 14 10 M M 5 13 19 10
18 89 72 81 1 0 16 0.82 0.0 0 9.5 25 270 M M 6 13 36 270
19 91 72 82 2 0 17 0.03 0.0 0 6.9 17 270 M M 4 13 27 260
20 92 70 81 1 0 16 0.00 0.0 0 4.5 10 100 M M 1 16 10
21 90 71 81 0 0 16 0.00 0.0 0 4.8 15 10 M M 2 20 10
22 89 71 80 -1 0 15 0.00 0.0 0 3.4 10 10 M M 4 18 30
23 91 67 79 -2 0 14 0.00 0.0 0 2.4 12 10 M M 1 1 18 20
24 94 67 81 0 0 16 0.00 0.0 0 5.6 13 210 M M 1 17 250
25 94 71 83 2 0 18 1.31 T 0 8.2 45 330 M M 2 135 76 300
26 92 72 82 1 0 17 0.04 0.0 0 6.3 24 240 M M 4 3 41 270
27 93 73 83 2 0 18 0.54 0.0 0 5.9 20 160 M M 5 13 32 320
28 96 72 84 3 0 19 0.00 0.0 0 1.9 9 230 M M 1 15 270
29 99 77 88 7 0 23 0.00 0.0 0 3.7 10 240 M M 3 18 16 240
30 98 76 87 6 0 22 0.00 0.0 0 5.1 26 140 M M 3 138 34 140
================================================================================
SM 2753 2086 0 476 5.64 T 146.9 M 98
================================================================================
AV 91.8 69.5 4.9 FASTST M M 3 MAX(MPH)
MISC ----> 45 330 76 300
================================================================================
NOTES:
# LAST OF SEVERAL OCCURRENCES
COLUMN 17 PEAK WIND IN M.P.H.
PRELIMINARY LOCAL CLIMATOLOGICAL DATA (WS FORM: F-6) , PAGE 2
STATION: JACKSON
MONTH: JUNE
YEAR: 2023
LATITUDE: 32 19 N
LONGITUDE: 90 5 W
[TEMPERATURE DATA] [PRECIPITATION DATA] SYMBOLS USED IN COLUMN 16
AVERAGE MONTHLY: 80.7 TOTAL FOR MONTH: 5.64 1 = FOG OR MIST
DPTR FM NORMAL: 1.1 DPTR FM NORMAL: 1.21 2 = FOG REDUCING VISIBILITY
HIGHEST: 99 ON 29 GRTST 24HR 1.31 ON 25-25 TO 1/4 MILE OR LESS
LOWEST: 64 ON 4 3 = THUNDER
SNOW, ICE PELLETS, HAIL 4 = ICE PELLETS
TOTAL MONTH: T 5 = HAIL
GRTST 24HR T ON 25-25 6 = FREEZING RAIN OR DRIZZLE
GRTST DEPTH: 0 7 = DUSTSTORM OR SANDSTORM:
VSBY 1/2 MILE OR LESS
8 = SMOKE OR HAZE
[NO. OF DAYS WITH] [WEATHER - DAYS WITH] 9 = BLOWING SNOW
X = TORNADO
MAX 32 OR BELOW: 0 0.01 INCH OR MORE: 15
MAX 90 OR ABOVE: 24 0.10 INCH OR MORE: 11
MIN 32 OR BELOW: 0 0.50 INCH OR MORE: 5
MIN 0 OR BELOW: 0 1.00 INCH OR MORE: 1
[HDD (BASE 65) ]
TOTAL THIS MO. 0 CLEAR (SCALE 0-3) 15
DPTR FM NORMAL 0 PTCLDY (SCALE 4-7) 15
TOTAL FM JUL 1 1634 CLOUDY (SCALE 8-10) 0
DPTR FM NORMAL -589
[CDD (BASE 65) ]
TOTAL THIS MO. 476
DPTR FM NORMAL 37 [PRESSURE DATA]
TOTAL FM JAN 1 1023 HIGHEST SLP 30.05 ON 25
DPTR FM NORMAL 189 LOWEST SLP 29.58 ON 14
[REMARKS]
#FINAL-06-23#
USED BACKUP OBSERVATION SITE FOR PRECIP ON JUNE 25 DUE TO EQUIPMENT FAILURE.