000
CXUS54 KJAN 011638
CF6JAN
PRELIMINARY LOCAL CLIMATOLOGICAL DATA (WS FORM: F-6)
STATION: JACKSON
MONTH: AUGUST
YEAR: 2021
LATITUDE: 32 19 N
LONGITUDE: 90 5 W
TEMPERATURE IN F: :PCPN: SNOW: WIND :SUNSHINE: SKY :PK WND
================================================================================
1 2 3 4 5 6A 6B 7 8 9 10 11 12 13 14 15 16 17 18
12Z AVG MX 2MIN
DY MAX MIN AVG DEP HDD CDD WTR SNW DPTH SPD SPD DIR MIN PSBL S-S WX SPD DR
================================================================================
1 96 77 87 5 0 22 0.00 0.0 0 4.4 13 150 M M 3 3 16 300
2 83 73 78 -4 0 13 0.85 0.0 0 4.5 13 60 M M 6 13 17 40
3 87 73 80 -2 0 15 0.00 0.0 0 5.0 14 20 M M 5 1 18 50
4 88 68 78 -4 0 13 0.00 0.0 0 6.0 15 350 M M 0 22 20
5 89 64 77 -5 0 12 0.00 0.0 0 3.8 14 350 M M 2 1 19 350
6 88 71 80 -2 0 15 T 0.0 0 2.0 10 340 M M 5 1 13 340
7 91 67 79 -3 0 14 0.00 0.0 0 1.3 9 360 M M 1 128 13 10
8 92 69 81 -1 0 16 0.00 0.0 0 3.7 12 190 M M 2 18 16 190
9 93 75 84 2 0 19 0.00 0.0 0 4.6 12 170 M M 3 18 170
10 94 74 84 2 0 19 0.00 0.0 0 4.6 10 180 M M M 14 180
11 94 73 84 2 0 19 0.00 0.0 0 4.8 25 150 M M 4 13 33 150
12 93 72 83 1 0 18 0.00 0.0 0 5.2 17 160 M M 3 24 140
13 93 72 83 1 0 18 T 0.0 0 2.4 9 130 M M 3 13 140
14 94 75 85 3 0 20 T 0.0 0 5.2 18 10 M M 4 3 24 10
15 92 73 83 1 0 18 0.00 0.0 0 4.2 21 20 M M 6 3 27 360
16 91 72 82 0 0 17 0.31 0.0 0 3.6 23 10 M M 6 13 32 10
17 93 72 83 1 0 18 0.00 0.0 0 2.8 9 150 M M 3 14 130
18 95 75 85 3 0 20 T 0.0 0 5.4 30 170 M M 4 42 170
19 93 73 83 1 0 18 1.81 0.0 0 5.6 25 230 M M 6 13 37 220
20 89 74 82 0 0 17 0.42 0.0 0 3.8 20 170 M M 5 123 28 210
21 93 74 84 2 0 19 0.00 0.0 0 4.8 12 250 M M 2 17 230
22 96 75 86 4 0 21 0.00 0.0 0 4.1 13 290 M M 2 17 270
23 96 75 86 4 0 21 0.00 0.0 0 3.0 12 340 M M 3 1 17 350
24 96 76 86 5 0 21 0.00 0.0 0 2.3 14 360 M M 2 1 18 340
25 96 74 85 4 0 20 0.03 0.0 0 4.1 20 120 M M 3 3 33 120
26 93 74 84 3 0 19 0.06 0.0 0 4.8 23 160 M M 3 138 31 160
27 91 73 82 1 0 17 T 0.0 0 6.2 17 170 M M 3 24 120
28 93 72 83 2 0 18 0.04 0.0 0 5.2 16 100 M M 2 22 100
29 89 75 82 1 0 17 0.37 0.0 0 10.0 30 120 M M 5 13 38 140
30 77 73 75 -6 0 10 2.58 0.0 0 15.8 28 90 M M 7 1 48 110
31 89 71 80 0 0 15 0.01 0.0 0 7.1 17 270 M M 5 1 26 260
================================================================================
SM 2837 2254 0 539 6.48 0.0 150.3 M 108
================================================================================
AV 91.5 72.7 4.8 FASTST M M 4 MAX(MPH)
MISC ----> # 30 170 48 110
================================================================================
NOTES:
# LAST OF SEVERAL OCCURRENCES
COLUMN 17 PEAK WIND IN M.P.H.
PRELIMINARY LOCAL CLIMATOLOGICAL DATA (WS FORM: F-6) , PAGE 2
STATION: JACKSON
MONTH: AUGUST
YEAR: 2021
LATITUDE: 32 19 N
LONGITUDE: 90 5 W
[TEMPERATURE DATA] [PRECIPITATION DATA] SYMBOLS USED IN COLUMN 16
AVERAGE MONTHLY: 82.1 TOTAL FOR MONTH: 6.48 1 = FOG OR MIST
DPTR FM NORMAL: 0.3 DPTR FM NORMAL: 1.79 2 = FOG REDUCING VISIBILITY
HIGHEST: 96 ON 25,24 GRTST 24HR 2.58 ON 30-30 TO 1/4 MILE OR LESS
LOWEST: 64 ON 5 3 = THUNDER
SNOW, ICE PELLETS, HAIL 4 = ICE PELLETS
TOTAL MONTH: 0.0 INCH 5 = HAIL
GRTST 24HR 0.0 6 = FREEZING RAIN OR DRIZZLE
GRTST DEPTH: 0 7 = DUSTSTORM OR SANDSTORM:
VSBY 1/2 MILE OR LESS
8 = SMOKE OR HAZE
[NO. OF DAYS WITH] [WEATHER - DAYS WITH] 9 = BLOWING SNOW
X = TORNADO
MAX 32 OR BELOW: 0 0.01 INCH OR MORE: 10
MAX 90 OR ABOVE: 22 0.10 INCH OR MORE: 6
MIN 32 OR BELOW: 0 0.50 INCH OR MORE: 3
MIN 0 OR BELOW: 0 1.00 INCH OR MORE: 2
[HDD (BASE 65) ]
TOTAL THIS MO. 0 CLEAR (SCALE 0-3) 15
DPTR FM NORMAL 0 PTCLDY (SCALE 4-7) 15
TOTAL FM JUL 1 0 CLOUDY (SCALE 8-10) 1
DPTR FM NORMAL 0
[CDD (BASE 65) ]
TOTAL THIS MO. 539
DPTR FM NORMAL 17 [PRESSURE DATA]
TOTAL FM JAN 1 1907 HIGHEST SLP 30.18 ON 10
DPTR FM NORMAL 19 LOWEST SLP 29.46 ON 30
[REMARKS]
#FINAL-08-21#