000
CXUS54 KJAN 030408
CF6JAN
PRELIMINARY LOCAL CLIMATOLOGICAL DATA (WS FORM: F-6)
STATION: JACKSON
MONTH: JANUARY
YEAR: 2024
LATITUDE: 32 19 N
LONGITUDE: 90 5 W
TEMPERATURE IN F: :PCPN: SNOW: WIND :SUNSHINE: SKY :PK WND
================================================================================
1 2 3 4 5 6A 6B 7 8 9 10 11 12 13 14 15 16 17 18
12Z AVG MX 2MIN
DY MAX MIN AVG DEP HDD CDD WTR SNW DPTH SPD SPD DIR MIN PSBL S-S WX SPD DR
================================================================================
1 54 35 45 -2 20 0 0.00 0.0 0 8.7 18 360 M M 1 28 30
2 53 25 39 -8 26 0 0.00 0.0 0 3.1 9 10 M M 0 13 10
3 55 30 43 -4 22 0 0.00 0.0 0 3.3 15 30 M M 5 20 20
4 56 26 41 -6 24 0 0.00 0.0 0 5.0 13 360 M M 0 1 19 20
5 54 28 41 -6 24 0 0.62 0.0 0 7.0 18 130 M M 6 1 26 130
6 50 41 46 -1 19 0 0.00 0.0 0 5.9 16 280 M M 10 1 23 280
7 59 34 47 0 18 0 0.00 0.0 0 2.5 9 270 M M 2 1 15 260
8 58 34 46 -1 19 0 1.29 0.0 0 13.8 32 130 M M 7 13 47 120
9 57 35 46 -1 19 0 0.13 0.0 0 12.0 25 260 M M 7 1 39 280
10 57 30 44 -3 21 0 0.00 0.0 0 7.9 14 190 M M 0 21 180
11 70 41 56 9 9 0 0.00 0.0 0 11.2 22 150 M M 4 29 150
12 70 36 53 6 12 0 0.20 0.0 0 16.0 30 180 M M 5 13 44 270
13 55 26 41 -6 24 0 0.00 0.0 0 5.0 10 160 M M 1 15 220
14 50 30 40 -7 25 0 0.00 0.0 0 8.4 14 360 M M 6 18 330
15 34 19 27 -20 38 0 0.09 0.1 0 9.8 18 340 M M 10 1468 27 350
16 27 15 21 -26 44 0 T T T 13.9 20 360 M M 4 1 30 340
17 42 10 26 -21 39 0 0.00 0.0 0 3.4 9 200 M M 0 14 120
18 56 27 42 -5 23 0 0.02 0.0 0 9.9 18 180 M M 9 1 24 170
19 47 26 37 -10 28 0 0.00 0.0 0 12.3 24 10 M M 3 1 31 350
20 36 22 29 -18 36 0 0.00 0.0 0 10.6 17 30 M M 0 25 10
21 46 19 33 -14 32 0 0.00 0.0 0 5.2 10 100 M M 0 8 14 60
22 62 32 47 0 18 0 0.00 0.0 0 10.6 18 140 M M 6 8 28 110
23 65 53 59 12 6 0 0.16 0.0 0 13.4 24 140 M M 10 1 34 150
24 65 62 64 17 1 0 4.04 0.0 0 6.7 23 130 M M 10 13 34 110
25 67 55 61 14 4 0 1.74 0.0 0 5.8 31 210 M M 10 123 43 210
26 65 53 59 12 6 0 0.10 0.0 0 3.9 13 40 M M 10 12 15 40
27 67 49 58 10 7 0 1.09 0.0 0 10.1 21 260 M M 9 18 30 240
28 49 34 42 -6 23 0 0.00 0.0 0 7.2 16 310 M M 7 1 25 300
29 61 31 46 -2 19 0 0.00 0.0 0 2.3 12 340 M M 1 12 19 360
30 74 35 55 7 10 0 0.00 0.0 0 4.2 15 240 M M 0 20 270
31 64 38 51 3 14 0 0.00 0.0 0 3.7 13 20 M M 0 17 350
================================================================================
SM 1725 1031 630 0 9.48 0.1 242.8 M 143
================================================================================
AV 55.6 33.3 7.8 FASTST M M 5 MAX(MPH)
MISC ----> 32 130 47 120
================================================================================
NOTES:
# LAST OF SEVERAL OCCURRENCES
COLUMN 17 PEAK WIND IN M.P.H.
PRELIMINARY LOCAL CLIMATOLOGICAL DATA (WS FORM: F-6) , PAGE 2
STATION: JACKSON
MONTH: JANUARY
YEAR: 2024
LATITUDE: 32 19 N
LONGITUDE: 90 5 W
[TEMPERATURE DATA] [PRECIPITATION DATA] SYMBOLS USED IN COLUMN 16
AVERAGE MONTHLY: 44.5 TOTAL FOR MONTH: 9.48 1 = FOG OR MIST
DPTR FM NORMAL: -2.5 DPTR FM NORMAL: 4.06 2 = FOG REDUCING VISIBILITY
HIGHEST: 74 ON 30 GRTST 24HR 4.04 ON 24-24 TO 1/4 MILE OR LESS
LOWEST: 10 ON 17 3 = THUNDER
SNOW, ICE PELLETS, HAIL 4 = ICE PELLETS
TOTAL MONTH: 0.1 INCH 5 = HAIL
GRTST 24HR 0.1 ON 15-15 6 = FREEZING RAIN OR DRIZZLE
GRTST DEPTH: T 7 = DUSTSTORM OR SANDSTORM:
VSBY 1/2 MILE OR LESS
8 = SMOKE OR HAZE
[NO. OF DAYS WITH] [WEATHER - DAYS WITH] 9 = BLOWING SNOW
X = TORNADO
MAX 32 OR BELOW: 1 0.01 INCH OR MORE: 11
MAX 90 OR ABOVE: 0 0.10 INCH OR MORE: 9
MIN 32 OR BELOW: 16 0.50 INCH OR MORE: 5
MIN 0 OR BELOW: 0 1.00 INCH OR MORE: 4
[HDD (BASE 65) ]
TOTAL THIS MO. 630 CLEAR (SCALE 0-3) 13
DPTR FM NORMAL 68 PTCLDY (SCALE 4-7) 10
TOTAL FM JUL 1 1363 CLOUDY (SCALE 8-10) 8
DPTR FM NORMAL -90
[CDD (BASE 65) ]
TOTAL THIS MO. 0
DPTR FM NORMAL -4 [PRESSURE DATA]
TOTAL FM JAN 1 0 HIGHEST SLP 30.60 ON 21
DPTR FM NORMAL -4 LOWEST SLP 29.45 ON 12
[REMARKS]
#FINAL-01-24#