369
CXUS55 KBOI 011446
CF6JER
PRELIMINARY LOCAL CLIMATOLOGICAL DATA (WS FORM: F-6)
STATION: JEROME ID
MONTH: DECEMBER
YEAR: 2020
LATITUDE: 42 43 N
LONGITUDE: 114 27 W
TEMPERATURE IN F: :PCPN: SNOW: WIND :SUNSHINE: SKY :PK WND
================================================================================
1 2 3 4 5 6A 6B 7 8 9 10 11 12 13 14 15 16 17 18
12Z AVG MX 2MIN
DY MAX MIN AVG DEP HDD CDD WTR SNW DPTH SPD SPD DIR MIN PSBL S-S WX SPD DR
================================================================================
1 37 20 29 -1 36 0 0.00 M M 8.6 17 260 M M 0 22 270
2 40 20 30 0 35 0 0.00 M M 13.7 21 80 M M 0 27 80
3 43 20 32 3 33 0 0.00 M M 15.1 24 80 M M 0 32 70
4 40 20 30 1 35 0 0.00 M M 6.9 15 110 M M 0 18 110
5 48 19 34 5 31 0 0.00 M M 13.0 23 80 M M 0 30 90
6 42 20 31 3 34 0 0.00 M M 10.7 23 80 M M 0 28 80
7 44 18 31 3 34 0 0.00 M M 5.6 12 70 M M 0 14 120
8 48 20 34 6 31 0 0.00 M M 14.1 24 80 M M 0 30 80
9 43 24 34 6 31 0 0.00 M M 12.4 26 80 M M 0 33 80
10 37 22 30 3 35 0 0.00 M M 6.0 14 100 M M 2 1 16 260
11 35 16 26 -1 39 0 0.00 M M 8.7 22 270 M M 4 28 260
12 31 12 22 -5 43 0 0.00 M M 7.6 16 270 M M 0 20 280
13 34 15 25 -2 40 0 0.02 M M 14.7 23 60 M M 5 1 28 60
14 27 24 26 -1 39 0 T M M 8.5 17 60 M M 10 12 23 60
15 34 24 29 3 36 0 0.01 M M 4.4 9 100 M M 10 1 10 50
16 43 29 36 10 29 0 0.00 M M 9.1 21 60 M M 4 26 60
17 39 32 36 10 29 0 0.55 M M 13.4 24 280 M M 7 126 34 280
18 39 28 34 8 31 0 0.00 M M 10.1 18 270 M M 2 25 270
19 43 26 35 9 30 0 0.00 M M 8.0 17 270 M M 2 22 260
20 46 33 40 14 25 0 T M M 4.8 13 260 M M 9 17 260
21 58 36 47 21 18 0 0.00 M M 7.0 16 70 M M 4 20 80
22 46 26 36 10 29 0 0.01 M M 20.0 40 290 M M 2 1 56 280
23 34 21 28 2 37 0 0.00 M M 10.3 21 260 M M 0 27 280
24 37 18 28 2 37 0 0.00 M M 18.9 28 70 M M 0 38 70
25 40 22 31 5 34 0 0.00 M M 19.5 25 80 M M 3 34 70
26 40 32 36 10 29 0 0.04 M M 11.2 23 260 M M 9 16 31 270
27 38 23 31 5 34 0 0.00 M M 10.9 25 80 M M 0 33 70
28 34 20 27 1 38 0 0.00 M M 14.8 30 80 M M 0 1 39 80
29 25 20 23 -3 42 0 T M M 5.3 12 280 M M 9 128 16 290
30 31 16 24 -2 41 0 0.00 M M 15.1 22 50 M M 7 28 60
31 35 26 31 5 34 0 0.00 M M 6.3 23 60 M M 10 29 70
================================================================================
SM 1211 702 1049 0 0.63 M 334.7 M 99
================================================================================
AV 39.1 22.6 10.8 FASTST M M 3 MAX(MPH)
MISC ----> 40 290 56 280
================================================================================
NOTES:
# LAST OF SEVERAL OCCURRENCES
COLUMN 17 PEAK WIND IN M.P.H.
PRELIMINARY LOCAL CLIMATOLOGICAL DATA (WS FORM: F-6) , PAGE 2
STATION: JEROME ID
MONTH: DECEMBER
YEAR: 2020
LATITUDE: 42 43 N
LONGITUDE: 114 27 W
[TEMPERATURE DATA] [PRECIPITATION DATA] SYMBOLS USED IN COLUMN 16
AVERAGE MONTHLY: 30.9 TOTAL FOR MONTH: 0.63 1 = FOG OR MIST
DPTR FM NORMAL: 4.0 DPTR FM NORMAL: -0.86 2 = FOG REDUCING VISIBILITY
HIGHEST: 58 ON 21 GRTST 24HR 0.55 ON 17-17 TO 1/4 MILE OR LESS
LOWEST: 12 ON 12 3 = THUNDER
SNOW, ICE PELLETS, HAIL 4 = ICE PELLETS
TOTAL MONTH: M 5 = HAIL
GRTST 24HR M ON M 6 = FREEZING RAIN OR DRIZZLE
GRTST DEPTH: M ON M 7 = DUSTSTORM OR SANDSTORM:
VSBY 1/2 MILE OR LESS
8 = SMOKE OR HAZE
[NO. OF DAYS WITH] [WEATHER - DAYS WITH] 9 = BLOWING SNOW
X = TORNADO
MAX 32 OR BELOW: 4 0.01 INCH OR MORE: 5
MAX 90 OR ABOVE: 0 0.10 INCH OR MORE: 1
MIN 32 OR BELOW: 29 0.50 INCH OR MORE: 1
MIN 0 OR BELOW: 0 1.00 INCH OR MORE: 0
[HDD (BASE 65) ]
TOTAL THIS MO. 1049 CLEAR (SCALE 0-3) 19
DPTR FM NORMAL -130 PTCLDY (SCALE 4-7) 6
TOTAL FM JUL 1 2325 CLOUDY (SCALE 8-10) 6
DPTR FM NORMAL -404
[CDD (BASE 65) ]
TOTAL THIS MO. 0
DPTR FM NORMAL 0 [PRESSURE DATA]
TOTAL FM JAN 1 852 HIGHEST SLP 30.69 ON 7
DPTR FM NORMAL 342 LOWEST SLP 29.71 ON 22
[REMARKS]
#FINAL-12-20#