000
CXUS53 KSGF 010810
CF6JLN
PRELIMINARY LOCAL CLIMATOLOGICAL DATA (WS FORM: F-6)
STATION: JOPLIN MO
MONTH: NOVEMBER
YEAR: 2022
LATITUDE: 37 10 N
LONGITUDE: 94 30 W
TEMPERATURE IN F: :PCPN: SNOW: WIND :SUNSHINE: SKY :PK WND
================================================================================
1 2 3 4 5 6A 6B 7 8 9 10 11 12 13 14 15 16 17 18
12Z AVG MX 2MIN
DY MAX MIN AVG DEP HDD CDD WTR SNW DPTH SPD SPD DIR MIN PSBL S-S WX SPD DR
================================================================================
1 78 46 62 9 3 0 0.00 M M 6.5 16 180 M M 0 20 170
2 77 52 65 12 0 0 0.00 M M 11.5 25 190 M M 1 41 190
3 79 59 69 16 0 4 0.00 M M 17.6 37 200 M M 6 47 210
4 81 43 62 10 3 0 0.32 M M 17.2 39 190 M M 9 1 52 190
5 59 40 50 -2 15 0 0.01 M M 14.6 25 210 M M 4 1 37 210
6 73 47 60 9 5 0 0.00 M M 7.8 18 190 M M 1 33 200
7 66 50 58 7 7 0 0.00 M M 8.0 18 80 M M 3 28 70
8 68 54 61 10 4 0 0.14 M M 6.1 13 140 M M 7 1 18 130
9 81 62 72 22 0 7 0.00 M M 11.9 31 200 M M 3 42 190
10 78 44 61 11 4 0 0.13 M M 15.1 30 200 M M 6 13 44 190
11 44 33 39 -10 26 0 0.64 M M 14.6 20 330 M M 7 13 40 350
12 37 24 31 -18 34 0 0.00 M M 8.3 17 340 M M 2 22 310
13 46 19 33 -16 32 0 0.00 M M 5.0 12 140 M M 1 17 140
14 42 28 35 -13 30 0 0.04 M M 6.3 13 150 M M 8 1 18 130
15 41 25 33 -15 32 0 0.00 M M 7.8 16 300 M M 7 18 20 310
16 38 21 30 -18 35 0 0.00 M M 8.8 20 280 M M 1 34 300
17 50 20 35 -12 30 0 T M M 10.4 21 340 M M 4 43 340
18 35 20 28 -19 37 0 0.00 M M 10.3 18 340 M M 6 32 340
19 42 19 31 -15 34 0 0.00 M M 9.4 20 270 M M 1 32 280
20 46 17 32 -14 33 0 0.00 M M 6.1 13 210 M M 0 16 210
21 56 29 43 -3 22 0 0.00 M M 10.7 21 210 M M 0 36 210
22 60 33 47 2 18 0 0.00 M M 8.5 17 210 M M 0 22 210
23 60 38 49 4 16 0 0.02 M M 8.1 22 190 M M 6 1 35 200
24 52 49 51 7 14 0 0.55 M M 5.0 14 180 M M 10 1 20 180
25 55 33 44 0 21 0 0.00 M M 6.7 15 360 M M 3 1 20 350
26 53 32 43 -1 22 0 1.04 M M 6.5 15 80 M M 6 1 20 70
27 49 32 41 -2 24 0 0.24 M M 8.2 17 340 M M 8 1 22 350
28 60 30 45 2 20 0 0.00 M M 8.9 21 180 M M 1 1 37 190
29 68 30 49 6 16 0 T M M M M 190 M M 5 M M
30 39 20 30 -12 35 0 0.00 M M 5.1 20 320 M M 0 28 330
================================================================================
SM 1713 1049 572 11 3.13 M 271.0 M 116
================================================================================
AV 57.1 35.0 9.3 FASTST M M 4 MAX(MPH)
MISC ----> 39 190 52 190
================================================================================
NOTES:
# LAST OF SEVERAL OCCURRENCES
COLUMN 17 PEAK WIND IN M.P.H.
PRELIMINARY LOCAL CLIMATOLOGICAL DATA (WS FORM: F-6) , PAGE 2
STATION: JOPLIN MO
MONTH: NOVEMBER
YEAR: 2022
LATITUDE: 37 10 N
LONGITUDE: 94 30 W
[TEMPERATURE DATA] [PRECIPITATION DATA] SYMBOLS USED IN COLUMN 16
AVERAGE MONTHLY: 46.0 TOTAL FOR MONTH: 3.13 1 = FOG OR MIST
DPTR FM NORMAL: -1.8 DPTR FM NORMAL: -0.20 2 = FOG REDUCING VISIBILITY
HIGHEST: 81 ON 9, 4 GRTST 24HR 1.28 ON 26-27 TO 1/4 MILE OR LESS
LOWEST: 17 ON 20 3 = THUNDER
SNOW, ICE PELLETS, HAIL 4 = ICE PELLETS
TOTAL MONTH: M 5 = HAIL
GRTST 24HR M ON M 6 = FREEZING RAIN OR DRIZZLE
GRTST DEPTH: M ON M 7 = DUSTSTORM OR SANDSTORM:
VSBY 1/2 MILE OR LESS
8 = SMOKE OR HAZE
[NO. OF DAYS WITH] [WEATHER - DAYS WITH] 9 = BLOWING SNOW
X = TORNADO
MAX 32 OR BELOW: 0 0.01 INCH OR MORE: 10
MAX 90 OR ABOVE: 0 0.10 INCH OR MORE: 7
MIN 32 OR BELOW: 15 0.50 INCH OR MORE: 3
MIN 0 OR BELOW: 0 1.00 INCH OR MORE: 1
[HDD (BASE 65) ]
TOTAL THIS MO. 572 CLEAR (SCALE 0-3) 15
DPTR FM NORMAL 49 PTCLDY (SCALE 4-7) 13
TOTAL FM JUL 1 768 CLOUDY (SCALE 8-10) 2
DPTR FM NORMAL -17
[CDD (BASE 65) ]
TOTAL THIS MO. 11
DPTR FM NORMAL 6 [PRESSURE DATA]
TOTAL FM JAN 1 2112 HIGHEST SLP M ON M
DPTR FM NORMAL 462 LOWEST SLP 29.46 ON 27
[REMARKS]
#FINAL-11-22#