000
CXHW50 PHFO 011250
CF6JRF
PRELIMINARY LOCAL CLIMATOLOGICAL DATA (WS FORM: F-6)
STATION: KALAELOA ARPT/OAHU HI
MONTH: SEPTEMBER
YEAR: 2023
LATITUDE: 21 19 N
LONGITUDE: 158 4 W
TEMPERATURE IN F: :PCPN: SNOW: WIND :SUNSHINE: SKY :PK WND
================================================================================
1 2 3 4 5 6A 6B 7 8 9 10 11 12 13 14 15 16 17 18
12Z AVG MX 2MIN
DY MAX MIN AVG DEP HDD CDD WTR SNW DPTH SPD SPD DIR MIN PSBL S-S WX SPD DR
================================================================================
1 89 75 82 1 0 17 T M M 8.7 18 110 M M 5 27 110
2 90 75 83 2 0 18 0.00 M M 6.5 16 40 M M 3 26 50
3 90 73 82 1 0 17 0.00 M M 6.5 15 40 M M 2 26 80
4 86 69 78 -3 0 13 0.00 M M 5.6 15 150 M M 0 19 160
5 87 68 78 -3 0 13 0.00 M M 6.2 17 150 M M 0 22 140
6 89 68 79 -2 0 14 0.00 M M 6.5 15 280 M M 1 23 270
7 89 70 80 -1 0 15 0.00 M M 6.9 18 130 M M 2 24 80
8 91 71 81 0 0 16 0.00 M M 6.5 20 130 M M 2 26 130
9 88 73 81 0 0 16 0.03 M M 6.5 16 50 M M 5 8 28 50
10 89 72 81 0 0 16 T M M 7.8 16 30 M M 2 31 50
11 90 75 83 2 0 18 T M M 8.9 17 90 M M 5 29 90
12 90 74 82 1 0 17 0.00 M M 6.9 16 50 M M 3 26 10
13 87 73 80 -1 0 15 T M M 7.4 17 140 M M 5 24 40
14 88 73 81 0 0 16 0.02 M M 6.7 15 50 M M 7 1 26 50
15 87 72 80 -1 0 15 T M M 5.6 12 220 M M 5 1 18 60
16 92 74 83 2 0 18 0.01 M M 6.5 16 120 M M 4 1 24 130
17 90 71 81 0 0 16 T M M 7.8 17 120 M M 3 26 110
18 89 73 81 0 0 16 T M M 7.4 17 80 M M 2 27 80
19 92 73 83 2 0 18 0.00 M M 7.5 16 90 M M 1 27 100
20 91 73 82 2 0 17 T M M 7.4 16 30 M M 2 26 60
21 89 74 82 2 0 17 0.01 M M 7.2 18 30 M M 3 29 40
22 89 71 80 0 0 15 0.01 M M 7.2 16 60 M M 2 1 30 70
23 89 73 81 1 0 16 T M M 7.9 16 40 M M 1 28 40
24 89 73 81 1 0 16 T M M 7.1 16 50 M M 2 25 70
25 89 71 80 0 0 15 0.00 M M 7.1 14 50 M M 2 26 90
26 89 71 80 0 0 15 T M M 6.9 17 100 M M 2 27 80
27 87 72 80 0 0 15 T M M 7.5 18 90 M M 6 30 80
28 91 74 83 3 0 18 T M M 5.4 15 30 M M 3 25 70
29 90 73 82 2 0 17 0.00 M M 6.9 14 40 M M 3 24 10
30 90 77 84 4 0 19 0.00 M M 8.5 17 100 M M 1 8 28 120
================================================================================
SM 2676 2174 0 484 0.08 M 211.5 M 84
================================================================================
AV 89.2 72.5 7.0 FASTST M M 3 MAX(MPH)
MISC ----> 20 130 31 50
================================================================================
NOTES:
# LAST OF SEVERAL OCCURRENCES
COLUMN 17 PEAK WIND IN M.P.H.
PRELIMINARY LOCAL CLIMATOLOGICAL DATA (WS FORM: F-6) , PAGE 2
STATION: KALAELOA ARPT/OAHU HI
MONTH: SEPTEMBER
YEAR: 2023
LATITUDE: 21 19 N
LONGITUDE: 158 4 W
[TEMPERATURE DATA] [PRECIPITATION DATA] SYMBOLS USED IN COLUMN 16
AVERAGE MONTHLY: 80.8 TOTAL FOR MONTH: 0.08 1 = FOG OR MIST
DPTR FM NORMAL: 0.1 DPTR FM NORMAL: -0.59 2 = FOG REDUCING VISIBILITY
HIGHEST: 92 ON 19,16 GRTST 24HR 0.03 ON 9- 9 TO 1/4 MILE OR LESS
LOWEST: 68 ON 6, 5 3 = THUNDER
SNOW, ICE PELLETS, HAIL 4 = ICE PELLETS
TOTAL MONTH: M 5 = HAIL
GRTST 24HR M ON M 6 = FREEZING RAIN OR DRIZZLE
GRTST DEPTH: M ON M 7 = DUSTSTORM OR SANDSTORM:
VSBY 1/2 MILE OR LESS
8 = SMOKE OR HAZE
[NO. OF DAYS WITH] [WEATHER - DAYS WITH] 9 = BLOWING SNOW
X = TORNADO
MAX 32 OR BELOW: 0 0.01 INCH OR MORE: 5
MAX 90 OR ABOVE: 12 0.10 INCH OR MORE: 0
MIN 32 OR BELOW: 0 0.50 INCH OR MORE: 0
MIN 0 OR BELOW: 0 1.00 INCH OR MORE: 0
[HDD (BASE 65) ]
TOTAL THIS MO. 0 CLEAR (SCALE 0-3) 20
DPTR FM NORMAL 0 PTCLDY (SCALE 4-7) 10
TOTAL FM JUL 1 0 CLOUDY (SCALE 8-10) 0
DPTR FM NORMAL 0
[CDD (BASE 65) ]
TOTAL THIS MO. 484
DPTR FM NORMAL 14 [PRESSURE DATA]
TOTAL FM JAN 1 3532 HIGHEST SLP 30.13 ON 27
DPTR FM NORMAL 232 LOWEST SLP 29.94 ON 19
[REMARKS]
#FINAL-09-23#