000
CXUS52 TJSJ 010440
CF6JSJ
PRELIMINARY LOCAL CLIMATOLOGICAL DATA (WS FORM: F-6)
STATION: SAN JUAN AREA/PR
MONTH: JUNE
YEAR: 2023
LATITUDE: 18 25 N
LONGITUDE: 66 0 W
TEMPERATURE IN F: :PCPN: SNOW: WIND :SUNSHINE: SKY :PK WND
================================================================================
1 2 3 4 5 6A 6B 7 8 9 10 11 12 13 14 15 16 17 18
12Z AVG MX 2MIN
DY MAX MIN AVG DEP HDD CDD WTR SNW DPTH SPD SPD DIR MIN PSBL S-S WX SPD DR
================================================================================
1 93 78 86 4 0 21 T M M 6.5 18 140 M M 4 25 130
2 92 81 87 4 0 22 0.00 M M 8.3 15 130 M M 3 23 160
3 93 82 88 5 0 23 T M M 9.6 20 180 M M 4 28 180
4 94 82 88 5 0 23 0.00 M M 9.4 18 150 M M 4 25 160
5 94 82 88 5 0 23 T M M 7.8 16 160 M M 2 24 170
6 95 78 87 4 0 22 T M M 6.3 15 120 M M 3 21 170
7 94 78 86 3 0 21 0.00 M M 7.4 15 120 M M 2 21 120
8 95 79 87 4 0 22 T M M 8.5 18 150 M M 3 25 170
9 95 80 88 5 0 23 0.01 M M 8.1 18 90 M M 3 1 24 130
10 94 81 88 5 0 23 0.01 M M 10.8 25 80 M M 4 32 80
11 93 79 86 3 0 21 T M M 12.6 24 70 M M 3 29 70
12 91 79 85 2 0 20 0.19 M M 12.6 24 70 M M 5 28 70
13 92 78 85 2 0 20 0.05 M M 9.5 25 90 M M 5 32 80
14 95 80 88 5 0 23 T M M 9.8 17 130 M M 3 22 130
15 95 80 88 5 0 23 0.00 M M 12.9 25 90 M M 3 29 90
16 93 79 86 3 0 21 T M M 12.5 25 70 M M 3 30 70
17 90 78 84 1 0 19 0.01 M M 12.6 25 60 M M 4 30 80
18 91 79 85 2 0 20 0.40 M M 7.5 20 60 M M 5 26 100
19 91 78 85 2 0 20 T M M 7.9 22 70 M M 4 28 80
20 92 78 85 2 0 20 T M M 8.5 24 70 M M 3 28 60
21 93 80 87 4 0 22 0.26 M M 12.2 25 60 M M 4 13 31 60
22 90 81 86 3 0 21 T M M 13.5 23 60 M M 3 29 70
23 90 77 84 1 0 19 0.40 M M 11.1 23 80 M M 4 1 29 70
24 89 77 83 0 0 18 0.17 M M 10.5 23 80 M M 4 1 27 70
25 89 79 84 1 0 19 0.11 M M 8.6 22 70 M M 4 28 70
26 89 79 84 1 0 19 0.04 M M 6.7 21 70 M M 4 1 25 60
27 90 79 85 2 0 20 0.01 M M 7.8 20 50 M M 4 3 24 50
28 91 78 85 2 0 20 0.60 M M 4.7 16 60 M M 5 3 20 60
29 86 76 81 -2 0 16 0.04 M M 4.6 14 110 M M 6 13 18 130
30 93 79 86 3 0 21 T M M 6.1 17 160 M M 4 23 150
================================================================================
SM 2762 2374 0 625 2.30 M 274.9 M 112
================================================================================
AV 92.1 79.1 9.2 FASTST M M 4 MAX(MPH)
MISC ----> # 25 80 # 32 80
================================================================================
NOTES:
# LAST OF SEVERAL OCCURRENCES
COLUMN 17 PEAK WIND IN M.P.H.
PRELIMINARY LOCAL CLIMATOLOGICAL DATA (WS FORM: F-6) , PAGE 2
STATION: SAN JUAN AREA/PR
MONTH: JUNE
YEAR: 2023
LATITUDE: 18 25 N
LONGITUDE: 66 0 W
[TEMPERATURE DATA] [PRECIPITATION DATA] SYMBOLS USED IN COLUMN 16
AVERAGE MONTHLY: 85.6 TOTAL FOR MONTH: 2.30 1 = FOG OR MIST
DPTR FM NORMAL: 2.5 DPTR FM NORMAL: -2.36 2 = FOG REDUCING VISIBILITY
HIGHEST: 95 ON 15,14 GRTST 24HR 0.63 ON 28-29 TO 1/4 MILE OR LESS
LOWEST: 76 ON 29 3 = THUNDER
SNOW, ICE PELLETS, HAIL 4 = ICE PELLETS
TOTAL MONTH: M 5 = HAIL
GRTST 24HR M ON M 6 = FREEZING RAIN OR DRIZZLE
GRTST DEPTH: M ON M 7 = DUSTSTORM OR SANDSTORM:
VSBY 1/2 MILE OR LESS
8 = SMOKE OR HAZE
[NO. OF DAYS WITH] [WEATHER - DAYS WITH] 9 = BLOWING SNOW
X = TORNADO
MAX 32 OR BELOW: 0 0.01 INCH OR MORE: 14
MAX 90 OR ABOVE: 26 0.10 INCH OR MORE: 7
MIN 32 OR BELOW: 0 0.50 INCH OR MORE: 1
MIN 0 OR BELOW: 0 1.00 INCH OR MORE: 0
[HDD (BASE 65) ]
TOTAL THIS MO. 0 CLEAR (SCALE 0-3) 7
DPTR FM NORMAL 0 PTCLDY (SCALE 4-7) 23
TOTAL FM JUL 1 0 CLOUDY (SCALE 8-10) 0
DPTR FM NORMAL 0
[CDD (BASE 65) ]
TOTAL THIS MO. 625
DPTR FM NORMAL 82 [PRESSURE DATA]
TOTAL FM JAN 1 2837 HIGHEST SLP M ON M
DPTR FM NORMAL 161 LOWEST SLP 29.80 ON 3
[REMARKS]
#FINAL-06-23#