000
CXUS52 KTBW 031028
CF6LAL
PRELIMINARY LOCAL CLIMATOLOGICAL DATA (WS FORM: F-6)
STATION: LAKELAND LINDER
MONTH: FEBRUARY
YEAR: 2023
LATITUDE: 28 0 N
LONGITUDE: 82 3 W
TEMPERATURE IN F: :PCPN: SNOW: WIND :SUNSHINE: SKY :PK WND
================================================================================
1 2 3 4 5 6A 6B 7 8 9 10 11 12 13 14 15 16 17 18
12Z AVG MX 2MIN
DY MAX MIN AVG DEP HDD CDD WTR SNW DPTH SPD SPD DIR MIN PSBL S-S WX SPD DR
================================================================================
1 85 59 72 10 0 7 0.00 0.0 0 2.0 9 210 M M 5 1 M M
2 85 59 72 10 0 7 0.00 0.0 0 2.7 9 270 M M 2 12 M M
3 82 59 71 9 0 6 0.23 0.0 0 9.3 28 280 M M 7 1 30 360
4 75 50 63 1 2 0 0.00 0.0 0 12.6 18 90 M M 1 29 90
5 76 56 66 4 0 1 0.00 0.0 0 5.2 12 50 M M 5 M M
6 77 55 66 4 0 1 0.00 0.0 0 5.6 13 60 M M 1 15 30
7 79 55 67 4 0 2 0.00 0.0 0 8.2 16 120 M M 0 20 110
8 81 58 70 7 0 5 0.00 0.0 0 7.0 13 90 M M 0 17 70
9 85 61 73 10 0 8 0.00 0.0 0 6.3 12 150 M M 5 18 150
10 85 66 76 13 0 11 0.00 0.0 0 6.8 15 170 M M 5 22 170
11 84 66 75 12 0 10 0.00 0.0 0 9.4 23 220 M M 6 28 240
12 82 58 70 7 0 5 0.17 0.0 0 13.6 21 270 M M 9 32 260
13 71 46 59 -4 6 0 0.01 0.0 0 4.8 12 320 M M 0 18 330
14 78 44 61 -2 4 0 0.00 0.0 0 3.7 13 140 M M 0 M M
15 82 55 69 6 0 4 0.00 0.0 0 4.9 13 160 M M 1 25 150
16 83 59 71 7 0 6 0.00 0.0 0 5.8 14 190 M M 2 21 190
17 88 63 76 12 0 11 0.00 0.0 0 7.4 17 270 M M 5 1 21 250
18 86 52 69 5 0 4 0.05 0.0 0 11.8 17 90 M M 2 22 70
19 84 55 70 6 0 5 0.00 0.0 0 4.6 12 270 M M 4 16 270
20 83 55 69 5 0 4 0.00 0.0 0 3.7 14 240 M M 2 12 21 270
21 84 63 74 10 0 9 0.00 0.0 0 6.2 13 270 M M 4 1 18 290
22 87 60 74 10 0 9 0.00 0.0 0 4.7 15 200 M M 4 12 21 160
23 89 66 78 14 0 13 0.00 0.0 0 4.4 10 250 M M 3 1 M M
24 87 62 75 11 0 10 0.00 0.0 0 1.8 8 90 M M 4 12 M M
25 90 66 78 13 0 13 0.00 0.0 0 3.5 10 320 M M 3 M M
26 88 58 73 8 0 8 0.00 0.0 0 3.3 12 270 M M 1 12 21 330
27 84 56 70 5 0 5 0.00 0.0 0 5.8 18 230 M M 5 12 24 270
28 85 70 78 13 0 13 0.00 0.0 0 7.3 14 260 M M 5 1 22 270
================================================================================
SM 2325 1632 12 177 0.46 0.0 172.4 M 91
================================================================================
AV 83.0 58.3 6.2 FASTST M M 3 MAX(MPH)
MISC ----> 28 280 32 260
================================================================================
NOTES:
# LAST OF SEVERAL OCCURRENCES
COLUMN 17 PEAK WIND IN M.P.H.
PRELIMINARY LOCAL CLIMATOLOGICAL DATA (WS FORM: F-6) , PAGE 2
STATION: LAKELAND LINDER
MONTH: FEBRUARY
YEAR: 2023
LATITUDE: 28 0 N
LONGITUDE: 82 3 W
[TEMPERATURE DATA] [PRECIPITATION DATA] SYMBOLS USED IN COLUMN 16
AVERAGE MONTHLY: 70.7 TOTAL FOR MONTH: 0.46 1 = FOG OR MIST
DPTR FM NORMAL: 5.7 DPTR FM NORMAL: -1.87 2 = FOG REDUCING VISIBILITY
HIGHEST: 90 ON 25 GRTST 24HR 0.23 ON 3- 3 TO 1/4 MILE OR LESS
LOWEST: 44 ON 14 3 = THUNDER
SNOW, ICE PELLETS, HAIL 4 = ICE PELLETS
TOTAL MONTH: 0.0 INCH 5 = HAIL
GRTST 24HR 0.0 6 = FREEZING RAIN OR DRIZZLE
GRTST DEPTH: 0 7 = DUSTSTORM OR SANDSTORM:
VSBY 1/2 MILE OR LESS
8 = SMOKE OR HAZE
[NO. OF DAYS WITH] [WEATHER - DAYS WITH] 9 = BLOWING SNOW
X = TORNADO
MAX 32 OR BELOW: 0 0.01 INCH OR MORE: 4
MAX 90 OR ABOVE: 1 0.10 INCH OR MORE: 2
MIN 32 OR BELOW: 0 0.50 INCH OR MORE: 0
MIN 0 OR BELOW: 0 1.00 INCH OR MORE: 0
[HDD (BASE 65) ]
TOTAL THIS MO. 12 CLEAR (SCALE 0-3) 14
DPTR FM NORMAL -72 PTCLDY (SCALE 4-7) 13
TOTAL FM JUL 1 235 CLOUDY (SCALE 8-10) 1
DPTR FM NORMAL -193
[CDD (BASE 65) ]
TOTAL THIS MO. 177
DPTR FM NORMAL 101 [PRESSURE DATA]
TOTAL FM JAN 1 293 HIGHEST SLP M ON M
DPTR FM NORMAL 173 LOWEST SLP M ON M
[REMARKS]
#FINAL-02-23#