000
CXUS53 KGRR 010910
CF6LAN
PRELIMINARY LOCAL CLIMATOLOGICAL DATA (WS FORM: F-6)
STATION: LANSING
MONTH: AUGUST
YEAR: 2021
LATITUDE: 42 46 N
LONGITUDE: 84 36 W
TEMPERATURE IN F: :PCPN: SNOW: WIND :SUNSHINE: SKY :PK WND
================================================================================
1 2 3 4 5 6A 6B 7 8 9 10 11 12 13 14 15 16 17 18
12Z AVG MX 2MIN
DY MAX MIN AVG DEP HDD CDD WTR SNW DPTH SPD SPD DIR MIN PSBL S-S WX SPD DR
================================================================================
1 75 55 65 -7 0 0 0.17 0.0 0 6.3 21 50 M M 5 18 35 30
2 78 51 65 -7 0 0 0.00 0.0 0 3.0 12 280 M M 2 1 16 280
3 81 55 68 -3 0 3 0.00 0.0 0 1.8 10 340 M M 2 14 320
4 84 58 71 0 0 6 0.00 0.0 0 1.7 8 300 M M 0 12 300
5 86 59 73 2 0 8 0.00 0.0 0 4.7 13 260 M M 1 18 21 270
6 87 64 76 5 0 11 0.05 0.0 0 8.7 22 220 M M 3 1 29 220
7 89 66 78 7 0 13 0.00 0.0 0 5.7 10 260 M M 3 18 17 250
8 89 75 82 11 0 17 0.00 0.0 0 10.1 18 170 M M 2 8 26 210
9 88 73 81 10 0 16 0.00 0.0 0 11.2 22 200 M M 3 8 32 210
10 89 74 82 11 0 17 0.38 0.0 0 11.5 46 270 M M 5 13 59 270
11 88 70 79 8 0 14 0.78 0.0 0 10.1 28 250 M M 2 13 40 260
12 88 70 79 8 0 14 2.94 0.0 0 10.6 22 170 M M 4 13 28 160
13 85 62 74 3 0 9 0.00 0.0 0 6.8 15 270 M M 2 21 310
14 79 56 68 -2 0 3 0.00 0.0 0 3.1 10 10 M M 0 16 360
15 81 56 69 -1 0 4 0.00 0.0 0 2.7 10 60 M M 0 16 40
16 79 57 68 -2 0 3 0.00 0.0 0 3.4 10 130 M M 2 14 90
17 85 60 73 3 0 8 0.00 0.0 0 1.6 8 160 M M 3 128 13 160
18 87 65 76 6 0 11 0.00 0.0 0 2.0 9 70 M M 0 18 13 50
19 89 65 77 7 0 12 0.00 0.0 0 1.3 8 280 M M 0 18 11 310
20 89 66 78 8 0 13 0.00 0.0 0 1.4 8 20 M M 0 18 11 20
21 89 66 78 8 0 13 0.00 0.0 0 3.7 13 250 M M 1 18 19 240
22 87 70 79 9 0 14 0.05 0.0 0 3.3 14 310 M M 3 18 18 320
23 86 65 76 7 0 11 0.00 0.0 0 5.6 15 280 M M 1 1 21 290
24 91 68 80 11 0 15 0.51 0.0 0 4.3 25 320 M M 4 13 34 310
25 90 70 80 11 0 15 T 0.0 0 7.3 14 230 M M 2 19 230
26 89 72 81 12 0 16 0.00 0.0 0 3.6 12 320 M M 1 18 16 310
27 89 73 81 12 0 16 0.00 0.0 M 5.3 13 180 M M 5 138 17 130
28 92 73 83 15 0 18 0.00 0.0 0 7.6 17 240 M M 1 138 23 250
29 91 73 82 14 0 17 0.24 0.0 0 11.1 32 280 M M 2 138 42 290
30 84 64 74 6 0 9 0.00 0.0 0 5.3 13 280 M M 2 1 19 280
31 80 58 69 1 0 4 0.00 0.0 0 5.0 14 30 M M 1 19 40
================================================================================
SM 2664 2009 0 330 5.12 0.0 169.8 M 62
================================================================================
AV 85.9 64.8 5.5 FASTST M M 2 MAX(MPH)
MISC ----> 46 270 59 270
================================================================================
NOTES:
# LAST OF SEVERAL OCCURRENCES
COLUMN 17 PEAK WIND IN M.P.H.
PRELIMINARY LOCAL CLIMATOLOGICAL DATA (WS FORM: F-6) , PAGE 2
STATION: LANSING
MONTH: AUGUST
YEAR: 2021
LATITUDE: 42 46 N
LONGITUDE: 84 36 W
[TEMPERATURE DATA] [PRECIPITATION DATA] SYMBOLS USED IN COLUMN 16
AVERAGE MONTHLY: 75.4 TOTAL FOR MONTH: 5.12 1 = FOG OR MIST
DPTR FM NORMAL: 5.4 DPTR FM NORMAL: 1.64 2 = FOG REDUCING VISIBILITY
HIGHEST: 92 ON 28 GRTST 24HR 3.72 ON 11-12 TO 1/4 MILE OR LESS
LOWEST: 51 ON 2 3 = THUNDER
SNOW, ICE PELLETS, HAIL 4 = ICE PELLETS
TOTAL MONTH: 0.0 INCH 5 = HAIL
GRTST 24HR 0.0 6 = FREEZING RAIN OR DRIZZLE
GRTST DEPTH: 0 7 = DUSTSTORM OR SANDSTORM:
VSBY 1/2 MILE OR LESS
8 = SMOKE OR HAZE
[NO. OF DAYS WITH] [WEATHER - DAYS WITH] 9 = BLOWING SNOW
X = TORNADO
MAX 32 OR BELOW: 0 0.01 INCH OR MORE: 8
MAX 90 OR ABOVE: 4 0.10 INCH OR MORE: 6
MIN 32 OR BELOW: 0 0.50 INCH OR MORE: 3
MIN 0 OR BELOW: 0 1.00 INCH OR MORE: 1
[HDD (BASE 65) ]
TOTAL THIS MO. 0 CLEAR (SCALE 0-3) 25
DPTR FM NORMAL -20 PTCLDY (SCALE 4-7) 6
TOTAL FM JUL 1 0 CLOUDY (SCALE 8-10) 0
DPTR FM NORMAL -28
[CDD (BASE 65) ]
TOTAL THIS MO. 330
DPTR FM NORMAL 153 [PRESSURE DATA]
TOTAL FM JAN 1 861 HIGHEST SLP 30.29 ON 15
DPTR FM NORMAL 278 LOWEST SLP 29.75 ON 11
[REMARKS]
#FINAL-08-21#