000
CXUS55 KVEF 020948
CLMLAS
CLIMATE REPORT
NATIONAL WEATHER SERVICE LAS VEGAS, NV
148 AM PST TUE JAN 02 2024
...................................
...THE LAS VEGAS NV CLIMATE SUMMARY FOR THE MONTH OF DECEMBER 2023...
CLIMATE NORMAL PERIOD: 1991 TO 2020
CLIMATE RECORD PERIOD: 1937 TO 2024
WEATHER OBSERVED NORMAL DEPART LAST YEAR`S
VALUE DATE(S) VALUE FROM VALUE DATE(S)
NORMAL
................................................................
TEMPERATURE (F)
RECORD
HIGH 78 12/02/1940
LOW 11 12/23/1990
HIGHEST 72 12/05 69 12/04
LOWEST 37 12/10 30 12/17
AVG. MAXIMUM 62.5 56.9 5.6 57.8
AVG. MINIMUM 43.8 39.6 4.2 39.7
MEAN 53.2 48.2 5.0 48.8
DAYS MAX >= 90 0 0.0 0.0 0
DAYS MAX <= 32 0 0.0 0.0 0
DAYS MIN <= 32 0 4.6 -4.6 4
DAYS MIN <= 0 0 0.0 0.0 0
PRECIPITATION (INCHES)
RECORD
MAXIMUM 2.10 2004
MINIMUM 0.00 2017
TOTALS 0.06 0.45 -0.39 0.07
DAILY AVG. 0.00 0.01 -0.01 0.00
DAYS >= .01 1 3.0 -2.0 1
DAYS >= .10 0 1.1 -1.1 0
DAYS >= .50 0 0.2 -0.2 0
DAYS >= 1.00 0 0.1 -0.1 0
GREATEST
24 HR. TOTAL 0.06 12/22 TO 12/22 0.07 12/11 TO 12/11
SNOWFALL (INCHES)
RECORDS
TOTAL 3.6 2008
24 HR TOTAL 3.6
TOTALS 0.0 0.2 -0.2 0.0
SINCE 7/1 0.0
DAYS >= TRACE 0
DAYS >= 1.0 0
GREATEST
SNOW DEPTH 0
24 HR TOTAL 0.0
STORM TOTAL 0.0
DEGREE DAYS
HEATING TOTAL 360 519 -159 495
SINCE 7/1 579 802 -223 MM
COOLING TOTAL 0 0 0 0
SINCE 1/1 3651 3722 -71 MM
FREEZE DATES
RECORD
EARLIEST 10/21/1949
LATEST 04/12/1967
EARLIEST MM
LATEST 02/01
................................................................
WIND (MPH)
AVERAGE WIND SPEED 4.0
HIGHEST WIND SPEED/DIRECTION 25/220 DATE 12/07
HIGHEST GUST SPEED/DIRECTION 36/210 DATE 12/07
SKY COVER
POSSIBLE SUNSHINE (PERCENT) MM
AVERAGE SKY COVER 0.49
NUMBER OF DAYS FAIR 10
NUMBER OF DAYS PC 14
NUMBER OF DAYS CLOUDY 7
AVERAGE RH (PERCENT) 36
WEATHER CONDITIONS. NUMBER OF DAYS WITH
THUNDERSTORM 0 MIXED PRECIP 0
HEAVY RAIN 0 RAIN 0
LIGHT RAIN 1 FREEZING RAIN 0
LT FREEZING RAIN 0 HAIL 0
HEAVY SNOW 0 SNOW 0
LIGHT SNOW 0 SLEET 0
FOG 0 FOG W/VIS <= 1/4 MILE 0
HAZE 0
- INDICATES NEGATIVE NUMBERS.
R INDICATES RECORD WAS SET OR TIED.
MM INDICATES DATA IS MISSING.
T INDICATES TRACE AMOUNT.
$$