000
CXUS54 KLUB 010730
CF6LBB
PRELIMINARY LOCAL CLIMATOLOGICAL DATA (WS FORM: F-6)
STATION: LUBBOCK
MONTH: MARCH
YEAR: 2024
LATITUDE: 33 39 N
LONGITUDE: 101 49 W
TEMPERATURE IN F: :PCPN: SNOW: WIND :SUNSHINE: SKY :PK WND
================================================================================
1 2 3 4 5 6A 6B 7 8 9 10 11 12 13 14 15 16 17 18
12Z AVG MX 2MIN
DY MAX MIN AVG DEP HDD CDD WTR SNW DPTH SPD SPD DIR MIN PSBL S-S WX SPD DR
================================================================================
1 77 35 56 8 9 0 0.00 0.0 0 15.4 29 270 M M 1 1 37 280
2 79 35 57 8 8 0 0.00 0.0 0 14.2 31 240 M M 3 41 230
3 81 49 65 16 0 0 0.00 0.0 0 15.1 26 250 M M 1 33 250
4 76 41 59 10 6 0 0.00 0.0 0 9.1 26 300 M M 5 32 320
5 74 35 55 5 10 0 0.00 0.0 0 7.8 24 120 M M 3 31 120
6 74 34 54 4 11 0 0.00 0.0 0 7.7 18 210 M M 6 26 200
7 76 48 62 12 3 0 0.00 0.0 0 12.2 29 270 M M 7 38 260
8 48 35 42 -9 23 0 T 0.0 0 19.5 28 10 M M 9 1 36 10
9 55 33 44 -7 21 0 0.00 0.0 0 8.0 24 10 M M 5 33 10
10 64 30 47 -4 18 0 0.00 0.0 0 8.7 20 200 M M 1 26 200
11 73 40 57 5 8 0 0.00 0.0 0 14.3 25 200 M M 3 33 220
12 80 43 62 10 3 0 0.00 0.0 0 12.3 23 290 M M 4 33 190
13 80 45 63 11 2 0 0.00 0.0 0 15.2 36 220 M M 3 64 230
14 74 44 59 7 6 0 0.00 0.0 0 11.3 24 40 M M 5 32 40
15 51 43 47 -6 18 0 0.24 0.0 0 17.8 33 50 M M 8 13 41 60
16 52 45 49 -4 16 0 0.25 0.0 0 8.9 16 60 M M 10 13 19 30
17 54 42 48 -5 17 0 0.02 0.0 0 9.1 20 50 M M 9 1 25 50
18 64 35 50 -4 15 0 0.00 0.0 0 6.2 14 150 M M 4 17 360
19 67 42 55 1 10 0 0.00 0.0 0 11.0 21 200 M M 2 31 210
20 77 45 61 7 4 0 0.02 0.0 0 11.3 25 150 M M 7 36 170
21 70 49 60 5 5 0 0.02 0.0 0 9.7 22 60 M M 7 3 29 270
22 75 40 58 3 7 0 0.00 0.0 0 9.1 25 20 M M 1 32 20
23 63 40 52 -3 13 0 0.00 0.0 0 14.2 24 160 M M 7 33 160
24 73 52 63 7 2 0 T 0.0 0 28.0 52 230 M M 6 8 73 220
25 52 33 43 -13 22 0 0.00 0.0 0 16.3 28 320 M M 5 38 250
26 60 26 43 -13 22 0 T 0.0 0 9.0 22 190 M M 4 27 190
27 65 34 50 -6 15 0 0.00 0.0 0 11.6 23 290 M M 3 34 310
28 76 33 55 -2 10 0 0.00 0.0 0 13.7 30 180 M M 3 37 160
29 81 53 67 10 0 2 0.00 0.0 0 16.2 24 220 M M 6 33 220
30 83 44 64 7 1 0 0.00 0.0 0 10.1 24 210 M M 7 34 210
31 74 58 66 9 0 1 0.00 0.0 0 10.4 21 210 M M 9 31 210
================================================================================
SM 2148 1261 305 3 0.55 0.0 383.4 M 154
================================================================================
AV 69.3 40.7 12.4 FASTST M M 5 MAX(MPH)
MISC ----> 52 230 73 220
================================================================================
NOTES:
# LAST OF SEVERAL OCCURRENCES
COLUMN 17 PEAK WIND IN M.P.H.
PRELIMINARY LOCAL CLIMATOLOGICAL DATA (WS FORM: F-6) , PAGE 2
STATION: LUBBOCK
MONTH: MARCH
YEAR: 2024
LATITUDE: 33 39 N
LONGITUDE: 101 49 W
[TEMPERATURE DATA] [PRECIPITATION DATA] SYMBOLS USED IN COLUMN 16
AVERAGE MONTHLY: 55.0 TOTAL FOR MONTH: 0.55 1 = FOG OR MIST
DPTR FM NORMAL: 2.0 DPTR FM NORMAL: -0.55 2 = FOG REDUCING VISIBILITY
HIGHEST: 83 ON 30 GRTST 24HR 0.36 ON 15-16 TO 1/4 MILE OR LESS
LOWEST: 26 ON 26 3 = THUNDER
SNOW, ICE PELLETS, HAIL 4 = ICE PELLETS
TOTAL MONTH: 0.1 INCH 5 = HAIL
GRTST 24HR 0.0 6 = FREEZING RAIN OR DRIZZLE
GRTST DEPTH: 0 7 = DUSTSTORM OR SANDSTORM:
VSBY 1/2 MILE OR LESS
8 = SMOKE OR HAZE
[NO. OF DAYS WITH] [WEATHER - DAYS WITH] 9 = BLOWING SNOW
X = TORNADO
MAX 32 OR BELOW: 0 0.01 INCH OR MORE: 5
MAX 90 OR ABOVE: 0 0.10 INCH OR MORE: 2
MIN 32 OR BELOW: 2 0.50 INCH OR MORE: 0
MIN 0 OR BELOW: 0 1.00 INCH OR MORE: 0
[HDD (BASE 65) ]
TOTAL THIS MO. 305 CLEAR (SCALE 0-3) 9
DPTR FM NORMAL -76 PTCLDY (SCALE 4-7) 17
TOTAL FM JUL 1 2695 CLOUDY (SCALE 8-10) 5
DPTR FM NORMAL -336
[CDD (BASE 65) ]
TOTAL THIS MO. 3
DPTR FM NORMAL -7 [PRESSURE DATA]
TOTAL FM JAN 1 4 HIGHEST SLP M ON M
DPTR FM NORMAL -6 LOWEST SLP 29.25 ON 24
[REMARKS]
#FINAL-03-24#