000
CXUS54 KHGX 011410
CF6LBX
PRELIMINARY LOCAL CLIMATOLOGICAL DATA (WS FORM: F-6)
STATION: ANGLETON/LAKE_JACKS
MONTH: APRIL
YEAR: 2022
LATITUDE: 29 6 N
LONGITUDE: 95 28 W
TEMPERATURE IN F: :PCPN: SNOW: WIND :SUNSHINE: SKY :PK WND
================================================================================
1 2 3 4 5 6A 6B 7 8 9 10 11 12 13 14 15 16 17 18
12Z AVG MX 2MIN
DY MAX MIN AVG DEP HDD CDD WTR SNW DPTH SPD SPD DIR MIN PSBL S-S WX SPD DR
================================================================================
1 76 49 63 -4 2 0 0.00 0.0 0 8.3 18 110 M M 0 28 120
2 85 61 73 6 0 8 0.00 0.0 0 4.5 14 20 M M 7 1 20 20
3 82 57 70 3 0 5 0.00 0.0 0 7.6 20 140 M M 6 12 25 140
4 77 69 73 5 0 8 T 0.0 0 9.1 18 150 M M 10 1 24 150
5 81 74 78 10 0 13 0.00 0.0 0 10.1 16 180 M M 10 18 22 180
6 84 62 73 5 0 8 0.00 0.0 0 10.6 21 350 M M 5 18 30 340
7 78 48 63 -5 2 0 0.00 0.0 0 8.1 22 360 M M 1 33 350
8 79 44 62 -6 3 0 0.00 0.0 0 5.7 20 350 M M 2 31 330
9 81 45 63 -5 2 0 0.00 0.0 0 8.0 23 180 M M 0 30 170
10 81 65 73 4 0 8 0.00 0.0 0 18.8 35 180 M M 7 50 160
11 85 70 78 9 0 13 0.00 0.0 0 15.1 24 170 M M 10 1 34 170
12 82 73 78 9 0 13 0.02 0.0 0 17.6 30 170 M M 10 138 44 170
13 83 70 77 8 0 12 T 0.0 0 12.4 25 180 M M 10 18 37 190
14 80 64 72 3 0 7 0.00 0.0 0 12.7 23 70 M M 1 33 60
15 85 70 78 8 0 13 T 0.0 0 12.0 24 180 M M 9 18 30 180
16 86 72 79 9 0 14 T 0.0 0 10.1 22 190 M M 7 18 28 180
17 84 65 75 5 0 10 0.00 0.0 0 7.1 16 190 M M 6 1 22 190
18 84 62 73 3 0 8 0.00 0.0 0 8.0 18 10 M M 2 12 25 50
19 77 59 68 -2 0 3 0.00 0.0 0 12.7 23 120 M M 7 36 130
20 83 73 78 7 0 13 T 0.0 0 16.3 31 170 M M 10 41 170
21 86 74 80 9 0 15 0.00 0.0 0 14.4 23 150 M M 9 32 120
22 84 74 79 8 0 14 0.00 0.0 0 13.7 23 140 M M 10 29 130
23 83 73 78 7 0 13 0.00 0.0 0 14.4 26 170 M M 9 38 170
24 86 73 80 8 0 15 0.00 0.0 0 15.4 26 170 M M 8 36 180
25 87 66 77 5 0 12 1.14 0.0 0 11.7 28 360 M M 8 13 39 30
26 79 62 71 -1 0 6 0.00 0.0 0 7.2 16 10 M M 6 1 20 10
27 81 62 72 0 0 7 0.00 0.0 0 6.9 16 100 M M 1 1 22 90
28 84 65 75 3 0 10 0.00 0.0 0 8.9 17 170 M M 5 1 28 170
29 84 72 78 5 0 13 0.00 0.0 0 14.0 22 180 M M 7 29 170
30 87 72 80 7 0 15 0.00 0.0 0 11.0 21 170 M M 7 1 27 170
================================================================================
SM 2474 1945 9 276 1.16 0.0 332.4 M 190
================================================================================
AV 82.5 64.8 11.1 FASTST M M 6 MAX(MPH)
MISC ----> 35 180 50 160
================================================================================
NOTES:
# LAST OF SEVERAL OCCURRENCES
COLUMN 17 PEAK WIND IN M.P.H.
PRELIMINARY LOCAL CLIMATOLOGICAL DATA (WS FORM: F-6) , PAGE 2
STATION: ANGLETON/LAKE_JACKS
MONTH: APRIL
YEAR: 2022
LATITUDE: 29 6 N
LONGITUDE: 95 28 W
[TEMPERATURE DATA] [PRECIPITATION DATA] SYMBOLS USED IN COLUMN 16
AVERAGE MONTHLY: 73.7 TOTAL FOR MONTH: 1.16 1 = FOG OR MIST
DPTR FM NORMAL: 3.8 DPTR FM NORMAL: -1.20 2 = FOG REDUCING VISIBILITY
HIGHEST: 87 ON 30,25 GRTST 24HR 1.14 ON 25-25 TO 1/4 MILE OR LESS
LOWEST: 44 ON 8 3 = THUNDER
SNOW, ICE PELLETS, HAIL 4 = ICE PELLETS
TOTAL MONTH: 0.0 INCH 5 = HAIL
GRTST 24HR 0.0 6 = FREEZING RAIN OR DRIZZLE
GRTST DEPTH: 0 7 = DUSTSTORM OR SANDSTORM:
VSBY 1/2 MILE OR LESS
8 = SMOKE OR HAZE
[NO. OF DAYS WITH] [WEATHER - DAYS WITH] 9 = BLOWING SNOW
X = TORNADO
MAX 32 OR BELOW: 0 0.01 INCH OR MORE: 2
MAX 90 OR ABOVE: 0 0.10 INCH OR MORE: 1
MIN 32 OR BELOW: 0 0.50 INCH OR MORE: 1
MIN 0 OR BELOW: 0 1.00 INCH OR MORE: 1
[HDD (BASE 65) ]
TOTAL THIS MO. 9 CLEAR (SCALE 0-3) 7
DPTR FM NORMAL -22 PTCLDY (SCALE 4-7) 12
TOTAL FM JUL 1 1034 CLOUDY (SCALE 8-10) 11
DPTR FM NORMAL -93
[CDD (BASE 65) ]
TOTAL THIS MO. 276
DPTR FM NORMAL 101 [PRESSURE DATA]
TOTAL FM JAN 1 396 HIGHEST SLP 30.27 ON 26
DPTR FM NORMAL 71 LOWEST SLP 29.58 ON 5
[REMARKS]
#FINAL-04-22#