000
CXUS51 KOKX 061227
CF6LGA
PRELIMINARY LOCAL CLIMATOLOGICAL DATA (WS FORM: F-6)
STATION: LAGUARDIA NY
MONTH: JANUARY
YEAR: 2022
LATITUDE: 40 46 N
LONGITUDE: 73 54 W
TEMPERATURE IN F: :PCPN: SNOW: WIND :SUNSHINE: SKY :PK WND
================================================================================
1 2 3 4 5 6A 6B 7 8 9 10 11 12 13 14 15 16 17 18
12Z AVG MX 2MIN
DY MAX MIN AVG DEP HDD CDD WTR SNW DPTH SPD SPD DIR MIN PSBL S-S WX SPD DR
================================================================================
1 57 50 54 18 11 0 0.76 0.0 0 6.3 14 200 M M 10 1 17 200
2 60 39 50 14 15 0 0.04 0.0 0 9.6 28 310 M M 9 1 33 310
3 39 24 32 -4 33 0 0.00 0.0 0 14.3 28 340 M M 8 34 350
4 36 21 29 -7 36 0 0.00 0.0 0 8.8 20 320 M M 3 27 350
5 48 32 40 5 25 0 0.24 T T 7.5 15 250 M M 9 18 24 200
6 43 36 40 5 25 0 0.00 0.0 0 11.1 28 290 M M 7 33 270
7 36 28 32 -3 33 0 0.33 9.7 8 18.6 29 300 M M 7 1 39 290
8 32 23 28 -7 37 0 0.00 0.0 5 10.7 28 310 M M 1 35 300
9 42 30 36 1 29 0 0.11 0.0 3 10.9 21 210 M M 8 27 210
10 42 26 34 -1 31 0 0.00 0.0 0 16.8 26 310 M M 6 35 320
11 26 17 22 -12 43 0 T T T 14.4 28 320 M M 2 37 310
12 42 20 31 -3 34 0 0.00 0.0 0 9.8 20 220 M M 5 25 220
13 46 33 40 6 25 0 0.00 0.0 0 5.8 13 50 M M 8 17 60
14 43 22 33 -1 32 0 0.00 0.0 0 17.0 30 350 M M 7 41 360
15 22 13 18 -16 47 0 0.00 0.0 0 12.9 24 330 M M 4 31 330
16 40 10 25 -9 40 0 0.36 0.6 0 12.3 23 50 M M 6 1 29 80
17 46 35 41 7 24 0 1.06 T 0 19.3 36 60 M M 9 18 43 60
18 38 31 35 1 30 0 0.00 0.0 0 18.7 33 310 M M 5 43 300
19 51 29 40 6 25 0 0.00 0.0 0 10.5 21 200 M M 6 8 29 200
20 47 23 35 1 30 0 0.25 0.3 0 12.0 22 350 M M 9 1 27 340
21 23 15 19 -15 46 0 0.00 0.0 0 13.9 25 10 M M 7 31 20
22 30 14 22 -12 43 0 0.00 0.0 0 7.7 16 20 M M 5 20 30
23 38 26 32 -2 33 0 0.01 0.2 0 9.3 20 240 M M 8 8 27 270
24 38 28 33 -1 32 0 T 0.2 T 8.1 15 190 M M 9 8 19 340
25 43 30 37 3 28 0 0.00 0.0 0 10.5 21 300 M M 7 8 28 200
26 30 21 26 -8 39 0 0.00 0.0 0 12.5 24 320 M M 2 32 320
27 32 18 25 -9 40 0 0.00 0.0 0 8.2 17 160 M M 4 21 180
28 35 30 33 -1 32 0 0.11 1.3 0 7.9 18 30 M M 10 18 25 30
29 30 15 23 -11 42 0 0.49 8.1 5 22.9 32 340 M M 10 189 46 350
30 27 14 21 -13 44 0 0.00 0.0 7 13.6 28 310 M M 3 37 310
31 30 19 25 -9 40 0 0.00 0.0 6 6.5 10 50 M M 5 16 60
================================================================================
SM 1192 772 1024 0 3.76 20.4 368.4 M 199
================================================================================
AV 38.5 24.9 11.9 FASTST M M 6 MAX(MPH)
MISC ----> 36 60 46 350
================================================================================
NOTES:
# LAST OF SEVERAL OCCURRENCES
COLUMN 17 PEAK WIND IN M.P.H.
PRELIMINARY LOCAL CLIMATOLOGICAL DATA (WS FORM: F-6) , PAGE 2
STATION: LAGUARDIA NY
MONTH: JANUARY
YEAR: 2022
LATITUDE: 40 46 N
LONGITUDE: 73 54 W
[TEMPERATURE DATA] [PRECIPITATION DATA] SYMBOLS USED IN COLUMN 16
AVERAGE MONTHLY: 31.7 TOTAL FOR MONTH: 3.76 1 = FOG OR MIST
DPTR FM NORMAL: -2.7 DPTR FM NORMAL: 0.51 2 = FOG REDUCING VISIBILITY
HIGHEST: 60 ON 2 GRTST 24HR 1.45 ON 16-17 TO 1/4 MILE OR LESS
LOWEST: 10 ON 16 3 = THUNDER
SNOW, ICE PELLETS, HAIL 4 = ICE PELLETS
TOTAL MONTH: 20.4 INCHES 5 = HAIL
GRTST 24HR 9.7 ON 7- 7 6 = FREEZING RAIN OR DRIZZLE
GRTST DEPTH: 8 ON 7 7 = DUSTSTORM OR SANDSTORM:
VSBY 1/2 MILE OR LESS
8 = SMOKE OR HAZE
[NO. OF DAYS WITH] [WEATHER - DAYS WITH] 9 = BLOWING SNOW
X = TORNADO
MAX 32 OR BELOW: 10 0.01 INCH OR MORE: 11
MAX 90 OR ABOVE: 0 0.10 INCH OR MORE: 9
MIN 32 OR BELOW: 26 0.50 INCH OR MORE: 2
MIN 0 OR BELOW: 0 1.00 INCH OR MORE: 1
[HDD (BASE 65) ]
TOTAL THIS MO. 1024 CLEAR (SCALE 0-3) 4
DPTR FM NORMAL 76 PTCLDY (SCALE 4-7) 19
TOTAL FM JUL 1 2198 CLOUDY (SCALE 8-10) 8
DPTR FM NORMAL -220
[CDD (BASE 65) ]
TOTAL THIS MO. 0
DPTR FM NORMAL 0 [PRESSURE DATA]
TOTAL FM JAN 1 0 HIGHEST SLP 30.61 ON 8
DPTR FM NORMAL 0 LOWEST SLP 29.08 ON 17
[REMARKS]
#FINAL-01-22#