000
CXUS51 KOKX 011010
CF6LGA
PRELIMINARY LOCAL CLIMATOLOGICAL DATA (WS FORM: F-6)
STATION: LAGUARDIA NY
MONTH: NOVEMBER
YEAR: 2023
LATITUDE: 40 46 N
LONGITUDE: 73 54 W
TEMPERATURE IN F: :PCPN: SNOW: WIND :SUNSHINE: SKY :PK WND
================================================================================
1 2 3 4 5 6A 6B 7 8 9 10 11 12 13 14 15 16 17 18
12Z AVG MX 2MIN
DY MAX MIN AVG DEP HDD CDD WTR SNW DPTH SPD SPD DIR MIN PSBL S-S WX SPD DR
================================================================================
1 50 41 46 -8 19 0 T 0.0 0 13.3 25 320 M M 7 32 310
2 50 38 44 -10 21 0 0.00 0.0 0 8.5 16 320 M M 1 21 310
3 56 42 49 -4 16 0 0.00 0.0 0 9.2 20 170 M M 3 23 160
4 62 48 55 2 10 0 0.00 0.0 0 6.0 13 190 M M 8 15 240
5 65 50 58 6 7 0 0.00 0.0 0 5.0 17 310 M M 7 22 300
6 56 45 51 -1 14 0 0.00 0.0 0 8.4 13 190 M M 6 18 180
7 66 55 61 9 4 0 0.05 0.0 0 11.5 25 320 M M 7 30 310
8 55 44 50 -2 15 0 0.00 0.0 0 11.4 25 310 M M 5 33 320
9 58 43 51 0 14 0 0.00 0.0 0 5.4 12 110 M M 8 14 280
10 54 47 51 0 14 0 0.00 0.0 0 9.4 17 290 M M 7 20 290
11 55 43 49 -1 16 0 0.00 0.0 0 11.7 20 310 M M 4 24 300
12 46 37 42 -8 23 0 0.00 0.0 0 8.1 15 20 M M 4 18 40
13 50 37 44 -6 21 0 T 0.0 0 6.5 14 230 M M 3 18 230
14 54 44 49 -1 16 0 0.00 0.0 0 13.2 28 320 M M 2 34 320
15 53 42 48 -1 17 0 0.00 0.0 0 6.8 16 230 M M 4 22 240
16 66 46 56 7 9 0 0.00 0.0 0 6.8 13 170 M M 4 16 220
17 66 49 58 9 7 0 0.00 0.0 0 9.0 18 180 M M 6 22 210
18 61 43 52 4 13 0 T 0.0 0 12.3 23 310 M M 6 31 330
19 56 41 49 1 16 0 0.00 0.0 0 10.7 24 330 M M 1 29 320
20 46 39 43 -5 22 0 0.00 0.0 0 10.9 21 60 M M 4 26 50
21 48 35 42 -5 23 0 0.61 0.0 0 14.7 25 110 M M 8 1 32 110
22 54 48 51 4 14 0 1.78 0.0 0 11.4 30 120 M M 9 1 41 120
23 53 45 49 2 16 0 0.00 0.0 0 13.7 28 310 M M 4 36 310
24 51 34 43 -3 22 0 0.00 0.0 0 13.8 31 320 M M 7 39 310
25 41 32 37 -9 28 0 0.00 0.0 0 6.3 18 330 M M 5 24 350
26 55 36 46 0 19 0 0.30 0.0 0 10.2 31 120 M M 8 18 43 120
27 56 38 47 2 18 0 0.03 0.0 0 14.4 24 170 M M 5 1 29 270
28 40 33 37 -8 28 0 T T 0 18.5 32 300 M M 3 39 310
29 38 28 33 -12 32 0 0.00 0.0 0 11.6 22 290 M M 5 28 300
30 52 36 44 0 21 0 0.00 0.0 0 10.0 16 210 M M 5 23 240
================================================================================
SM 1613 1239 515 0 2.77 T 308.7 M 156
================================================================================
AV 53.8 41.3 10.3 FASTST M M 5 MAX(MPH)
MISC ----> 32 300 43 120
================================================================================
NOTES:
# LAST OF SEVERAL OCCURRENCES
COLUMN 17 PEAK WIND IN M.P.H.
PRELIMINARY LOCAL CLIMATOLOGICAL DATA (WS FORM: F-6) , PAGE 2
STATION: LAGUARDIA NY
MONTH: NOVEMBER
YEAR: 2023
LATITUDE: 40 46 N
LONGITUDE: 73 54 W
[TEMPERATURE DATA] [PRECIPITATION DATA] SYMBOLS USED IN COLUMN 16
AVERAGE MONTHLY: 47.5 TOTAL FOR MONTH: 2.77 1 = FOG OR MIST
DPTR FM NORMAL: -1.6 DPTR FM NORMAL: -0.38 2 = FOG REDUCING VISIBILITY
HIGHEST: 66 ON 17,16 GRTST 24HR 2.39 ON 21-22 TO 1/4 MILE OR LESS
LOWEST: 28 ON 29 3 = THUNDER
SNOW, ICE PELLETS, HAIL 4 = ICE PELLETS
TOTAL MONTH: T 5 = HAIL
GRTST 24HR T ON 28-28 6 = FREEZING RAIN OR DRIZZLE
GRTST DEPTH: 0 7 = DUSTSTORM OR SANDSTORM:
VSBY 1/2 MILE OR LESS
8 = SMOKE OR HAZE
[NO. OF DAYS WITH] [WEATHER - DAYS WITH] 9 = BLOWING SNOW
X = TORNADO
MAX 32 OR BELOW: 0 0.01 INCH OR MORE: 5
MAX 90 OR ABOVE: 0 0.10 INCH OR MORE: 3
MIN 32 OR BELOW: 2 0.50 INCH OR MORE: 2
MIN 0 OR BELOW: 0 1.00 INCH OR MORE: 1
[HDD (BASE 65) ]
TOTAL THIS MO. 515 CLEAR (SCALE 0-3) 6
DPTR FM NORMAL 37 PTCLDY (SCALE 4-7) 22
TOTAL FM JUL 1 684 CLOUDY (SCALE 8-10) 2
DPTR FM NORMAL -12
[CDD (BASE 65) ]
TOTAL THIS MO. 0
DPTR FM NORMAL -1 [PRESSURE DATA]
TOTAL FM JAN 1 1389 HIGHEST SLP M ON M
DPTR FM NORMAL -19 LOWEST SLP 29.53 ON 27
[REMARKS]
#FINAL-11-23#