000
CXUS51 KOKX 012025 RRA
CLALGA
CLIMATE REPORT
NATIONAL WEATHER SERVICE NEW YORK, NY
325 PM EST SAT JAN 01 2022
...................................
...THE LAGUARDIA NY CLIMATE SUMMARY FOR THE YEAR OF 2021...
CLIMATE NORMAL PERIOD 1991 TO 2020
CLIMATE RECORD PERIOD 1939 TO 2021
WEATHER OBSERVED NORMAL DEPART LAST YEAR`S
VALUE DATE(S) VALUE FROM VALUE DATE(S)
NORMAL
................................................................
TEMPERATURE (F)
RECORD
HIGH 107 07/03/1966
LOW -7 02/15/1943
HIGHEST 100 06/30 MM MM 97 07/20
07/27
07/28
LOWEST 17 01/29 MM MM 15 02/15
AVG. MAXIMUM 64.8 63.5 1.3 65.3
AVG. MINIMUM 51.7 50.1 1.6 51.8
MEAN 58.3 56.8 1.5 58.6
DAYS MAX >= 90 25 21.8 3.2 34
DAYS MAX <= 32 6 14.4 -8.4 2
DAYS MIN <= 32 45 61.9 -16.9 36
DAYS MIN <= 0 0 0.1 -0.1 0
PRECIPITATION (INCHES)
RECORD
MAXIMUM 65.34 2011
MINIMUM 22.17 1965
TOTALS 48.93 45.28 3.65 41.96
DAILY AVG. 0.13 0.12 0.01 0.12
DAYS >= .01 130 121.7 8.3 122
DAYS >= .10 79 75.2 3.8 75
DAYS >= .50 28 30.9 -2.9 22
DAYS >= 1.00 10 11.6 -1.6 9
GREATEST
24 HR. TOTAL 6.89 09/01 TO 09/02 2.47 07/10 TO 07/11
STORM TOTAL 6.80 MM
(MM/DD(HH)) MM
SNOWFALL (INCHES)
RECORDS
TOTAL 59.7 1948
24 HR TOTAL 27.9 MM
SNOW DEPTH 27 01/24/2016
TOTALS 25.7 29.8 -4.1 12.7
LIQUID EQUIV 2.60 2.90 -0.30 1.30
SINCE 7/1 0.6 5.6 -5.0 MM
LIQUID 7/1 0.06 0.50 -0.44 MM
SNOWDEPTH AVG. 0 0
DAYS >= TRACE 22 13.8 8.2 13
DAYS >= 1.0 6 7.0 -1.0 3
GREATEST
SNOW DEPTH 13 02/02 9 12/17
02/03
24 HR TOTAL 11.7 02/01 TO 02/01 10.1 12/16 TO 12/17
STORM TOTAL 11.7 10.1
(MM/DD(HH)) MM
DEGREE DAYS
HEATING TOTAL 3917 4376 -459 3884
SINCE 7/1 1174 1470 -296 MM
COOLING TOTAL 1597 1408 189 1652
SINCE 1/1 1597 1408 189 MM
................................................................
WIND (MPH)
AVERAGE WIND SPEED 10.4
RESULTANT WIND SPEED/DIRECTION 3/310
HIGHEST WIND SPEED/DIRECTION 47/320 DATE 07/06
HIGHEST GUST SPEED/DIRECTION 61/310 DATE 04/30
SKY COVER
POSSIBLE SUNSHINE (PERCENT) MM
AVERAGE SKY COVER 0.63
NUMBER OF DAYS FAIR 67
NUMBER OF DAYS PC 162
NUMBER OF DAYS CLOUDY 136
AVERAGE RH (PERCENT) 58
WEATHER CONDITIONS. NUMBER OF DAYS WITH
THUNDERSTORM 38 MIXED PRECIP 0
HEAVY RAIN 29 RAIN 48
LIGHT RAIN 149 FREEZING RAIN 0
LT FREEZING RAIN 4 HAIL 1
HEAVY SNOW 2 SNOW 4
LIGHT SNOW 19 SLEET 7
FOG 90 FOG W/VIS <= 1/4 MILE 12
HAZE 59
- INDICATES NEGATIVE NUMBERS.
R INDICATES RECORD WAS SET OR TIED.
MM INDICATES DATA IS MISSING.
T INDICATES TRACE AMOUNT.
$$