000
CXUS54 KFWD 230730
CF6LHB
PRELIMINARY LOCAL CLIMATOLOGICAL DATA (WS FORM: F-6)
STATION: HEARNE
MONTH: APRIL
YEAR: 2024
LATITUDE: 30 52 N
LONGITUDE: 96 36 W
TEMPERATURE IN F: :PCPN: SNOW: WIND :SUNSHINE: SKY :PK WND
================================================================================
1 2 3 4 5 6A 6B 7 8 9 10 11 12 13 14 15 16 17 18
12Z AVG MX 2MIN
DY MAX MIN AVG DEP HDD CDD WTR SNW DPTH SPD SPD DIR MIN PSBL S-S WX SPD DR
================================================================================
1 82 72 77 M 0 12 M M M 11.4 21 160 M M 8 18 30 160
2 74 52 63 M 2 0 0.00 M M 9.5 20 340 M M 3 18 30 330
3 80 45 63 M 2 0 0.00 M M 5.4 18 310 M M 0 18 26 320
4 85 45 65 M 0 0 0.00 M M 1.8 8 210 M M 0 M M
5 87 53 70 M 0 5 0.00 M M 5.9 12 170 M M 0 21 200
6 81 61 71 M 0 6 0.00 M M 11.9 24 170 M M 6 32 170
7 80 63 72 M 0 7 0.00 M M 3.4 9 350 M M 4 16 320
8 84 61 73 M 0 8 0.22 M M 3.4 9 140 M M 8 3 18 130
9 74 66 70 M 0 5 0.46 M M 7.5 18 320 M M 9 13 27 320
10 70 58 64 M 1 0 0.22 M M 9.9 17 320 M M 7 29 280
11 78 49 64 M 1 0 0.00 M M 4.7 15 340 M M 0 20 340
12 82 49 66 M 0 1 0.00 M M 5.1 14 170 M M 0 1 18 150
13 82 55 69 M 0 4 0.00 M M 7.8 17 160 M M 0 24 160
14 84 63 74 M 0 9 0.00 M M 8.5 16 170 M M 7 18 180
15 83 70 77 M 0 12 0.00 M M 11.0 16 170 M M 9 26 140
16 82 70 76 M 0 11 0.01 M M 7.9 16 170 M M 9 1 21 170
17 82 73 78 M 0 13 0.00 M M 4.2 8 150 M M 7 1 17 120
18 89 73 81 M 0 16 0.00 M M 6.8 12 180 M M 8 1 21 160
19 78 64 71 M 0 6 0.00 M M 5.8 12 350 M M 8 18 M M
20 77 52 65 M 0 0 1.26 M M 7.4 21 50 M M 10 138 30 50
21 69 51 60 M 5 0 0.00 M M 9.9 18 360 M M 5 18 25 360
22 72 46 59 M 6 0 0.00 M M 3.8 9 160 M M 0 18 M M
================================================================================
SM 1755 1291 17 115 2.17 M 153.0 M 108
================================================================================
AV 79.8 58.7 7.0 FASTST M M 5 MAX(MPH)
MISC ----> 24 170 32 170
================================================================================
NOTES:
# LAST OF SEVERAL OCCURRENCES
COLUMN 17 PEAK WIND IN M.P.H.
PRELIMINARY LOCAL CLIMATOLOGICAL DATA (WS FORM: F-6) , PAGE 2
STATION: HEARNE
MONTH: APRIL
YEAR: 2024
LATITUDE: 30 52 N
LONGITUDE: 96 36 W
[TEMPERATURE DATA] [PRECIPITATION DATA] SYMBOLS USED IN COLUMN 16
AVERAGE MONTHLY: 69.2 TOTAL FOR MONTH: 2.17 1 = FOG OR MIST
DPTR FM NORMAL: 0.0 DPTR FM NORMAL: 2.17 2 = FOG REDUCING VISIBILITY
HIGHEST: 89 ON 18 GRTST 24HR 1.26 ON 20-20 TO 1/4 MILE OR LESS
LOWEST: 45 ON 4, 3 3 = THUNDER
SNOW, ICE PELLETS, HAIL 4 = ICE PELLETS
TOTAL MONTH: M 5 = HAIL
GRTST 24HR M ON M 6 = FREEZING RAIN OR DRIZZLE
GRTST DEPTH: M ON M 7 = DUSTSTORM OR SANDSTORM:
VSBY 1/2 MILE OR LESS
8 = SMOKE OR HAZE
[NO. OF DAYS WITH] [WEATHER - DAYS WITH] 9 = BLOWING SNOW
X = TORNADO
MAX 32 OR BELOW: 0 0.01 INCH OR MORE: 5
MAX 90 OR ABOVE: 0 0.10 INCH OR MORE: 4
MIN 32 OR BELOW: 0 0.50 INCH OR MORE: 1
MIN 0 OR BELOW: 0 1.00 INCH OR MORE: 1
[HDD (BASE 65) ]
TOTAL THIS MO. 17 CLEAR (SCALE 0-3) 8
DPTR FM NORMAL M PTCLDY (SCALE 4-7) 9
TOTAL FM JUL 1 1488 CLOUDY (SCALE 8-10) 5
DPTR FM NORMAL M
[CDD (BASE 65) ]
TOTAL THIS MO. 115
DPTR FM NORMAL M [PRESSURE DATA]
TOTAL FM JAN 1 244 HIGHEST SLP M ON M
DPTR FM NORMAL M LOWEST SLP M ON M
[REMARKS]