000
CXUS54 KFWD 220503
CF6LHB
PRELIMINARY LOCAL CLIMATOLOGICAL DATA (WS FORM: F-6)
STATION: HEARNE
MONTH: JULY
YEAR: 2022
LATITUDE: 30 52 N
LONGITUDE: 96 36 W
TEMPERATURE IN F: :PCPN: SNOW: WIND :SUNSHINE: SKY :PK WND
================================================================================
1 2 3 4 5 6A 6B 7 8 9 10 11 12 13 14 15 16 17 18
12Z AVG MX 2MIN
DY MAX MIN AVG DEP HDD CDD WTR SNW DPTH SPD SPD DIR MIN PSBL S-S WX SPD DR
================================================================================
1 95 74 85 M 0 20 0.00 M M 3.0 7 110 M M 4 M M
2 100 77 89 M 0 24 0.00 M M 5.9 12 200 M M 3 17 180
3 101 78 90 M 0 25 0.00 M M 7.6 14 160 M M 3 21 160
4 100 76 88 M 0 23 0.00 M M 7.7 13 160 M M 3 22 170
5 100 76 88 M 0 23 0.00 M M 6.0 12 170 M M 2 21 170
6 101 77 89 M 0 24 0.00 M M 7.3 12 160 M M 3 18 170
7 102 77 90 M 0 25 0.00 M M 7.5 12 180 M M 1 17 180
8 103 78 91 M 0 26 0.00 M M 6.4 12 200 M M 2 16 190
9 105 78 92 M 0 27 0.00 M M 3.8 8 140 M M 0 M M
10 109 78 94 M 0 29 0.00 M M 4.9 9 60 M M 0 17 260
11 108 80 94 M 0 29 0.00 M M 4.6 13 170 M M 1 20 170
12 107 78 93 M 0 28 0.00 M M 4.2 8 50 M M 1 M M
13 106 79 93 M 0 28 0.00 M M 5.7 12 160 M M 1 20 150
14 100 78 89 M 0 24 0.00 M M 6.8 18 50 M M 0 31 50
15 98 74 86 M 0 21 0.00 M M 3.8 10 160 M M 3 22 140
16 100 74 87 M 0 22 0.00 M M 6.6 13 170 M M 3 18 180
17 103 76 90 M 0 25 0.00 M M 6.5 10 200 M M 0 M M
18 104 78 91 M 0 26 0.00 M M 8.7 14 170 M M 0 21 190
19 105 78 92 M 0 27 0.00 M M 11.2 21 170 M M 1 25 170
20 104 78 91 M 0 26 0.00 M M 8.7 13 200 M M 1 21 160
21 104 78 91 M 0 26 0.00 M M 5.6 12 170 M M 2 18 140
22 102 78 90 M 0 25 0.00 M M 6.8 15 100 M M 2 29 140
23 101 78 90 M 0 25 0.00 M M 6.4 13 160 M M 3 18 160
24 103 77 90 M 0 25 0.00 M M 7.8 14 160 M M 3 21 160
25 103 78 91 M 0 26 0.00 M M 7.8 14 160 M M 1 20 150
26 102 77 90 M 0 25 0.00 M M 6.9 14 160 M M 2 23 160
27 102 76 89 M 0 24 0.00 M M 7.4 18 180 M M 0 25 130
28 102 78 90 M 0 25 0.00 M M 6.5 14 150 M M 2 23 120
29 102 77 90 M 0 25 0.00 M M 6.6 13 160 M M 2 24 150
30 103 78 91 M 0 26 0.00 M M 8.1 16 170 M M 2 26 230
31 101 78 90 M 0 25 0.00 M M 8.0 13 200 M M 2 21 160
================================================================================
SM 3176 2395 0 779 0.00 M 205.0 M 53
================================================================================
AV102.5 77.3 6.6 FASTST M M 2 MAX(MPH)
MISC ----> 21 170 31 50
================================================================================
NOTES:
# LAST OF SEVERAL OCCURRENCES
COLUMN 17 PEAK WIND IN M.P.H.
PRELIMINARY LOCAL CLIMATOLOGICAL DATA (WS FORM: F-6) , PAGE 2
STATION: HEARNE
MONTH: JULY
YEAR: 2022
LATITUDE: 30 52 N
LONGITUDE: 96 36 W
[TEMPERATURE DATA] [PRECIPITATION DATA] SYMBOLS USED IN COLUMN 16
AVERAGE MONTHLY: 89.9 TOTAL FOR MONTH: 0.00 1 = FOG OR MIST
DPTR FM NORMAL: 0.0 DPTR FM NORMAL: M 2 = FOG REDUCING VISIBILITY
HIGHEST: 109 ON 10 GRTST 24HR 0.00 ON 9- 9 TO 1/4 MILE OR LESS
LOWEST: 74 ON 16,15 3 = THUNDER
SNOW, ICE PELLETS, HAIL 4 = ICE PELLETS
TOTAL MONTH: M 5 = HAIL
GRTST 24HR M ON M 6 = FREEZING RAIN OR DRIZZLE
GRTST DEPTH: M ON M 7 = DUSTSTORM OR SANDSTORM:
VSBY 1/2 MILE OR LESS
8 = SMOKE OR HAZE
[NO. OF DAYS WITH] [WEATHER - DAYS WITH] 9 = BLOWING SNOW
X = TORNADO
MAX 32 OR BELOW: 0 0.01 INCH OR MORE: 0
MAX 90 OR ABOVE: 31 0.10 INCH OR MORE: 0
MIN 32 OR BELOW: 0 0.50 INCH OR MORE: 0
MIN 0 OR BELOW: 0 1.00 INCH OR MORE: 0
[HDD (BASE 65) ]
TOTAL THIS MO. 0 CLEAR (SCALE 0-3) 28
DPTR FM NORMAL M PTCLDY (SCALE 4-7) 3
TOTAL FM JUL 1 0 CLOUDY (SCALE 8-10) 0
DPTR FM NORMAL M
[CDD (BASE 65) ]
TOTAL THIS MO. 779
DPTR FM NORMAL M [PRESSURE DATA]
TOTAL FM JAN 1 2153 HIGHEST SLP M ON M
DPTR FM NORMAL M LOWEST SLP M ON M
[REMARKS]
#FINAL-07-22#