000
CXUS54 KLZK 250909
CF6LIT
PRELIMINARY LOCAL CLIMATOLOGICAL DATA (WS FORM: F-6)
STATION: LITTLE ROCK ADAMS FIELD
MONTH: JANUARY
YEAR: 2023
LATITUDE: 34 43 N
LONGITUDE: 92 14 W
TEMPERATURE IN F: :PCPN: SNOW: WIND :SUNSHINE: SKY :PK WND
================================================================================
1 2 3 4 5 6A 6B 7 8 9 10 11 12 13 14 15 16 17 18
12Z AVG MX 2MIN
DY MAX MIN AVG DEP HDD CDD WTR SNW DPTH SPD SPD DIR MIN PSBL S-S WX SPD DR
================================================================================
1 73 43 58 17 7 0 0.00 0.0 0 6.6 16 200 M M 8 128 20 190
2 72 66 69 28 0 4 0.65 0.0 0 9.8 28 190 M M 10 138 36 180
3 74 55 65 25 0 0 1.31 0.0 0 7.9 22 220 M M 8 123 27 220
4 58 40 49 9 16 0 0.00 0.0 0 7.9 16 310 M M 2 20 310
5 60 36 48 8 17 0 0.00 0.0 0 9.5 24 310 M M 0 32 280
6 59 33 46 6 19 0 0.00 0.0 0 5.0 16 150 M M 5 20 140
7 66 45 56 16 9 0 T 0.0 0 3.6 10 40 M M 8 128 13 50
8 58 39 49 9 16 0 0.00 0.0 0 6.4 15 340 M M 4 18 18 350
9 59 33 46 6 19 0 0.00 0.0 0 4.1 12 180 M M 3 1 14 220
10 66 38 52 12 13 0 0.00 0.0 0 5.4 15 180 M M 5 1 17 190
11 77 58 68 28 0 3 0.09 0.0 0 10.0 17 230 M M 9 138 26 240
12 66 40 53 13 12 0 T 0.0 0 15.0 26 340 M M 7 3 36 330
13 48 30 39 -1 26 0 0.00 0.0 0 9.8 22 10 M M 4 27 30
14 48 25 37 -3 28 0 0.00 0.0 0 3.7 12 130 M M 3 13 150
15 63 28 46 6 19 0 0.00 0.0 0 7.0 18 190 M M 7 25 200
16 70 57 64 24 1 0 0.43 0.0 0 12.2 25 200 M M 9 1 35 210
17 70 53 62 22 3 0 0.00 0.0 0 4.4 13 250 M M 8 18 17 240
18 68 52 60 20 5 0 0.77 0.0 0 6.2 23 320 M M 9 1238 30 320
19 56 40 48 7 17 0 0.00 0.0 0 10.7 29 310 M M 2 1 35 310
20 58 35 47 6 18 0 0.00 0.0 0 3.6 10 350 M M 2 15 360
21 53 34 44 3 21 0 0.10 0.0 0 6.5 17 140 M M 6 1 20 140
22 49 39 44 3 21 0 0.07 0.0 0 7.2 20 320 M M 9 18 26 330
23 52 32 42 1 23 0 0.00 0.0 0 3.0 10 360 M M 1 12 20
24 44 32 38 -3 27 0 1.35 0.0 0 8.4 25 80 M M 7 1 33 70
25 48 36 42 1 23 0 0.06 T 0 11.3 21 310 M M 10 14 27 300
26 47 32 40 -1 25 0 0.00 0.0 0 8.1 21 330 M M 2 26 320
27 61 32 47 6 18 0 0.00 0.0 0 10.6 23 240 M M 1 32 240
28 53 38 46 5 19 0 0.93 0.0 0 4.6 15 230 M M 8 13 21 230
29 61 45 53 11 12 0 1.45 0.0 0 6.3 18 90 M M 10 12 22 90
30 45 33 39 -3 26 0 0.65 0.0 0 10.0 14 50 M M 10 18 17 40
31 34 28 31 -11 34 0 0.21 T 0 9.7 16 30 M M 10 1468 20 20
================================================================================
SM 1816 1227 494 7 8.07 T 234.5 M 187
================================================================================
AV 58.6 39.6 7.6 FASTST M M 6 MAX(MPH)
MISC ----> 29 310 # 36 330
================================================================================
NOTES:
# LAST OF SEVERAL OCCURRENCES
COLUMN 17 PEAK WIND IN M.P.H.
PRELIMINARY LOCAL CLIMATOLOGICAL DATA (WS FORM: F-6) , PAGE 2
STATION: LITTLE ROCK ADAMS FIELD
MONTH: JANUARY
YEAR: 2023
LATITUDE: 34 43 N
LONGITUDE: 92 14 W
[TEMPERATURE DATA] [PRECIPITATION DATA] SYMBOLS USED IN COLUMN 16
AVERAGE MONTHLY: 49.1 TOTAL FOR MONTH: 8.07 1 = FOG OR MIST
DPTR FM NORMAL: 8.4 DPTR FM NORMAL: 4.57 2 = FOG REDUCING VISIBILITY
HIGHEST: 77 ON 11 GRTST 24HR 1.45 ON 29-29 TO 1/4 MILE OR LESS
LOWEST: 25 ON 14 3 = THUNDER
SNOW, ICE PELLETS, HAIL 4 = ICE PELLETS
TOTAL MONTH: T 5 = HAIL
GRTST 24HR T ON 25-25 6 = FREEZING RAIN OR DRIZZLE
GRTST DEPTH: 0 7 = DUSTSTORM OR SANDSTORM:
VSBY 1/2 MILE OR LESS
8 = SMOKE OR HAZE
[NO. OF DAYS WITH] [WEATHER - DAYS WITH] 9 = BLOWING SNOW
X = TORNADO
MAX 32 OR BELOW: 0 0.01 INCH OR MORE: 13
MAX 90 OR ABOVE: 0 0.10 INCH OR MORE: 10
MIN 32 OR BELOW: 8 0.50 INCH OR MORE: 7
MIN 0 OR BELOW: 0 1.00 INCH OR MORE: 3
[HDD (BASE 65) ]
TOTAL THIS MO. 494 CLEAR (SCALE 0-3) 9
DPTR FM NORMAL -260 PTCLDY (SCALE 4-7) 11
TOTAL FM JUL 1 1593 CLOUDY (SCALE 8-10) 11
DPTR FM NORMAL -427
[CDD (BASE 65) ]
TOTAL THIS MO. 7
DPTR FM NORMAL 6 [PRESSURE DATA]
TOTAL FM JAN 1 7 HIGHEST SLP 30.44 ON 14
DPTR FM NORMAL 6 LOWEST SLP 29.63 ON 18
[REMARKS]
#FINAL-01-23#