000
CXUS54 KLZK 011130
CF6LIT
PRELIMINARY LOCAL CLIMATOLOGICAL DATA (WS FORM: F-6)
STATION: Little Rock Adams Field
MONTH: APRIL
YEAR: 2020
LATITUDE: 34 43 N
LONGITUDE: 92 14 W
TEMPERATURE IN F: :PCPN: SNOW: WIND :SUNSHINE: SKY :PK WND
================================================================================
1 2 3 4 5 6A 6B 7 8 9 10 11 12 13 14 15 16 17 18
12Z AVG MX 2MIN
DY MAX MIN AVG DEP HDD CDD WTR SNW DPTH SPD SPD DIR MIN PSBL S-S WX SPD DR
================================================================================
1 71 43 57 -1 8 0 0.00 0.0 0 5.4 14 120 M M 5 17 120
2 75 51 63 5 2 0 0.00 0.0 0 9.6 21 120 M M 6 25 110
3 69 56 63 5 2 0 0.12 0.0 0 2.8 16 330 M M 9 1 19 320
4 58 51 55 -4 10 0 0.09 0.0 0 7.0 16 120 M M 9 13 19 120
5 73 47 60 1 5 0 0.00 0.0 0 3.5 10 60 M M 6 12 50
6 77 53 65 6 0 0 0.00 0.0 0 4.9 14 180 M M 8 1 17 180
7 77 62 70 10 0 5 0.32 0.0 0 3.6 12 200 M M 8 13 15 200
8 84 64 74 14 0 9 0.11 0.0 0 7.0 29 250 M M 5 138 41 250
9 73 57 65 5 0 0 0.00 0.0 0 8.8 26 10 M M 6 34 10
10 59 44 52 -8 13 0 0.00 0.0 0 8.2 18 20 M M 2 24 40
11 69 42 56 -5 9 0 0.30 0.0 0 5.7 15 140 M M 6 13 19 150
12 70 50 60 -1 5 0 2.07 0.0 0 10.0 35 290 M M 9 13 48 280
13 56 41 49 -12 16 0 0.00 0.0 0 11.8 29 300 M M 6 38 300
14 53 38 46 -16 19 0 0.00 0.0 0 7.0 18 10 M M 6 25 20
15 65 33 49 -13 16 0 0.00 0.0 0 3.9 10 140 M M 0 19 170
16 71 38 55 -7 10 0 0.00 0.0 0 7.2 21 140 M M 0 26 140
17 70 45 58 -4 7 0 0.01 0.0 0 10.1 21 230 M M 8 1 26 190
18 62 37 50 -13 15 0 0.05 0.0 0 6.4 15 130 M M 4 3 19 130
19 57 50 54 -9 11 0 0.61 0.0 0 6.3 22 10 M M 9 13 26 360
20 75 45 60 -3 5 0 0.00 0.0 0 5.7 15 200 M M 3 1 22 210
21 81 52 67 3 0 2 0.00 0.0 0 5.8 15 310 M M 2 18 310
22 63 57 60 -4 5 0 1.20 0.0 0 9.0 23 140 M M 10 13 30 140
23 73 54 64 0 1 0 0.01 0.0 0 7.7 23 310 M M 7 1 32 330
24 75 50 63 -1 2 0 0.40 0.0 0 6.4 36 320 M M 7 13 44 320
25 72 50 61 -4 4 0 0.00 0.0 0 10.9 28 300 M M 5 37 310
26 77 46 62 -3 3 0 0.00 0.0 0 4.7 16 310 M M 3 24 320
27 76 51 64 -1 1 0 T 0.0 0 5.9 16 210 M M 7 22 170
28 77 59 68 2 0 3 0.96 0.0 0 9.7 37 300 M M 9 13 50 310
29 72 55 64 -2 1 0 0.16 0.0 0 13.5 29 300 M M 6 13 38 280
30 77 48 63 -3 2 0 0.00 0.0 0 7.7 17 300 M M 1 24 300
================================================================================
SM 2107 1469 172 19 6.41 0.0 216.2 M 172
================================================================================
AV 70.2 49.0 7.2 FASTST M M 6 MAX(MPH)
MISC ----> # 37 300 # 50 310
================================================================================
NOTES:
# LAST OF SEVERAL OCCURRENCES
COLUMN 17 PEAK WIND IN M.P.H.
PRELIMINARY LOCAL CLIMATOLOGICAL DATA (WS FORM: F-6) , PAGE 2
STATION: Little Rock Adams Field
MONTH: APRIL
YEAR: 2020
LATITUDE: 34 43 N
LONGITUDE: 92 14 W
[TEMPERATURE DATA] [PRECIPITATION DATA] SYMBOLS USED IN COLUMN 16
AVERAGE MONTHLY: 59.6 TOTAL FOR MONTH: 6.41 1 = FOG OR MIST
DPTR FM NORMAL: -2.5 DPTR FM NORMAL: 1.27 2 = FOG REDUCING VISIBILITY
HIGHEST: 84 ON 8 GRTST 24HR 2.07 ON 12-12 TO 1/4 MILE OR LESS
LOWEST: 33 ON 15 3 = THUNDER
SNOW, ICE PELLETS, HAIL 4 = ICE PELLETS
TOTAL MONTH: 0.0 INCH 5 = HAIL
GRTST 24HR 0.0 6 = FREEZING RAIN OR DRIZZLE
GRTST DEPTH: 0 7 = DUSTSTORM OR SANDSTORM:
VSBY 1/2 MILE OR LESS
8 = SMOKE OR HAZE
[NO. OF DAYS WITH] [WEATHER - DAYS WITH] 9 = BLOWING SNOW
X = TORNADO
MAX 32 OR BELOW: 0 0.01 INCH OR MORE: 14
MAX 90 OR ABOVE: 0 0.10 INCH OR MORE: 10
MIN 32 OR BELOW: 0 0.50 INCH OR MORE: 4
MIN 0 OR BELOW: 0 1.00 INCH OR MORE: 2
[HDD (BASE 65) ]
TOTAL THIS MO. 172 CLEAR (SCALE 0-3) 6
DPTR FM NORMAL 28 PTCLDY (SCALE 4-7) 17
TOTAL FM JUL 1 2885 CLOUDY (SCALE 8-10) 7
DPTR FM NORMAL -147
[CDD (BASE 65) ]
TOTAL THIS MO. 19
DPTR FM NORMAL -37 [PRESSURE DATA]
TOTAL FM JAN 1 37 HIGHEST SLP 30.38 ON 14
DPTR FM NORMAL -35 LOWEST SLP 29.41 ON 12
[REMARKS]
#FINAL-04-20#