000
CXUS54 KLZK 060133
CF6LLQ
PRELIMINARY LOCAL CLIMATOLOGICAL DATA (WS FORM: F-6)
STATION: MONTICELLO
MONTH: FEBRUARY
YEAR: 2021
LATITUDE: 33 37 N
LONGITUDE: 91 45 W
TEMPERATURE IN F: :PCPN: SNOW: WIND :SUNSHINE: SKY :PK WND
================================================================================
1 2 3 4 5 6A 6B 7 8 9 10 11 12 13 14 15 16 17 18
12Z AVG MX 2MIN
DY MAX MIN AVG DEP HDD CDD WTR SNW DPTH SPD SPD DIR MIN PSBL S-S WX SPD DR
================================================================================
1 50 30 40 -5 25 0 0.00 0.0 0 4.4 13 360 M M 4 20 20
2 47 28 38 -7 27 0 0.00 0.0 0 3.0 10 50 M M 2 14 50
3 55 26 41 -4 24 0 0.00 0.0 0 3.5 9 100 M M 0 16 120
4 64 42 53 8 12 0 0.17 0.0 0 10.1 20 190 M M 6 18 27 200
5 51 29 40 -6 25 0 0.00 0.0 0 2.1 10 120 M M 2 13 160
6 53 36 45 -1 20 0 0.15 0.0 0 6.5 17 110 M M 10 1 24 120
7 42 37 40 -6 25 0 0.00 0.0 0 6.0 13 60 M M 10 17 40
8 61 33 47 1 18 0 0.00 0.0 0 4.6 10 310 M M 7 1 16 130
9 50 36 43 -3 22 0 0.00 0.0 0 4.4 13 40 M M 10 18 15 40
10 44 32 38 -9 27 0 0.10 T 0 5.9 12 40 M M 10 1468 19 40
11 32 28 30 -17 35 0 0.42 T 0 7.0 17 50 M M 10 136 22 50
12 28 25 27 -20 38 0 0.00 0.0 0 7.2 13 40 M M 10 1 22 40
13 27 23 25 -22 40 0 0.00 0.0 0 6.3 13 40 M M 9 19 20
14 24 17 21 -27 44 0 T 0.2 0 8.1 18 50 M M 10 18 25 50
15 18 11 15 -33 50 0 0.41 4.8 4 7.0 14 330 M M 10 12 24 330
16 23 10 17 -31 48 0 T T 4 4.9 13 60 M M 4 18 16 50
17 25 18 22 -26 43 0 0.54 6.0 7 7.8 14 60 M M 10 16 18 50
18 31 20 26 -22 39 0 0.00 0.0 11 5.4 13 360 M M 8 1 20 10
19 38 12 25 -24 40 0 0.00 0.0 6 3.2 14 40 M M 0 18 40
20 47 16 32 -17 33 0 0.00 0.0 5 4.4 10 120 M M 4 1 14 100
21 55 22 39 -10 26 0 0.00 0.0 T 7.7 16 200 M M 6 1 22 180
22 61 39 50 0 15 0 0.13 0.0 0 5.6 14 320 M M 2 1 23 320
23 73 44 59 9 6 0 0.00 0.0 0 8.1 15 260 M M 0 19 270
24 71 49 60 10 5 0 0.00 0.0 0 7.0 17 200 M M 6 26 190
25 60 46 53 3 12 0 0.60 0.0 0 9.3 20 50 M M 8 13 27 40
26 60 45 53 2 12 0 1.91 0.0 0 7.0 22 70 M M 10 13 29 350
27 64 53 59 8 6 0 0.22 0.0 0 4.7 9 70 M M 10 12 12 40
28 76 60 68 17 0 3 1.29 0.0 0 6.8 20 60 M M 9 13 22 60
================================================================================
SM 1330 867 717 3 5.94 11.0 168.0 M 187
================================================================================
AV 47.5 31.0 6.0 FASTST M M 7 MAX(MPH)
MISC ----> 22 70 29 350
================================================================================
NOTES:
# LAST OF SEVERAL OCCURRENCES
COLUMN 17 PEAK WIND IN M.P.H.
PRELIMINARY LOCAL CLIMATOLOGICAL DATA (WS FORM: F-6) , PAGE 2
STATION: MONTICELLO
MONTH: FEBRUARY
YEAR: 2021
LATITUDE: 33 37 N
LONGITUDE: 91 45 W
[TEMPERATURE DATA] [PRECIPITATION DATA] SYMBOLS USED IN COLUMN 16
AVERAGE MONTHLY: 39.2 TOTAL FOR MONTH: 5.94 1 = FOG OR MIST
DPTR FM NORMAL: -8.6 DPTR FM NORMAL: 0.96 2 = FOG REDUCING VISIBILITY
HIGHEST: 76 ON 28 GRTST 24HR 2.51 ON 25-26 TO 1/4 MILE OR LESS
LOWEST: 10 ON 16 3 = THUNDER
SNOW, ICE PELLETS, HAIL 4 = ICE PELLETS
TOTAL MONTH: 11.0 INCHES 5 = HAIL
GRTST 24HR 6.0 ON 17-17 6 = FREEZING RAIN OR DRIZZLE
GRTST DEPTH: 11 ON 18 7 = DUSTSTORM OR SANDSTORM:
VSBY 1/2 MILE OR LESS
8 = SMOKE OR HAZE
[NO. OF DAYS WITH] [WEATHER - DAYS WITH] 9 = BLOWING SNOW
X = TORNADO
MAX 32 OR BELOW: 8 0.01 INCH OR MORE: 11
MAX 90 OR ABOVE: 0 0.10 INCH OR MORE: 11
MIN 32 OR BELOW: 16 0.50 INCH OR MORE: 4
MIN 0 OR BELOW: 0 1.00 INCH OR MORE: 2
[HDD (BASE 65) ]
TOTAL THIS MO. 717 CLEAR (SCALE 0-3) 6
DPTR FM NORMAL 232 PTCLDY (SCALE 4-7) 8
TOTAL FM JUL 1 2311 CLOUDY (SCALE 8-10) 14
DPTR FM NORMAL 83
[CDD (BASE 65) ]
TOTAL THIS MO. 3
DPTR FM NORMAL -1 [PRESSURE DATA]
TOTAL FM JAN 1 3 HIGHEST SLP 30.53 ON 19
DPTR FM NORMAL 2 LOWEST SLP 29.67 ON 4
[REMARKS]
#FINAL-02-21#