000
CXUS55 KRIW 011010
CF6LND
PRELIMINARY LOCAL CLIMATOLOGICAL DATA (WS FORM: F-6)
STATION: LANDER WY
MONTH: OCTOBER
YEAR: 2023
LATITUDE: 42 49 N
LONGITUDE: 108 44 W
TEMPERATURE IN F: :PCPN: SNOW: WIND :SUNSHINE: SKY :PK WND
================================================================================
1 2 3 4 5 6A 6B 7 8 9 10 11 12 13 14 15 16 17 18
12Z AVG MX 2MIN
DY MAX MIN AVG DEP HDD CDD WTR SNW DPTH SPD SPD DIR MIN PSBL S-S WX SPD DR
================================================================================
1 71 51 61 9 4 0 T 0.0 0 13.2 43 190 M M 2 67 170
2 60 44 52 0 13 0 0.16 0.0 0 9.2 30 150 M M 4 1 38 150
3 60 42 51 0 14 0 T 0.0 0 6.8 20 40 M M 7 25 40
4 66 37 52 1 13 0 0.00 0.0 0 5.8 22 350 M M 4 32 350
5 66 38 52 2 13 0 0.00 0.0 0 5.4 15 240 M M 1 19 230
6 60 40 50 0 15 0 0.00 0.0 0 4.6 10 250 M M 4 14 30
7 70 34 52 2 13 0 0.00 0.0 0 3.5 13 240 M M 0 16 230
8 74 40 57 8 8 0 0.00 0.0 0 3.5 14 240 M M 0 16 240
9 75 41 58 10 7 0 0.00 0.0 0 4.1 13 230 M M 0 19 110
10 75 41 58 10 7 0 T 0.0 0 7.8 41 200 M M 1 53 200
11 60 39 50 2 15 0 0.87 0.0 0 7.0 21 320 M M 6 1 30 320
12 42 37 40 -7 25 0 0.73 0.0 0 7.8 15 340 M M 10 1 28 340
13 49 36 43 -4 22 0 0.00 0.0 0 4.9 12 250 M M 6 16 130
14 52 31 42 -4 23 0 0.00 0.0 0 2.4 14 240 M M 2 15 240
15 64 34 49 3 16 0 0.00 0.0 0 4.3 10 240 M M 0 17 230
16 68 38 53 8 12 0 0.00 0.0 0 2.7 9 250 M M 0 10 240
17 76 42 59 14 6 0 0.00 0.0 0 6.0 24 300 M M 0 35 300
18 70 36 53 9 12 0 0.00 0.0 0 2.8 12 110 M M 0 8 15 110
19 77 39 58 14 7 0 0.00 0.0 0 2.5 15 230 M M 0 18 240
20 77 46 62 18 3 0 0.00 0.0 0 4.9 13 240 M M 0 15 240
21 65 43 54 11 11 0 0.00 0.0 0 3.6 14 250 M M 1 18 240
22 72 41 57 14 8 0 0.00 0.0 0 5.3 18 210 M M 0 25 210
23 64 42 53 11 12 0 0.07 0.0 0 7.2 25 210 M M 4 37 210
24 59 37 48 6 17 0 0.00 0.0 0 5.2 21 220 M M 0 24 230
25 69 27 48 6 17 0 0.00 0.0 0 10.7 25 240 M M 4 41 250
26 27 19 23 -18 42 0 0.14 1.3 1 5.5 15 120 M M 10 12 19 330
27 31 18 25 -16 40 0 0.00 0.0 T 2.7 9 40 M M 7 12 80
28 26 20 23 -17 42 0 T M T 4.2 12 20 M M 10 18 13 20
29 33 18 26 -14 39 0 0.00 0.0 T 3.6 15 120 M M 4 21 120
30 44 14 29 -10 36 0 0.00 0.0 0 3.5 14 120 M M 0 17 120
31 51 20 36 -3 29 0 0.00 0.0 0 2.5 12 250 M M 0 13 250
================================================================================
SM 1853 1085 541 0 1.97 1.3 163.2 M 87
================================================================================
AV 59.8 35.0 5.3 FASTST M M 3 MAX(MPH)
MISC ----> 43 190 67 170
================================================================================
NOTES:
# LAST OF SEVERAL OCCURRENCES
COLUMN 17 PEAK WIND IN M.P.H.
PRELIMINARY LOCAL CLIMATOLOGICAL DATA (WS FORM: F-6) , PAGE 2
STATION: LANDER WY
MONTH: OCTOBER
YEAR: 2023
LATITUDE: 42 49 N
LONGITUDE: 108 44 W
[TEMPERATURE DATA] [PRECIPITATION DATA] SYMBOLS USED IN COLUMN 16
AVERAGE MONTHLY: 47.4 TOTAL FOR MONTH: 1.97 1 = FOG OR MIST
DPTR FM NORMAL: 2.0 DPTR FM NORMAL: 0.57 2 = FOG REDUCING VISIBILITY
HIGHEST: 77 ON 20,19 GRTST 24HR 1.50 ON 11-12 TO 1/4 MILE OR LESS
LOWEST: 14 ON 30 3 = THUNDER
SNOW, ICE PELLETS, HAIL 4 = ICE PELLETS
TOTAL MONTH: 1.3 INCHES 5 = HAIL
GRTST 24HR 1.3 ON 26-26 6 = FREEZING RAIN OR DRIZZLE
GRTST DEPTH: 1 ON 26 7 = DUSTSTORM OR SANDSTORM:
VSBY 1/2 MILE OR LESS
8 = SMOKE OR HAZE
[NO. OF DAYS WITH] [WEATHER - DAYS WITH] 9 = BLOWING SNOW
X = TORNADO
MAX 32 OR BELOW: 3 0.01 INCH OR MORE: 5
MAX 90 OR ABOVE: 0 0.10 INCH OR MORE: 4
MIN 32 OR BELOW: 8 0.50 INCH OR MORE: 2
MIN 0 OR BELOW: 0 1.00 INCH OR MORE: 0
[HDD (BASE 65) ]
TOTAL THIS MO. 541 CLEAR (SCALE 0-3) 18
DPTR FM NORMAL -66 PTCLDY (SCALE 4-7) 10
TOTAL FM JUL 1 683 CLOUDY (SCALE 8-10) 3
DPTR FM NORMAL -159
[CDD (BASE 65) ]
TOTAL THIS MO. 0
DPTR FM NORMAL -1 [PRESSURE DATA]
TOTAL FM JAN 1 361 HIGHEST SLP 30.57 ON 29
DPTR FM NORMAL -124 LOWEST SLP 29.35 ON 11
[REMARKS]
#FINAL-10-23#