000
CXUS53 KOAX 011339
CLMLNK
CLIMATE REPORT
NATIONAL WEATHER SERVICE OMAHA/VALLEY NE
839 AM CDT FRI SEP 01 2023
...................................
...THE LINCOLN NE CLIMATE SUMMARY FOR THE MONTH OF AUGUST 2023...
CLIMATE NORMAL PERIOD 1991 TO 2020
CLIMATE RECORD PERIOD 1887 TO 2023
WEATHER OBSERVED NORMAL DEPART
VALUE DATE(S) VALUE FROM
NORMAL
................................................
TEMPERATURE (F)
HIGHEST 105 08/22
08/24
LOWEST 52 08/15
AVG. MAXIMUM 89.3 87.2 2.1
AVG. MINIMUM 65.2 64.1 1.1
MEAN 77.3 75.6 1.7
DAYS MAX >= 90 11
DAYS MAX <= 32 0
DAYS MIN <= 32 0
DAYS MIN <= 0 0
PRECIPITATION (INCHES)
RECORD
MAXIMUM 13.98 1910
MINIMUM 0.07 1976
TOTALS 3.76 3.32 0.44
DAYS >= .01 6
DAYS >= .10 4
DAYS >= .50 2
DAYS >= 1.00 2
GREATEST
24 HR. TOTAL 2.24 08/26 TO 08/26
SNOWFALL (INCHES)
RECORDS
TOTAL T 2007
TOTALS 0.0 0.0 0.0
SINCE 7/1 0.0
DAYS >= 1.0 0
GREATEST
SNOW DEPTH 0
24 HR TOTAL MM
DEGREE DAYS
HEATING TOTAL 0 3 -3
SINCE 7/1 0 1 -1
COOLING TOTAL 388 333 55
SINCE 1/1 1216 1106 110
................................................
WIND (MPH)
AVERAGE WIND SPEED 8.4
HIGHEST WIND SPEED/DIRECTION 31/320 DATE 08/14
HIGHEST GUST SPEED/DIRECTION 45/330 DATE 08/14
SKY COVER
AVERAGE SKY COVER 0.19
WEATHER CONDITIONS. NUMBER OF DAYS WITH
THUNDERSTORM 7 MIXED PRECIP 0
HEAVY RAIN 3 RAIN 3
LIGHT RAIN 9 FREEZING RAIN 0
LT FREEZING RAIN 0 HAIL 0
HEAVY SNOW 0 SNOW 0
LIGHT SNOW 0 SLEET 0
FOG 16 FOG W/VIS <= 1/4 MILE 1
HAZE 6
- INDICATES NEGATIVE NUMBERS.
R INDICATES RECORD WAS SET OR TIED.
MM INDICATES DATA IS MISSING.
T INDICATES TRACE AMOUNT.
&&
AUGUST IN LINCOLN WAS WARMER AND WETTER THAN NORMAL. THE MONTH ENDED
UP 1.7 DEGREES ABOVE NORMAL FOR AVERAGE TEMPERATURE AND 0.44 INCHES
ABOVE NORMAL FOR PRECIPITATION.
NEW DAILY RECORDS FOR AUGUST 2023
DATE RECORD VALUE PREVIOUS RECORD
AUG 19 MAXIMUM TEMPERATURE 104 100 IN 1921
AUG 22 MAXIMUM TEMPERATURE 105 103 IN 1948
AUG 22 MAX MINIMUM TEMPERATURE 78 77 IN 1968
AUG 23 MAXIMUM TEMPERATURE 103 103 IN 1943
$$
DEWALD