000
CXUS53 KMKX 010810
CF6LNR
PRELIMINARY LOCAL CLIMATOLOGICAL DATA (WS FORM: F-6)
STATION: LONE ROCK WI
MONTH: OCTOBER
YEAR: 2022
LATITUDE: 43 12 N
LONGITUDE: 90 11 W
TEMPERATURE IN F: :PCPN: SNOW: WIND :SUNSHINE: SKY :PK WND
================================================================================
1 2 3 4 5 6A 6B 7 8 9 10 11 12 13 14 15 16 17 18
12Z AVG MX 2MIN
DY MAX MIN AVG DEP HDD CDD WTR SNW DPTH SPD SPD DIR MIN PSBL S-S WX SPD DR
================================================================================
1 75 40 58 2 7 0 0.00 M M 1.9 10 40 M M 3 128 15 100
2 73 50 62 6 3 0 0.00 M M 3.5 13 60 M M 2 18 19 60
3 73 46 60 5 5 0 0.00 M M 0.9 7 100 M M 3 128 9 90
4 78 41 60 5 5 0 0.00 M M 1.9 13 220 M M 2 128 16 220
5 75 41 58 4 7 0 0.00 M M 2.0 13 280 M M 5 128 18 280
6 69 46 58 4 7 0 0.01 M M 7.2 23 330 M M 6 128 31 340
7 58 32 45 -8 20 0 0.00 M M 6.1 15 320 M M 3 8 22 320
8 62 32 47 -6 18 0 T M M 5.1 20 280 M M 3 128 34 270
9 73 36 55 2 10 0 0.00 0.0 0 2.2 12 350 M M 3 8 16 240
10 74 36 55 3 10 0 0.00 0.0 0 3.1 10 120 M M 3 128 14 120
11 78 48 63 11 2 0 0.02 M M 9.7 23 190 M M 5 8 31 190
12 67 46 57 6 8 0 0.06 M M 9.8 35 290 M M 6 138 47 290
13 52 41 47 -4 18 0 0.01 M M 6.6 28 320 M M 8 42 330
14 53 31 42 -8 23 0 0.00 M M 5.8 22 290 M M 7 29 280
15 61 33 47 -3 18 0 0.00 M M 7.4 18 220 M M 4 28 230
16 54 39 47 -3 18 0 T M M 8.8 28 310 M M 9 37 320
17 45 37 41 -8 24 0 T M M 14.7 25 350 M M 10 8 41 340
18 51 33 42 -7 23 0 0.00 M M 11.7 24 300 M M 2 34 340
19 51 27 39 -9 26 0 0.00 M M 7.4 17 300 M M 0 23 310
20 68 26 47 -1 18 0 0.00 M M 3.5 12 300 M M 2 16 280
21 81 33 57 9 8 0 0.00 M M 5.4 20 220 M M 0 8 27 220
22 84 39 62 15 3 0 0.00 M M 8.7 17 150 M M 0 29 160
23 81 61 71 24 0 6 0.05 M M 11.4 23 150 M M 2 33 150
24 78 57 68 22 0 3 0.30 M M 10.0 23 180 M M 8 38 30 180
25 57 46 52 6 13 0 0.00 M M 7.2 16 340 M M 5 8 24 280
26 58 32 45 -1 20 0 0.00 M M 6.6 17 300 M M 0 24 290
27 62 31 47 2 18 0 0.00 M M 4.7 13 140 M M 0 19 120
28 65 33 49 4 16 0 0.00 M M 1.5 7 180 M M 0 128 11 190
29 69 30 50 6 15 0 0.00 M M 1.8 10 180 M M 1 128 13 180
30 70 37 54 10 11 0 0.00 M M 2.4 9 140 M M 0 18 12 140
31 70 34 52 9 13 0 0.00 M M 2.6 8 270 M M 0 18 12 220
================================================================================
SM 2065 1194 387 9 0.45 0.0 181.6 M 102
================================================================================
AV 66.6 38.5 5.9 FASTST M M 3 MAX(MPH)
MISC ----> 35 290 47 290
================================================================================
NOTES:
# LAST OF SEVERAL OCCURRENCES
COLUMN 17 PEAK WIND IN M.P.H.
PRELIMINARY LOCAL CLIMATOLOGICAL DATA (WS FORM: F-6) , PAGE 2
STATION: LONE ROCK WI
MONTH: OCTOBER
YEAR: 2022
LATITUDE: 43 12 N
LONGITUDE: 90 11 W
[TEMPERATURE DATA] [PRECIPITATION DATA] SYMBOLS USED IN COLUMN 16
AVERAGE MONTHLY: 52.6 TOTAL FOR MONTH: 0.45 1 = FOG OR MIST
DPTR FM NORMAL: 3.0 DPTR FM NORMAL: -2.03 2 = FOG REDUCING VISIBILITY
HIGHEST: 84 ON 22 GRTST 24HR 0.32 ON 23-24 TO 1/4 MILE OR LESS
LOWEST: 26 ON 20 3 = THUNDER
SNOW, ICE PELLETS, HAIL 4 = ICE PELLETS
TOTAL MONTH: 0.0 INCH 5 = HAIL
GRTST 24HR 0.0 6 = FREEZING RAIN OR DRIZZLE
GRTST DEPTH: 0 7 = DUSTSTORM OR SANDSTORM:
VSBY 1/2 MILE OR LESS
8 = SMOKE OR HAZE
[NO. OF DAYS WITH] [WEATHER - DAYS WITH] 9 = BLOWING SNOW
X = TORNADO
MAX 32 OR BELOW: 0 0.01 INCH OR MORE: 6
MAX 90 OR ABOVE: 0 0.10 INCH OR MORE: 1
MIN 32 OR BELOW: 8 0.50 INCH OR MORE: 0
MIN 0 OR BELOW: 0 1.00 INCH OR MORE: 0
[HDD (BASE 65) ]
TOTAL THIS MO. 387 CLEAR (SCALE 0-3) 20
DPTR FM NORMAL -96 PTCLDY (SCALE 4-7) 9
TOTAL FM JUL 1 484 CLOUDY (SCALE 8-10) 2
DPTR FM NORMAL -170
[CDD (BASE 65) ]
TOTAL THIS MO. 9
DPTR FM NORMAL 2 [PRESSURE DATA]
TOTAL FM JAN 1 763 HIGHEST SLP M ON M
DPTR FM NORMAL 117 LOWEST SLP 29.49 ON 14
[REMARKS]
#FINAL-10-22#