000
CXUS53 KLMK 010710
CF6LOU
PRELIMINARY LOCAL CLIMATOLOGICAL DATA (WS FORM: F-6)
STATION: LOUISVILLE BOWMAN KY
MONTH: JUNE
YEAR: 2023
LATITUDE: 38 13 N
LONGITUDE: 85 39 W
TEMPERATURE IN F: :PCPN: SNOW: WIND :SUNSHINE: SKY :PK WND
================================================================================
1 2 3 4 5 6A 6B 7 8 9 10 11 12 13 14 15 16 17 18
12Z AVG MX 2MIN
DY MAX MIN AVG DEP HDD CDD WTR SNW DPTH SPD SPD DIR MIN PSBL S-S WX SPD DR
================================================================================
1 88 61 75 3 0 10 0.00 M M 4.1 13 110 M M 1 17 50
2 89 61 75 3 0 10 0.00 M M 4.3 15 60 M M 0 21 60
3 91 60 76 4 0 11 0.00 M M 3.9 16 40 M M 1 20 50
4 88 62 75 2 0 10 0.00 M M 5.8 14 20 M M 0 8 19 360
5 85 60 73 0 0 8 0.00 M M 4.5 15 40 M M 0 8 20 360
6 85 53 69 -4 0 4 0.00 M M 3.5 13 280 M M 1 1 18 310
7 74 59 67 -7 0 2 0.95 M M 2.3 9 60 M M 8 12 13 360
8 78 51 65 -9 0 0 0.00 M M 2.7 10 10 M M 1 12 14 30
9 80 50 65 -9 0 0 0.00 M M 2.4 13 300 M M 0 1 19 300
10 81 51 66 -8 0 1 0.00 M M 3.7 17 210 M M 0 22 200
11 83 62 73 -2 0 8 0.44 M M 8.8 29 200 M M 8 13 40 190
12 71 54 63 -12 2 0 0.00 M M 7.9 16 290 M M 7 26 340
13 79 49 64 -11 1 0 0.00 M M 11.9 25 220 M M 1 37 230
14 83 63 73 -2 0 8 T M M 6.8 14 270 M M 3 20 280
15 84 59 72 -4 0 7 0.00 M M 3.2 10 220 M M 1 8 14 220
16 77 59 68 -8 0 3 0.00 M M 6.6 13 20 M M 0 8 20 20
17 81 55 68 -8 0 3 0.00 M M 2.7 10 350 M M 1 18 17 320
18 83 54 69 -7 0 4 0.00 M M 5.1 15 190 M M 1 18 23 210
19 76 68 72 -4 0 7 0.61 M M 7.3 13 40 M M 8 13 19 40
20 85 69 77 1 0 12 T M M 10.9 21 30 M M 8 13 30 40
21 81 66 74 -3 0 9 0.15 M M 9.2 20 100 M M 5 13 28 70
22 71 62 67 -10 0 2 0.00 M M 6.9 14 70 M M 7 21 60
23 76 65 71 -6 0 6 0.00 M M 2.0 8 270 M M 10 11 270
24 88 65 77 0 0 12 0.00 M M 3.2 13 280 M M 3 17 280
25 88 66 77 0 0 12 1.91 M M 8.2 23 90 M M 4 13 33 360
26 83 64 74 -4 0 9 0.05 M M 8.2 21 260 M M 4 1238 30 280
27 83 64 74 -4 0 9 0.00 M M 6.6 17 270 M M 3 18 24 260
28 83 61 72 -6 0 7 0.00 M M 1.4 8 150 M M 5 128 11 160
29 80 66 73 -5 0 8 0.23 M M 5.4 23 190 M M 2 38 33 200
30 86 68 77 -1 0 12 0.01 M M 5.7 13 180 M M 7 38 17 160
================================================================================
SM 2460 1807 3 194 4.35 M 165.2 M 100
================================================================================
AV 82.0 60.2 5.5 FASTST M M 3 MAX(MPH)
MISC ----> 29 200 40 190
================================================================================
NOTES:
# LAST OF SEVERAL OCCURRENCES
COLUMN 17 PEAK WIND IN M.P.H.
PRELIMINARY LOCAL CLIMATOLOGICAL DATA (WS FORM: F-6) , PAGE 2
STATION: LOUISVILLE BOWMAN KY
MONTH: JUNE
YEAR: 2023
LATITUDE: 38 13 N
LONGITUDE: 85 39 W
[TEMPERATURE DATA] [PRECIPITATION DATA] SYMBOLS USED IN COLUMN 16
AVERAGE MONTHLY: 71.1 TOTAL FOR MONTH: 4.35 1 = FOG OR MIST
DPTR FM NORMAL: -4.3 DPTR FM NORMAL: -0.33 2 = FOG REDUCING VISIBILITY
HIGHEST: 91 ON 3 GRTST 24HR 1.91 ON 25-25 TO 1/4 MILE OR LESS
LOWEST: 49 ON 13 3 = THUNDER
SNOW, ICE PELLETS, HAIL 4 = ICE PELLETS
TOTAL MONTH: M 5 = HAIL
GRTST 24HR M ON M 6 = FREEZING RAIN OR DRIZZLE
GRTST DEPTH: M ON M 7 = DUSTSTORM OR SANDSTORM:
VSBY 1/2 MILE OR LESS
8 = SMOKE OR HAZE
[NO. OF DAYS WITH] [WEATHER - DAYS WITH] 9 = BLOWING SNOW
X = TORNADO
MAX 32 OR BELOW: 0 0.01 INCH OR MORE: 8
MAX 90 OR ABOVE: 1 0.10 INCH OR MORE: 6
MIN 32 OR BELOW: 0 0.50 INCH OR MORE: 3
MIN 0 OR BELOW: 0 1.00 INCH OR MORE: 1
[HDD (BASE 65) ]
TOTAL THIS MO. 3 CLEAR (SCALE 0-3) 16
DPTR FM NORMAL 0 PTCLDY (SCALE 4-7) 12
TOTAL FM JUL 1 3878 CLOUDY (SCALE 8-10) 2
DPTR FM NORMAL -268
[CDD (BASE 65) ]
TOTAL THIS MO. 194
DPTR FM NORMAL -119 [PRESSURE DATA]
TOTAL FM JAN 1 284 HIGHEST SLP M ON M
DPTR FM NORMAL -212 LOWEST SLP 29.54 ON 11
[REMARKS]
#FINAL-06-23#