000
CXUS53 KLMK 011253
CF6LOU
PRELIMINARY LOCAL CLIMATOLOGICAL DATA (WS FORM: F-6)
STATION: LOUISVILLE BOWMAN KY
MONTH: OCTOBER
YEAR: 2021
LATITUDE: 38 13 N
LONGITUDE: 85 39 W
TEMPERATURE IN F: :PCPN: SNOW: WIND :SUNSHINE: SKY :PK WND
================================================================================
1 2 3 4 5 6A 6B 7 8 9 10 11 12 13 14 15 16 17 18
12Z AVG MX 2MIN
DY MAX MIN AVG DEP HDD CDD WTR SNW DPTH SPD SPD DIR MIN PSBL S-S WX SPD DR
================================================================================
1 81 55 68 3 0 3 0.00 M M 4.4 13 100 M M 0 17 70
2 83 63 73 9 0 8 0.02 M M 7.2 17 230 M M 4 1 22 220
3 75 67 71 7 0 6 0.82 M M 5.8 14 180 M M 9 13 19 190
4 76 61 69 6 0 4 0.00 M M 3.5 12 230 M M 5 12 15 220
5 79 59 69 6 0 4 0.81 M M 4.4 15 160 M M 5 128 22 160
6 77 67 72 9 0 7 0.06 M M 4.1 13 140 M M 7 13 18 110
7 80 62 71 9 0 6 0.05 M M 3.7 10 170 M M 6 1 14 160
8 80 61 71 9 0 6 0.11 M M 3.0 16 250 M M 2 18 23 240
9 84 60 72 10 0 7 0.00 M M 5.0 14 160 M M 2 12 19 180
10 85 67 76 15 0 11 0.00 M M 7.4 16 210 M M 1 22 160
11 83 65 74 13 0 9 T M M 11.0 21 180 M M 1 31 160
12 75 58 67 7 0 2 T M M 7.1 17 210 M M 4 24 210
13 76 56 66 6 0 1 0.16 M M 4.2 12 170 M M 3 1 17 130
14 84 66 75 15 0 10 0.00 M M 5.0 13 170 M M 0 12 18 170
15 77 64 71 12 0 6 0.65 M M 6.5 22 290 M M 6 13 36 260
16 64 50 57 -2 8 0 0.15 M M 9.2 20 290 M M 4 1 33 300
17 69 41 55 -3 10 0 0.00 M M 4.6 18 250 M M 0 29 230
18 72 43 58 0 7 0 0.00 M M 1.9 10 280 M M 0 15 270
19 72 44 58 0 7 0 0.00 M M 2.7 10 200 M M 0 19 190
20 74 48 61 4 4 0 0.00 M M 5.6 15 180 M M 0 19 180
21 75 50 63 6 2 0 T M M 9.1 24 230 M M 4 1 33 220
22 58 48 53 -3 12 0 0.00 M M 5.1 9 270 M M 10 12 230
23 64 44 54 -2 11 0 0.05 M M 3.5 10 190 M M 4 1 15 180
24 79 58 69 13 0 4 0.15 M M 9.8 22 200 M M 5 13 31 200
25 68 52 60 5 5 0 0.42 M M 10.4 22 270 M M 8 13 32 250
26 59 41 50 -5 15 0 T M M 5.4 14 20 M M 5 26 30
27 62 36 49 -5 16 0 0.00 M M 5.3 16 80 M M 0 1 24 70
28 56 48 52 -2 13 0 0.25 M M 7.8 15 100 M M 7 18 20 110
29 64 50 57 3 8 0 0.35 M M 3.0 12 250 M M 9 1 16 240
30 59 54 57 4 8 0 0.34 M M 6.2 14 310 M M 10 18 20 320
31 65 49 57 4 8 0 0.00 M M 7.4 15 290 M M 7 22 290
================================================================================
SM 2255 1687 134 94 4.39 M 179.3 M 128
================================================================================
AV 72.7 54.4 5.8 FASTST M M 4 MAX(MPH)
MISC ----> 24 230 36 260
================================================================================
NOTES:
# LAST OF SEVERAL OCCURRENCES
COLUMN 17 PEAK WIND IN M.P.H.
PRELIMINARY LOCAL CLIMATOLOGICAL DATA (WS FORM: F-6) , PAGE 2
STATION: LOUISVILLE BOWMAN KY
MONTH: OCTOBER
YEAR: 2021
LATITUDE: 38 13 N
LONGITUDE: 85 39 W
[TEMPERATURE DATA] [PRECIPITATION DATA] SYMBOLS USED IN COLUMN 16
AVERAGE MONTHLY: 63.6 TOTAL FOR MONTH: 4.39 1 = FOG OR MIST
DPTR FM NORMAL: 4.8 DPTR FM NORMAL: 0.74 2 = FOG REDUCING VISIBILITY
HIGHEST: 85 ON 10 GRTST 24HR 0.86 ON 5- 6 TO 1/4 MILE OR LESS
LOWEST: 36 ON 27 3 = THUNDER
SNOW, ICE PELLETS, HAIL 4 = ICE PELLETS
TOTAL MONTH: M 5 = HAIL
GRTST 24HR M ON M 6 = FREEZING RAIN OR DRIZZLE
GRTST DEPTH: M ON M 7 = DUSTSTORM OR SANDSTORM:
VSBY 1/2 MILE OR LESS
8 = SMOKE OR HAZE
[NO. OF DAYS WITH] [WEATHER - DAYS WITH] 9 = BLOWING SNOW
X = TORNADO
MAX 32 OR BELOW: 0 0.01 INCH OR MORE: 15
MAX 90 OR ABOVE: 0 0.10 INCH OR MORE: 11
MIN 32 OR BELOW: 0 0.50 INCH OR MORE: 3
MIN 0 OR BELOW: 0 1.00 INCH OR MORE: 0
[HDD (BASE 65) ]
TOTAL THIS MO. 134 CLEAR (SCALE 0-3) 11
DPTR FM NORMAL -98 PTCLDY (SCALE 4-7) 16
TOTAL FM JUL 1 148 CLOUDY (SCALE 8-10) 4
DPTR FM NORMAL -116
[CDD (BASE 65) ]
TOTAL THIS MO. 94
DPTR FM NORMAL 56 [PRESSURE DATA]
TOTAL FM JAN 1 1684 HIGHEST SLP 30.25 ON 19
DPTR FM NORMAL 143 LOWEST SLP 29.42 ON 29
[REMARKS]
#FINAL-10-21#