000
CXUS55 KLMK 010845
CLMLOU
CLIMATE REPORT
NATIONAL WEATHER SERVICE LOUISVILLE KY
445 AM EDT THU JUN 01 2023
...................................
...THE LOUISVILLE BOWMAN KY CLIMATE SUMMARY FOR THE MONTH OF MAY 2023...
CLIMATE NORMAL PERIOD 1991 TO 2020
CLIMATE RECORD PERIOD 9999 TO 9999
WEATHER OBSERVED NORMAL DEPART LAST YEAR`S
VALUE DATE(S) VALUE FROM VALUE DATE(S)
NORMAL
................................................................
TEMPERATURE (F)
RECORD
HIGH MM MM
LOW 38 05/01/2021
05/01/2021
HIGHEST 87 05/31 MM MM 89 05/21
05/30
05/31
LOWEST 38R 05/04 MM MM 48 05/02
AVG. MAXIMUM 75.5 77.1 -1.6 79.5
AVG. MINIMUM 53.6 57.4 -3.8 59.6
MEAN 64.6 67.2 -2.6 69.6
DAYS MAX >= 90 0 1.0 -1.0 0
DAYS MAX <= 32 0 0.0 0.0 0
DAYS MIN <= 32 0 0.0 0.0 0
DAYS MIN <= 0 0 0.0 0.0 0
PRECIPITATION (INCHES)
RECORD
MAXIMUM 3.73 2022
TOTALS 2.40R 5.16 -2.76 3.73
DAILY AVG. 0.08 0.17 -0.09 0.12
DAYS >= .01 7 13.9 -6.9 15
DAYS >= .10 6 8.3 -2.3 9
DAYS >= .50 2 3.6 -1.6 2
DAYS >= 1.00 0 1.5 -1.5 0
GREATEST
24 HR. TOTAL 0.75 05/20 TO 05/20
DEGREE DAYS
HEATING TOTAL 72 70 2 26
SINCE 7/1 3875 4147 -272 MM
COOLING TOTAL 68 140 -72 173
SINCE 1/1 90 183 -93 MM
................................................................
WIND (MPH)
AVERAGE WIND SPEED 6.0
HIGHEST WIND SPEED/DIRECTION 25/280 DATE 05/01
25/280 05/02
HIGHEST GUST SPEED/DIRECTION 41/350 DATE 05/07
SKY COVER
POSSIBLE SUNSHINE (PERCENT) MM
AVERAGE SKY COVER 0.32
NUMBER OF DAYS FAIR 20
NUMBER OF DAYS PC 9
NUMBER OF DAYS CLOUDY 2
AVERAGE RH (PERCENT) 64
WEATHER CONDITIONS. NUMBER OF DAYS WITH
THUNDERSTORM 6 MIXED PRECIP 0
HEAVY RAIN 4 RAIN 5
LIGHT RAIN 10 FREEZING RAIN 0
LT FREEZING RAIN 0 HAIL 0
HEAVY SNOW 0 SNOW 0
LIGHT SNOW 0 SLEET 0
FOG 8 FOG W/VIS <= 1/4 MILE 1
HAZE 1
- INDICATES NEGATIVE NUMBERS.
R INDICATES RECORD WAS SET OR TIED.
MM INDICATES DATA IS MISSING.
T INDICATES TRACE AMOUNT.
$$