000
CXUS56 KOTX 010910
CF6LWS
PRELIMINARY LOCAL CLIMATOLOGICAL DATA (WS FORM: F-6)
STATION: LEWISTON ID AIRPORT
MONTH: SEPTEMBER
YEAR: 2022
LATITUDE: 46 22 N
LONGITUDE: 117 1 W
TEMPERATURE IN F: :PCPN: SNOW: WIND :SUNSHINE: SKY :PK WND
================================================================================
1 2 3 4 5 6A 6B 7 8 9 10 11 12 13 14 15 16 17 18
12Z AVG MX 2MIN
DY MAX MIN AVG DEP HDD CDD WTR SNW DPTH SPD SPD DIR MIN PSBL S-S WX SPD DR
================================================================================
1 98 68 83 12 0 18 0.00 0.0 0 4.4 10 290 M M 0 8 13 290
2 102 65 84 13 0 19 0.00 0.0 0 5.8 13 100 M M 0 16 70
3 86 64 75 5 0 10 0.03 0.0 0 4.3 24 50 M M 1 38 32 50
4 92 55 74 4 0 9 0.00 0.0 0 3.4 8 190 M M 0 13 320
5 87 57 72 2 0 7 0.00 0.0 0 3.7 13 300 M M 0 16 300
6 93 57 75 6 0 10 0.00 0.0 0 3.3 7 180 M M 0 8 9 70
7 93 62 78 9 0 13 0.00 0.0 0 5.4 15 290 M M 0 8 22 290
8 81 61 71 2 0 6 0.00 0.0 0 8.3 20 310 M M 1 8 25 310
9 82 50 66 -2 0 1 0.00 0.0 0 3.8 13 80 M M 0 16 90
10 86 52 69 1 0 4 0.00 0.0 0 5.0 10 60 M M 5 8 12 50
11 83 55 69 1 0 4 0.00 0.0 0 3.1 9 90 M M 5 8 11 90
12 76 57 67 0 0 2 0.00 0.0 0 2.6 9 140 M M 6 8 10 130
13 82 57 70 3 0 5 0.00 0.0 0 2.1 7 320 M M 9 8 9 30
14 77 56 67 0 0 2 0.10 0.0 0 4.0 18 60 M M 3 38 21 60
15 75 55 65 -1 0 0 0.00 0.0 0 2.1 8 200 M M 4 8 9 200
16 78 54 66 0 0 1 0.00 0.0 0 4.8 17 320 M M 3 23 310
17 79 48 64 -2 1 0 0.05 0.0 0 3.4 15 250 M M 0 3 17 240
18 71 55 63 -2 2 0 T 0.0 0 4.1 10 280 M M 2 13 300
19 82 50 66 1 0 1 0.00 0.0 0 2.5 9 300 M M 0 11 300
20 82 51 67 3 0 2 0.00 0.0 0 3.8 12 30 M M 0 15 20
21 79 53 66 2 0 1 0.01 0.0 0 5.4 21 360 M M 2 25 360
22 69 53 61 -3 4 0 0.54 0.0 M 2.5 15 90 M M 5 1 19 90
23 76 49 63 0 2 0 0.00 0.0 0 3.9 10 70 M M 0 18 11 80
24 81 49 65 2 0 0 0.00 0.0 0 2.4 8 170 M M 0 10 260
25 84 51 68 6 0 3 0.00 0.0 M 2.7 9 200 M M 0 11 200
26 88 52 70 8 0 5 0.00 0.0 0 3.8 8 140 M M 0 11 40
27 90 57 74 13 0 9 0.00 0.0 0 4.5 12 60 M M 0 14 60
28 86 56 71 10 0 6 T 0.0 M 3.4 14 290 M M 0 19 290
29 68 56 62 2 3 0 0.59 0.0 0 4.7 15 270 M M 9 13 19 260
30 69 54 62 2 3 0 0.06 0.0 0 2.8 9 210 M M 5 1 11 210
================================================================================
SM 2475 1659 15 138 1.38 0.0 116.0 M 60
================================================================================
AV 82.5 55.3 3.9 FASTST M M 2 MAX(MPH)
MISC ----> 24 50 32 50
================================================================================
NOTES:
# LAST OF SEVERAL OCCURRENCES
COLUMN 17 PEAK WIND IN M.P.H.
PRELIMINARY LOCAL CLIMATOLOGICAL DATA (WS FORM: F-6) , PAGE 2
STATION: LEWISTON ID AIRPORT
MONTH: SEPTEMBER
YEAR: 2022
LATITUDE: 46 22 N
LONGITUDE: 117 1 W
[TEMPERATURE DATA] [PRECIPITATION DATA] SYMBOLS USED IN COLUMN 16
AVERAGE MONTHLY: 68.9 TOTAL FOR MONTH: 1.38 1 = FOG OR MIST
DPTR FM NORMAL: 3.0 DPTR FM NORMAL: 0.78 2 = FOG REDUCING VISIBILITY
HIGHEST: 102 ON 2 GRTST 24HR 0.62 ON 29-30 TO 1/4 MILE OR LESS
LOWEST: 48 ON 17 3 = THUNDER
SNOW, ICE PELLETS, HAIL 4 = ICE PELLETS
TOTAL MONTH: 0.0 INCH 5 = HAIL
GRTST 24HR 0.0 6 = FREEZING RAIN OR DRIZZLE
GRTST DEPTH: 0 7 = DUSTSTORM OR SANDSTORM:
VSBY 1/2 MILE OR LESS
8 = SMOKE OR HAZE
[NO. OF DAYS WITH] [WEATHER - DAYS WITH] 9 = BLOWING SNOW
X = TORNADO
MAX 32 OR BELOW: 0 0.01 INCH OR MORE: 7
MAX 90 OR ABOVE: 6 0.10 INCH OR MORE: 3
MIN 32 OR BELOW: 0 0.50 INCH OR MORE: 2
MIN 0 OR BELOW: 0 1.00 INCH OR MORE: 0
[HDD (BASE 65) ]
TOTAL THIS MO. 15 CLEAR (SCALE 0-3) 21
DPTR FM NORMAL -61 PTCLDY (SCALE 4-7) 7
TOTAL FM JUL 1 15 CLOUDY (SCALE 8-10) 2
DPTR FM NORMAL -73
[CDD (BASE 65) ]
TOTAL THIS MO. 138
DPTR FM NORMAL 36 [PRESSURE DATA]
TOTAL FM JAN 1 1139 HIGHEST SLP M ON M
DPTR FM NORMAL 231 LOWEST SLP 29.63 ON 17
[REMARKS]
#FINAL-09-22#