000
CXUS53 KILX 010900
CF6LWV
PRELIMINARY LOCAL CLIMATOLOGICAL DATA (WS FORM: F-6)
STATION: LAWRENCEVILLE IL AIRPORT
MONTH: JUNE
YEAR: 2023
LATITUDE: 38 45 N
LONGITUDE: 87 36 W
TEMPERATURE IN F: :PCPN: SNOW: WIND :SUNSHINE: SKY :PK WND
================================================================================
1 2 3 4 5 6A 6B 7 8 9 10 11 12 13 14 15 16 17 18
12Z AVG MX 2MIN
DY MAX MIN AVG DEP HDD CDD WTR SNW DPTH SPD SPD DIR MIN PSBL S-S WX SPD DR
================================================================================
1 93 63 78 7 0 13 0.00 M M 4.3 13 110 M M 1 1 19 90
2 94 63 79 7 0 14 0.00 M M 5.6 16 40 M M 0 23 60
3 95 59 77 5 0 12 0.00 M M 6.1 15 40 M M 1 20 60
4 92 62 77 5 0 12 0.00 M M 8.6 17 20 M M 0 23 60
5 87 56 72 0 0 7 0.00 M M 6.4 14 40 M M 0 19 350
6 90 53 72 -1 0 7 T M M 4.6 12 340 M M 2 18 17 30
7 80 58 69 -4 0 4 0.16 M M 5.4 18 20 M M 6 18 25 30
8 82 51 67 -6 0 2 0.00 M M 5.0 12 80 M M 0 16 50
9 84 52 68 -6 0 3 0.00 M M 4.2 14 340 M M 0 20 340
10 88 51 70 -4 0 5 0.00 M M 5.0 14 180 M M 0 20 180
11 81 59 70 -4 0 5 0.95 M M 9.5 26 350 M M 8 1238 35 350
12 72 52 62 -12 3 0 0.00 M M 10.0 17 310 M M 5 23 310
13 85 52 69 -5 0 4 0.00 M M 15.0 30 250 M M 3 41 250
14 83 63 73 -2 0 8 0.00 M M 6.5 16 260 M M 1 23 260
15 91 60 76 1 0 11 0.00 M M 5.5 15 270 M M 0 1 20 270
16 79 58 69 -6 0 4 0.00 M M 7.8 14 20 M M 0 8 20 20
17 84 56 70 -5 0 5 0.00 M M 3.0 10 110 M M 1 18 16 100
18 87 57 72 -4 0 7 T M M 7.2 17 170 M M 1 18 26 140
19 87 67 77 1 0 12 T M M 8.0 18 30 M M 4 18 31 20
20 90 68 79 3 0 14 0.00 M M 11.7 22 80 M M 3 31 70
21 86 65 76 0 0 11 0.00 M M 9.7 22 80 M M 2 18 30 100
22 85 63 74 -2 0 9 0.00 M M 7.7 18 40 M M 3 30 10
23 87 64 76 0 0 11 0.00 M M 4.0 14 340 M M 7 24 10
24 94 63 79 3 0 14 0.00 M M 4.7 12 180 M M 1 1 19 220
25 102 72 87 10 0 22 0.04 M M 12.6 26 260 M M 2 13 35 250
26 88 69 79 2 0 14 0.00 M M 12.6 24 290 M M 2 32 280
27 86 65 76 -1 0 11 0.00 M M 8.5 18 300 M M 4 18 25 320
28 86 60 73 -4 0 8 0.00 M M 5.5 16 130 M M 6 18 20 130
29 79 67 73 -4 0 8 2.02 M M 11.2 46 330 M M 6 138 69 330
30 91 67 79 2 0 14 0.00 M M 5.9 16 270 M M 1 138 26 270
================================================================================
SM 2608 1815 3 271 3.17 M 221.8 M 70
================================================================================
AV 86.9 60.5 7.4 FASTST M M 2 MAX(MPH)
MISC ----> 46 330 69 330
================================================================================
NOTES:
# LAST OF SEVERAL OCCURRENCES
COLUMN 17 PEAK WIND IN M.P.H.
PRELIMINARY LOCAL CLIMATOLOGICAL DATA (WS FORM: F-6) , PAGE 2
STATION: LAWRENCEVILLE IL AIRPORT
MONTH: JUNE
YEAR: 2023
LATITUDE: 38 45 N
LONGITUDE: 87 36 W
[TEMPERATURE DATA] [PRECIPITATION DATA] SYMBOLS USED IN COLUMN 16
AVERAGE MONTHLY: 73.7 TOTAL FOR MONTH: 3.17 1 = FOG OR MIST
DPTR FM NORMAL: -1.0 DPTR FM NORMAL: -1.21 2 = FOG REDUCING VISIBILITY
HIGHEST: 102 ON 25 GRTST 24HR 2.02 ON 29-29 TO 1/4 MILE OR LESS
LOWEST: 51 ON 10, 8 3 = THUNDER
SNOW, ICE PELLETS, HAIL 4 = ICE PELLETS
TOTAL MONTH: M 5 = HAIL
GRTST 24HR M ON M 6 = FREEZING RAIN OR DRIZZLE
GRTST DEPTH: M ON M 7 = DUSTSTORM OR SANDSTORM:
VSBY 1/2 MILE OR LESS
8 = SMOKE OR HAZE
[NO. OF DAYS WITH] [WEATHER - DAYS WITH] 9 = BLOWING SNOW
X = TORNADO
MAX 32 OR BELOW: 0 0.01 INCH OR MORE: 4
MAX 90 OR ABOVE: 10 0.10 INCH OR MORE: 3
MIN 32 OR BELOW: 0 0.50 INCH OR MORE: 2
MIN 0 OR BELOW: 0 1.00 INCH OR MORE: 1
[HDD (BASE 65) ]
TOTAL THIS MO. 3 CLEAR (SCALE 0-3) 21
DPTR FM NORMAL -2 PTCLDY (SCALE 4-7) 9
TOTAL FM JUL 1 4139 CLOUDY (SCALE 8-10) 0
DPTR FM NORMAL -573
[CDD (BASE 65) ]
TOTAL THIS MO. 271
DPTR FM NORMAL -27 [PRESSURE DATA]
TOTAL FM JAN 1 385 HIGHEST SLP 30.09 ON 29
DPTR FM NORMAL -67 LOWEST SLP 29.57 ON 11
[REMARKS]
#FINAL-06-23#