000
CXUS53 KILX 010900
CF6LWV
PRELIMINARY LOCAL CLIMATOLOGICAL DATA (WS FORM: F-6)
STATION: LAWRENCEVILLE IL AIRPORT
MONTH: MAY
YEAR: 2021
LATITUDE: 38 45 N
LONGITUDE: 87 36 W
TEMPERATURE IN F: :PCPN: SNOW: WIND :SUNSHINE: SKY :PK WND
================================================================================
1 2 3 4 5 6A 6B 7 8 9 10 11 12 13 14 15 16 17 18
12Z AVG MX 2MIN
DY MAX MIN AVG DEP HDD CDD WTR SNW DPTH SPD SPD DIR MIN PSBL S-S WX SPD DR
================================================================================
1 78 43 61 -1 4 0 0.00 M M 12.0 23 180 M M 0 32 190
2 72 57 65 3 0 0 0.13 M M 9.9 18 210 M M 6 1 23 200
3 78 59 69 7 0 4 0.07 M M 7.0 14 230 M M 8 1 19 220
4 70 53 62 -1 3 0 0.49 M M 10.2 18 10 M M 9 13 24 340
5 65 48 57 -6 8 0 0.00 M M 9.7 20 350 M M 3 27 320
6 64 45 55 -8 10 0 0.07 M M 8.9 18 330 M M 4 13 29 220
7 68 41 55 -9 10 0 0.04 M M 9.8 23 50 M M 3 3 32 280
8 59 43 51 -13 14 0 0.01 M M 7.9 14 100 M M 6 17 100
9 67 42 55 -9 10 0 0.34 M M 14.8 30 200 M M 9 13 40 210
10 62 39 51 -13 14 0 0.00 M M 5.0 12 10 M M 0 16 10
11 64 44 54 -11 11 0 0.00 M M 10.7 18 30 M M 1 26 20
12 66 40 53 -12 12 0 0.00 M M 10.6 20 20 M M 0 27 30
13 69 44 57 -9 8 0 0.00 M M 7.2 17 60 M M 3 25 70
14 71 43 57 -9 8 0 0.00 M M 2.8 12 150 M M 1 17 130
15 73 45 59 -7 6 0 T M M 5.7 21 230 M M 5 26 220
16 76 58 67 1 0 2 T M M 8.5 15 110 M M 8 28 140
17 79 62 71 4 0 6 0.11 M M 9.4 21 150 M M 8 1 26 150
18 79 64 72 5 0 7 0.02 M M 11.0 21 140 M M 8 28 150
19 79 65 72 5 0 7 0.41 M M 10.8 25 180 M M 6 1 34 190
20 88 64 76 8 0 11 0.00 M M 11.5 21 170 M M 0 28 130
21 87 62 75 7 0 10 0.00 M M 9.6 22 190 M M 0 30 190
22 87 59 73 5 0 8 0.00 M M 3.4 14 250 M M 1 20 260
23 89 62 76 7 0 11 0.00 M M 3.3 13 310 M M 1 1 18 280
24 90 68 79 10 0 14 0.00 M M 4.3 15 230 M M 1 19 230
25 90 68 79 10 0 14 T M M 8.3 31 210 M M 3 41 200
26 84 68 76 6 0 11 T M M 5.9 13 210 M M 5 1 20 270
27 85 64 75 5 0 10 1.04 M M 9.2 32 310 M M 5 123 54 280
28 73 52 63 -7 2 0 0.15 M M 11.2 23 310 M M 9 138 32 290
29 62 49 56 -14 9 0 0.00 M M 8.9 17 30 M M 8 8 23 30
30 72 45 59 -12 6 0 0.00 M M 4.7 15 40 M M 0 20 60
31 76 52 64 -7 1 0 0.00 M M 4.1 10 220 M M 0 17 200
================================================================================
SM 2322 1648 136 115 2.88 M 256.3 M 121
================================================================================
AV 74.9 53.2 8.3 FASTST M M 4 MAX(MPH)
MISC ----> 32 310 54 280
================================================================================
NOTES:
# LAST OF SEVERAL OCCURRENCES
COLUMN 17 PEAK WIND IN M.P.H.
PRELIMINARY LOCAL CLIMATOLOGICAL DATA (WS FORM: F-6) , PAGE 2
STATION: LAWRENCEVILLE IL AIRPORT
MONTH: MAY
YEAR: 2021
LATITUDE: 38 45 N
LONGITUDE: 87 36 W
[TEMPERATURE DATA] [PRECIPITATION DATA] SYMBOLS USED IN COLUMN 16
AVERAGE MONTHLY: 64.0 TOTAL FOR MONTH: 2.88 1 = FOG OR MIST
DPTR FM NORMAL: -2.4 DPTR FM NORMAL: -1.97 2 = FOG REDUCING VISIBILITY
HIGHEST: 90 ON 25,24 GRTST 24HR 1.15 ON 27-28 TO 1/4 MILE OR LESS
LOWEST: 39 ON 10 3 = THUNDER
SNOW, ICE PELLETS, HAIL 4 = ICE PELLETS
TOTAL MONTH: M 5 = HAIL
GRTST 24HR M ON M 6 = FREEZING RAIN OR DRIZZLE
GRTST DEPTH: M ON M 7 = DUSTSTORM OR SANDSTORM:
VSBY 1/2 MILE OR LESS
8 = SMOKE OR HAZE
[NO. OF DAYS WITH] [WEATHER - DAYS WITH] 9 = BLOWING SNOW
X = TORNADO
MAX 32 OR BELOW: 0 0.01 INCH OR MORE: 12
MAX 90 OR ABOVE: 2 0.10 INCH OR MORE: 7
MIN 32 OR BELOW: 0 0.50 INCH OR MORE: 1
MIN 0 OR BELOW: 0 1.00 INCH OR MORE: 1
[HDD (BASE 65) ]
TOTAL THIS MO. 136 CLEAR (SCALE 0-3) 16
DPTR FM NORMAL 51 PTCLDY (SCALE 4-7) 9
TOTAL FM JUL 1 4536 CLOUDY (SCALE 8-10) 6
DPTR FM NORMAL -173
[CDD (BASE 65) ]
TOTAL THIS MO. 115
DPTR FM NORMAL -13 [PRESSURE DATA]
TOTAL FM JAN 1 130 HIGHEST SLP 30.43 ON 13
DPTR FM NORMAL -24 LOWEST SLP 29.52 ON 9
[REMARKS]
#FINAL-05-21#