239
CDUS43 KILX 290711
CLILWV


CLIMATE REPORT
NATIONAL WEATHER SERVICE LINCOLN IL
111 AM CST TUE NOV 29 2016


...................................

...THE LAWRENCEVILLE IL AIRPORT CLIMATE SUMMARY FOR NOVEMBER 28 2016...

CLIMATE NORMAL PERIOD 1981 TO 2010
CLIMATE RECORD PERIOD 9999 TO 9999


WEATHER ITEM   OBSERVED TIME   RECORD YEAR NORMAL DEPARTURE LAST
                VALUE   (LST)  VALUE       VALUE  FROM      YEAR
                                                  NORMAL
..................................................................
TEMPERATURE (F)
 YESTERDAY
  MAXIMUM         55    550 PM  MM      MM  49      6       47
  MINIMUM         45    109 AM  MM      MM  33     12       41
  AVERAGE         50                        41      9       44

PRECIPITATION (IN)
  YESTERDAY        1.26         MM      MM   0.14   1.12     0.23
  MONTH TO DATE    3.24                      3.68  -0.44     5.47
  SINCE SEP 1      8.10                     10.85  -2.75     9.71
  SINCE JAN 1     40.36                     40.20   0.16    41.65

DEGREE DAYS
 HEATING
  YESTERDAY       15                        24     -9       21
  MONTH TO DATE  448                       511    -63      433
  SINCE SEP 1    590                       807   -217      656
  SINCE JUL 1    590                       808   -218      656

 COOLING
  YESTERDAY        0                         0      0        0
  MONTH TO DATE   10                         0     10        1
  SINCE SEP 1    324                       203    121      228
  SINCE JAN 1   1615                      1386    229     1331
..................................................................


WIND (MPH)
  HIGHEST WIND SPEED    29   HIGHEST WIND DIRECTION     S (160)
  HIGHEST GUST SPEED    36   HIGHEST GUST DIRECTION     S (180)
  AVERAGE WIND SPEED    17.2


SKY COVER
  POSSIBLE SUNSHINE  MM
  AVERAGE SKY COVER 0.9


WEATHER CONDITIONS
 THE FOLLOWING WEATHER WAS RECORDED YESTERDAY.
  HEAVY RAIN
  RAIN
  LIGHT RAIN
  FOG


RELATIVE HUMIDITY (PERCENT)
 HIGHEST   100           400 PM
 LOWEST     60          1200 AM
 AVERAGE    80

..........................................................


THE LAWRENCEVILLE IL AIRPORT CLIMATE NORMALS FOR TODAY
                         NORMAL    RECORD    YEAR
 MAXIMUM TEMPERATURE (F)   49        MM        MM
 MINIMUM TEMPERATURE (F)   32        MM        MM


SUNRISE AND SUNSET
NOVEMBER 29 2016......SUNRISE   648 AM CST   SUNSET   429 PM CST
NOVEMBER 30 2016......SUNRISE   649 AM CST   SUNSET   429 PM CST


-  INDICATES NEGATIVE NUMBERS.
R  INDICATES RECORD WAS SET OR TIED.
MM INDICATES DATA IS MISSING.
T  INDICATES TRACE AMOUNT.




$$
