120
CDUS43 KILX 200643
CLILWV


CLIMATE REPORT
NATIONAL WEATHER SERVICE LINCOLN IL
140 AM CDT WED SEP 20 2017


...................................

...THE LAWRENCEVILLE IL AIRPORT CLIMATE SUMMARY FOR SEPTEMBER 19 2017...

CLIMATE NORMAL PERIOD 1981 TO 2010
CLIMATE RECORD PERIOD 9999 TO 9999


WEATHER ITEM   OBSERVED TIME   RECORD YEAR NORMAL DEPARTURE LAST
                VALUE   (LST)  VALUE       VALUE  FROM      YEAR
                                                  NORMAL
..................................................................
TEMPERATURE (F)
 YESTERDAY
  MAXIMUM         85    403 PM  MM      MM  81      4       87
  MINIMUM         68    641 AM  MM      MM  56     12       59
  AVERAGE         77                        68      9       73

PRECIPITATION (IN)
  YESTERDAY        0.50         MM      MM   0.09   0.41     0.00
  MONTH TO DATE    0.75                      2.00  -1.25     2.22
  SINCE SEP 1      0.75                      2.00  -1.25     2.22
  SINCE JAN 1     25.11                     31.35  -6.24    34.48

DEGREE DAYS
 HEATING
  YESTERDAY        0                         1     -1        0
  MONTH TO DATE   10                         6      4        0
  SINCE SEP 1     10                         6      4        0
  SINCE JUL 1     10                         7      3        0

 COOLING
  YESTERDAY       12                         5      7        8
  MONTH TO DATE   92                       133    -41      184
  SINCE SEP 1     92                       133    -41      184
  SINCE JAN 1   1235                      1316    -81     1475
..................................................................


WIND (MPH)
  HIGHEST WIND SPEED    13   HIGHEST WIND DIRECTION    SW (240)
  HIGHEST GUST SPEED    15   HIGHEST GUST DIRECTION    SW (240)
  AVERAGE WIND SPEED     3.7


SKY COVER
  POSSIBLE SUNSHINE  MM
  AVERAGE SKY COVER 0.4


WEATHER CONDITIONS
 THE FOLLOWING WEATHER WAS RECORDED YESTERDAY.
  THUNDERSTORM
  HEAVY RAIN
  RAIN
  LIGHT RAIN
  FOG
  HAZE


RELATIVE HUMIDITY (PERCENT)
 HIGHEST   100          1200 AM
 LOWEST     55           200 PM
 AVERAGE    78

..........................................................


THE LAWRENCEVILLE IL AIRPORT CLIMATE NORMALS FOR TODAY
                         NORMAL    RECORD    YEAR
 MAXIMUM TEMPERATURE (F)   81        MM        MM
 MINIMUM TEMPERATURE (F)   55        MM        MM


SUNRISE AND SUNSET
SEPTEMBER 20 2017.....SUNRISE   636 AM CDT   SUNSET   650 PM CDT
SEPTEMBER 21 2017.....SUNRISE   637 AM CDT   SUNSET   649 PM CDT


-  INDICATES NEGATIVE NUMBERS.
R  INDICATES RECORD WAS SET OR TIED.
MM INDICATES DATA IS MISSING.
T  INDICATES TRACE AMOUNT.




$$
