000
CDUS43 KILX 172146
CLILWV


CLIMATE REPORT
NATIONAL WEATHER SERVICE LINCOLN IL
445 PM CDT FRI OCT 17 2014


...................................

...THE LAWRENCEVILLE IL AIRPORT CLIMATE SUMMARY FOR OCTOBER 17 2014...
VALID TODAY AS OF 0400 PM LOCAL TIME.

CLIMATE NORMAL PERIOD 1981 TO 2010
CLIMATE RECORD PERIOD 9999 TO 9999


WEATHER ITEM   OBSERVED TIME   RECORD YEAR NORMAL DEPARTURE LAST
                VALUE   (LST)  VALUE       VALUE  FROM      YEAR
                                                  NORMAL
..................................................................
TEMPERATURE (F)
 TODAY
  MAXIMUM         73    151 PM  MM      MM  69      4       59
  MINIMUM         48    623 AM  MM      MM  45      3       42
  AVERAGE         61                        57      4       51

PRECIPITATION (IN)
  TODAY            0.00         MM      MM   0.13  -0.13     0.13
  MONTH TO DATE    3.93                      2.33   1.60     3.22
  SINCE SEP 1      6.86                      5.52   1.34     4.18
  SINCE JAN 1     35.66                     34.87   0.79    45.82

DEGREE DAYS
 HEATING
  TODAY            4                         8     -4       14
  MONTH TO DATE  117                       109      8       64
  SINCE SEP 1    177                       147     30       75
  SINCE JUL 1    177                       148     29       80

 COOLING
  TODAY            0                         1     -1        0
  MONTH TO DATE   22                        27     -5       45
  SINCE SEP 1    140                       198    -58      232
  SINCE JAN 1   1213                      1381   -168     1287
..................................................................


WIND (MPH)
  HIGHEST WIND SPEED    23   HIGHEST WIND DIRECTION     W (280)
  HIGHEST GUST SPEED    29   HIGHEST GUST DIRECTION     W (280)
  AVERAGE WIND SPEED    11.2


SKY COVER
  POSSIBLE SUNSHINE  MM
  AVERAGE SKY COVER 0.0


WEATHER CONDITIONS
 THE FOLLOWING WEATHER WAS RECORDED TODAY.
  FOG


RELATIVE HUMIDITY (PERCENT)
 HIGHEST    96          1200 AM
 LOWEST     38           100 PM
 AVERAGE    67

..........................................................


THE LAWRENCEVILLE IL AIRPORT CLIMATE NORMALS FOR TOMORROW
                         NORMAL    RECORD    YEAR
 MAXIMUM TEMPERATURE (F)   69        MM        MM
 MINIMUM TEMPERATURE (F)   45        MM        MM


SUNRISE AND SUNSET
OCTOBER 17 2014.......SUNRISE   702 AM CDT   SUNSET   609 PM CDT
OCTOBER 18 2014.......SUNRISE   703 AM CDT   SUNSET   608 PM CDT


-  INDICATES NEGATIVE NUMBERS.
R  INDICATES RECORD WAS SET OR TIED.
MM INDICATES DATA IS MISSING.
T  INDICATES TRACE AMOUNT.




$$
