738
CDUS43 KILX 242139
CLILWV


CLIMATE REPORT
NATIONAL WEATHER SERVICE LINCOLN IL
438 PM CDT WED MAY 24 2017


...................................

...THE LAWRENCEVILLE IL AIRPORT CLIMATE SUMMARY FOR MAY 24 2017...
VALID TODAY AS OF 0400 PM LOCAL TIME.

CLIMATE NORMAL PERIOD 1981 TO 2010
CLIMATE RECORD PERIOD 9999 TO 9999


WEATHER ITEM   OBSERVED TIME   RECORD YEAR NORMAL DEPARTURE LAST
                VALUE   (LST)  VALUE       VALUE  FROM      YEAR
                                                  NORMAL
..................................................................
TEMPERATURE (F)
 TODAY
  MAXIMUM         63   1204 AM  MM      MM  79    -16       84
  MINIMUM         58    142 PM  MM      MM  58      0       55
  AVERAGE         61                        68     -7       70

PRECIPITATION (IN)
  TODAY            0.92         MM      MM   0.15   0.77     0.00
  MONTH TO DATE    5.74                      4.68   1.06     3.89
  SINCE MAR 1     13.50                     12.27   1.23    13.15
  SINCE JAN 1     17.65                     16.66   0.99    17.39

DEGREE DAYS
 HEATING
  TODAY            4                         2      2        0
  MONTH TO DATE   92                        75     17      115
  SINCE MAR 1    826                       991   -165      842
  SINCE JUL 1   3881                      4666   -785     4069

 COOLING
  TODAY            0                         5     -5        5
  MONTH TO DATE   85                        73     12       24
  SINCE MAR 1    132                        99     33       45
  SINCE JAN 1    132                        99     33       45
..................................................................


WIND (MPH)
  HIGHEST WIND SPEED    18   HIGHEST WIND DIRECTION    NW (320)
  HIGHEST GUST SPEED    24   HIGHEST GUST DIRECTION    NW (310)
  AVERAGE WIND SPEED     9.5


SKY COVER
  POSSIBLE SUNSHINE  MM
  AVERAGE SKY COVER 1.0


WEATHER CONDITIONS
 THE FOLLOWING WEATHER WAS RECORDED TODAY.
  HEAVY RAIN
  RAIN
  LIGHT RAIN
  FOG


RELATIVE HUMIDITY (PERCENT)
 HIGHEST   100           100 PM
 LOWEST     78          1200 AM
 AVERAGE    89

..........................................................


THE LAWRENCEVILLE IL AIRPORT CLIMATE NORMALS FOR TOMORROW
                         NORMAL    RECORD    YEAR
 MAXIMUM TEMPERATURE (F)   79        MM        MM
 MINIMUM TEMPERATURE (F)   58        MM        MM


SUNRISE AND SUNSET
MAY 24 2017...........SUNRISE   531 AM CDT   SUNSET   804 PM CDT
MAY 25 2017...........SUNRISE   531 AM CDT   SUNSET   804 PM CDT


-  INDICATES NEGATIVE NUMBERS.
R  INDICATES RECORD WAS SET OR TIED.
MM INDICATES DATA IS MISSING.
T  INDICATES TRACE AMOUNT.




$$
