118
CDUS43 KILX 202142
CLILWV


CLIMATE REPORT
NATIONAL WEATHER SERVICE LINCOLN IL
432 PM CDT THU APR 20 2017


...................................

...THE LAWRENCEVILLE IL AIRPORT CLIMATE SUMMARY FOR APRIL 20 2017...
VALID TODAY AS OF 0400 PM LOCAL TIME.

CLIMATE NORMAL PERIOD 1981 TO 2010
CLIMATE RECORD PERIOD 9999 TO 9999


WEATHER ITEM   OBSERVED TIME   RECORD YEAR NORMAL DEPARTURE LAST
                VALUE   (LST)  VALUE       VALUE  FROM      YEAR
                                                  NORMAL
..................................................................
TEMPERATURE (F)
 TODAY
  MAXIMUM         80   1106 AM  MM      MM  68     12       83
  MINIMUM         61    416 AM  MM      MM  47     14       55
  AVERAGE         71                        58     13       69

PRECIPITATION (IN)
  TODAY            0.16         MM      MM   0.13   0.03     0.22
  MONTH TO DATE    1.69                      2.35  -0.66     2.05
  SINCE MAR 1      4.52                      5.78  -1.26     6.21
  SINCE JAN 1      8.67                     10.17  -1.50    10.45

DEGREE DAYS
 HEATING
  TODAY            0                         8     -8        0
  MONTH TO DATE  116                       230   -114      255
  SINCE MAR 1    681                       852   -171      698
  SINCE JUL 1   3736                      4527   -791     3925

 COOLING
  TODAY            6                         1      5        4
  MONTH TO DATE   31                        14     17        9
  SINCE MAR 1     33                        16     17        9
  SINCE JAN 1     33                        16     17        9
..................................................................


WIND (MPH)
  HIGHEST WIND SPEED    26   HIGHEST WIND DIRECTION    SW (220)
  HIGHEST GUST SPEED    31   HIGHEST GUST DIRECTION    SW (230)
  AVERAGE WIND SPEED    13.0


SKY COVER
  POSSIBLE SUNSHINE  MM
  AVERAGE SKY COVER 0.5


WEATHER CONDITIONS
 THE FOLLOWING WEATHER WAS RECORDED TODAY.
  THUNDERSTORM
  HEAVY RAIN
  RAIN
  LIGHT RAIN
  FOG


RELATIVE HUMIDITY (PERCENT)
 HIGHEST    90           400 AM
 LOWEST     54          1000 AM
 AVERAGE    72

..........................................................


THE LAWRENCEVILLE IL AIRPORT CLIMATE NORMALS FOR TOMORROW
                         NORMAL    RECORD    YEAR
 MAXIMUM TEMPERATURE (F)   69        MM        MM
 MINIMUM TEMPERATURE (F)   48        MM        MM


SUNRISE AND SUNSET
APRIL 20 2017.........SUNRISE   607 AM CDT   SUNSET   732 PM CDT
APRIL 21 2017.........SUNRISE   605 AM CDT   SUNSET   733 PM CDT


-  INDICATES NEGATIVE NUMBERS.
R  INDICATES RECORD WAS SET OR TIED.
MM INDICATES DATA IS MISSING.
T  INDICATES TRACE AMOUNT.




$$
