000
CDUS43 KILX 242144
CLILWV


CLIMATE REPORT
NATIONAL WEATHER SERVICE LINCOLN IL
444 PM CDT SUN APR 24 2016


...................................

...THE LAWRENCEVILLE IL AIRPORT CLIMATE SUMMARY FOR APRIL 24 2016...
VALID TODAY AS OF 0400 PM LOCAL TIME.

CLIMATE NORMAL PERIOD 1981 TO 2010
CLIMATE RECORD PERIOD 9999 TO 9999


WEATHER ITEM   OBSERVED TIME   RECORD YEAR NORMAL DEPARTURE LAST
                VALUE   (LST)  VALUE       VALUE  FROM      YEAR
                                                  NORMAL
..................................................................
TEMPERATURE (F)
 TODAY
  MAXIMUM         76    259 PM  MM      MM  70      6       64
  MINIMUM         43    449 AM  MM      MM  49     -6       35
  AVERAGE         60                        59      1       50

PRECIPITATION (IN)
  TODAY            0.00         MM      MM   0.18  -0.18      T
  MONTH TO DATE    3.42                      2.97   0.45     5.77
  SINCE MAR 1      7.58                      6.40   1.18    10.64
  SINCE JAN 1     11.82                     10.79   1.03    13.14

DEGREE DAYS
 HEATING
  TODAY            5                         7     -2       15
  MONTH TO DATE  274                       260     14      186
  SINCE MAR 1    717                       882   -165      911
  SINCE JUL 1   3944                      4557   -613     5185

 COOLING
  TODAY            0                         1     -1        0
  MONTH TO DATE    9                        18     -9        7
  SINCE MAR 1      9                        20    -11        7
  SINCE JAN 1      9                        20    -11        7
..................................................................


WIND (MPH)
  HIGHEST WIND SPEED    15   HIGHEST WIND DIRECTION     S (180)
  HIGHEST GUST SPEED    20   HIGHEST GUST DIRECTION     S (180)
  AVERAGE WIND SPEED     6.0


SKY COVER
  POSSIBLE SUNSHINE  MM
  AVERAGE SKY COVER 0.4


WEATHER CONDITIONS
 THE FOLLOWING WEATHER WAS RECORDED TODAY.
  FOG
  FOG W/VISIBILITY <= 1/4 MILE
  HAZE


RELATIVE HUMIDITY (PERCENT)
 HIGHEST   100           200 AM
 LOWEST     46           300 PM
 AVERAGE    73

..........................................................


THE LAWRENCEVILLE IL AIRPORT CLIMATE NORMALS FOR TOMORROW
                         NORMAL    RECORD    YEAR
 MAXIMUM TEMPERATURE (F)   70        MM        MM
 MINIMUM TEMPERATURE (F)   49        MM        MM


SUNRISE AND SUNSET
APRIL 24 2016.........SUNRISE   601 AM CDT   SUNSET   736 PM CDT
APRIL 25 2016.........SUNRISE   600 AM CDT   SUNSET   737 PM CDT


-  INDICATES NEGATIVE NUMBERS.
R  INDICATES RECORD WAS SET OR TIED.
MM INDICATES DATA IS MISSING.
T  INDICATES TRACE AMOUNT.




$$
