000
CDUS43 KILX 122133
CLILWV


CLIMATE REPORT
NATIONAL WEATHER SERVICE LINCOLN IL
433 PM CDT SAT APR 12 2014


...................................

...THE LAWRENCEVILLE IL AIRPORT CLIMATE SUMMARY FOR APRIL 12 2014...
VALID TODAY AS OF 0400 PM LOCAL TIME.

CLIMATE NORMAL PERIOD 1981 TO 2010
CLIMATE RECORD PERIOD 9999 TO 9999


WEATHER ITEM   OBSERVED TIME   RECORD YEAR NORMAL DEPARTURE LAST
                VALUE   (LST)  VALUE       VALUE  FROM      YEAR
                                                  NORMAL
..................................................................
TEMPERATURE (F)
 TODAY
  MAXIMUM         80    214 PM  MM      MM  66     14       50
  MINIMUM         48   1241 AM  MM      MM  44      4       35
  AVERAGE         64                        55      9       43

PRECIPITATION (IN)
  TODAY            0.00         MM      MM   0.11  -0.11     0.00
  MONTH TO DATE    5.25                      1.34   3.91     1.68
  SINCE MAR 1      6.29                      4.77   1.52     4.93
  SINCE JAN 1      9.05                      9.16  -0.11    13.49

DEGREE DAYS
 HEATING
  TODAY            1                        11    -10       22
  MONTH TO DATE  128                       154    -26      150
  SINCE MAR 1    911                       776    135      969
  SINCE JUL 1   5313                      4451    862     4665

 COOLING
  TODAY            0                         1     -1        0
  MONTH TO DATE    0                         6     -6       16
  SINCE MAR 1      0                         8     -8       16
  SINCE JAN 1      0                         8     -8       16
..................................................................


WIND (MPH)
  HIGHEST WIND SPEED    30   HIGHEST WIND DIRECTION     S (200)
  HIGHEST GUST SPEED    37   HIGHEST GUST DIRECTION     S (190)
  AVERAGE WIND SPEED    12.6


SKY COVER
  POSSIBLE SUNSHINE  MM
  AVERAGE SKY COVER 0.4


WEATHER CONDITIONS
 THE FOLLOWING WEATHER WAS RECORDED TODAY.
  FOG
  HAZE


RELATIVE HUMIDITY (PERCENT)
 HIGHEST    86           100 AM
 LOWEST     42           300 PM
 AVERAGE    64

..........................................................


THE LAWRENCEVILLE IL AIRPORT CLIMATE NORMALS FOR TOMORROW
                         NORMAL    RECORD    YEAR
 MAXIMUM TEMPERATURE (F)   66        MM        MM
 MINIMUM TEMPERATURE (F)   44        MM        MM


SUNRISE AND SUNSET
APRIL 12 2014.........SUNRISE   619 AM CDT   SUNSET   724 PM CDT
APRIL 13 2014.........SUNRISE   617 AM CDT   SUNSET   725 PM CDT


-  INDICATES NEGATIVE NUMBERS.
R  INDICATES RECORD WAS SET OR TIED.
MM INDICATES DATA IS MISSING.
T  INDICATES TRACE AMOUNT.




$$
