000
CDUS43 KILX 262151
CLILWV


CLIMATE REPORT
NATIONAL WEATHER SERVICE LINCOLN IL
441 PM CDT FRI JUN 26 2015


...................................

...THE LAWRENCEVILLE IL AIRPORT CLIMATE SUMMARY FOR JUNE 26 2015...
VALID TODAY AS OF 0400 PM LOCAL TIME.

CLIMATE NORMAL PERIOD 1981 TO 2010
CLIMATE RECORD PERIOD 9999 TO 9999


WEATHER ITEM   OBSERVED TIME   RECORD YEAR NORMAL DEPARTURE LAST
                VALUE   (LST)  VALUE       VALUE  FROM      YEAR
                                                  NORMAL
..................................................................
TEMPERATURE (F)
 TODAY
  MAXIMUM         78    258 PM  MM      MM  88    -10       89
  MINIMUM         70    535 AM  MM      MM  66      4       67
  AVERAGE         74                        77     -3       78

PRECIPITATION (IN)
  TODAY            0.15         MM      MM   0.15   0.00     0.00
  MONTH TO DATE    8.51                      3.42   5.09     3.94
  SINCE JUN 1      8.51                      3.42   5.09     3.94
  SINCE JAN 1     25.47                     20.98   4.49    19.55

DEGREE DAYS
 HEATING
  TODAY            0                         0      0        0
  MONTH TO DATE    8                         6      2        0
  SINCE JUN 1      8                         6      2        0
  SINCE JUL 1   5330                      4679    651     5549

 COOLING
  TODAY            9                        12     -3       13
  MONTH TO DATE  278                       243     35      269
  SINCE JUN 1    278                       243     35      269
  SINCE JAN 1    433                       382     51      460
..................................................................


WIND (MPH)
  HIGHEST WIND SPEED    20   HIGHEST WIND DIRECTION    NW (310)
  HIGHEST GUST SPEED    23   HIGHEST GUST DIRECTION    NW (310)
  AVERAGE WIND SPEED     5.8


SKY COVER
  POSSIBLE SUNSHINE  MM
  AVERAGE SKY COVER 0.3


WEATHER CONDITIONS
 THE FOLLOWING WEATHER WAS RECORDED TODAY.
  THUNDERSTORM
  HEAVY RAIN
  LIGHT RAIN
  FOG


RELATIVE HUMIDITY (PERCENT)
 HIGHEST   100           400 AM
 LOWEST     79           300 PM
 AVERAGE    90

..........................................................


THE LAWRENCEVILLE IL AIRPORT CLIMATE NORMALS FOR TOMORROW
                         NORMAL    RECORD    YEAR
 MAXIMUM TEMPERATURE (F)   88        MM        MM
 MINIMUM TEMPERATURE (F)   66        MM        MM


SUNRISE AND SUNSET
JUNE 26 2015..........SUNRISE   527 AM CDT   SUNSET   819 PM CDT
JUNE 27 2015..........SUNRISE   527 AM CDT   SUNSET   819 PM CDT


-  INDICATES NEGATIVE NUMBERS.
R  INDICATES RECORD WAS SET OR TIED.
MM INDICATES DATA IS MISSING.
T  INDICATES TRACE AMOUNT.




$$
