000
CDUS43 KILX 150634
CLILWV


CLIMATE REPORT
NATIONAL WEATHER SERVICE LINCOLN IL
1234 AM CST MON DEC 15 2014


...................................

...THE LAWRENCEVILLE IL AIRPORT CLIMATE SUMMARY FOR DECEMBER 14 2014...

CLIMATE NORMAL PERIOD 1981 TO 2010
CLIMATE RECORD PERIOD 9999 TO 9999


WEATHER ITEM   OBSERVED TIME   RECORD YEAR NORMAL DEPARTURE LAST
                VALUE   (LST)  VALUE       VALUE  FROM      YEAR
                                                  NORMAL
..................................................................
TEMPERATURE (F)
 YESTERDAY
  MAXIMUM         48    402 PM  MM      MM  42      6       36
  MINIMUM         43    819 AM  MM      MM  27     16       30
  AVERAGE         46                        35     11       33

PRECIPITATION (IN)
  YESTERDAY        0.00         MM      MM   0.08  -0.08     0.75
  MONTH TO DATE    2.42                      1.56   0.86     0.78
  SINCE DEC 1      2.42                      1.56   0.86     0.78
  SINCE JAN 1     41.16                     42.05  -0.89    51.36

DEGREE DAYS
 HEATING
  YESTERDAY       19                        30    -11       32
  MONTH TO DATE  383                       391     -8      498
  SINCE DEC 1    383                       391     -8      498
  SINCE JUL 1   1518                      1249    269     1522

 COOLING
  YESTERDAY        0                         0      0        0
  MONTH TO DATE    0                         0      0        0
  SINCE DEC 1      0                         0      0        0
  SINCE JAN 1   1218                      1387   -169     1287
..................................................................


WIND (MPH)
  HIGHEST WIND SPEED    14   HIGHEST WIND DIRECTION    SE (140)
  HIGHEST GUST SPEED    16   HIGHEST GUST DIRECTION    SE (140)
  AVERAGE WIND SPEED     6.2


SKY COVER
  POSSIBLE SUNSHINE  MM
  AVERAGE SKY COVER 1.0


WEATHER CONDITIONS
 THE FOLLOWING WEATHER WAS RECORDED YESTERDAY.
  FOG
  FOG W/VISIBILITY <= 1/4 MILE


RELATIVE HUMIDITY (PERCENT)
 HIGHEST   100           400 AM
 LOWEST     89           100 AM
 AVERAGE    95

..........................................................


THE LAWRENCEVILLE IL AIRPORT CLIMATE NORMALS FOR TODAY
                         NORMAL    RECORD    YEAR
 MAXIMUM TEMPERATURE (F)   42        MM        MM
 MINIMUM TEMPERATURE (F)   27        MM        MM


SUNRISE AND SUNSET
DECEMBER 15 2014......SUNRISE   701 AM CST   SUNSET   430 PM CST
DECEMBER 16 2014......SUNRISE   702 AM CST   SUNSET   430 PM CST


-  INDICATES NEGATIVE NUMBERS.
R  INDICATES RECORD WAS SET OR TIED.
MM INDICATES DATA IS MISSING.
T  INDICATES TRACE AMOUNT.




$$
