000
CDUS43 KILX 142150
CLILWV


CLIMATE REPORT
NATIONAL WEATHER SERVICE LINCOLN IL
440 PM CDT TUE MAR 14 2017


...................................

...THE LAWRENCEVILLE IL AIRPORT CLIMATE SUMMARY FOR MARCH 14 2017...
VALID TODAY AS OF 0400 PM LOCAL TIME.

CLIMATE NORMAL PERIOD 1981 TO 2010
CLIMATE RECORD PERIOD 9999 TO 9999


WEATHER ITEM   OBSERVED TIME   RECORD YEAR NORMAL DEPARTURE LAST
                VALUE   (LST)  VALUE       VALUE  FROM      YEAR
                                                  NORMAL
..................................................................
TEMPERATURE (F)
 TODAY
  MAXIMUM         36    100 PM  MM      MM  55    -19       65
  MINIMUM         26    751 AM  MM      MM  34     -8       46
  AVERAGE         31                        44    -13       56

PRECIPITATION (IN)
  TODAY            0.00         MM      MM   0.11  -0.11     0.18
  MONTH TO DATE    1.89                      1.19   0.70     2.11
  SINCE MAR 1      1.89                      1.19   0.70     2.11
  SINCE JAN 1      6.04                      5.58   0.46     6.35

DEGREE DAYS
 HEATING
  TODAY           34                        21     13        9
  MONTH TO DATE  306                       320    -14      216
  SINCE MAR 1    306                       320    -14      216
  SINCE JUL 1   3361                      3995   -634     3443

 COOLING
  TODAY            0                         0      0        0
  MONTH TO DATE    0                         0      0        0
  SINCE MAR 1      0                         0      0        0
  SINCE JAN 1      0                         0      0        0
..................................................................


WIND (MPH)
  HIGHEST WIND SPEED    20   HIGHEST WIND DIRECTION    NW (320)
  HIGHEST GUST SPEED    27   HIGHEST GUST DIRECTION    NW (320)
  AVERAGE WIND SPEED    14.5


SKY COVER
  POSSIBLE SUNSHINE  MM
  AVERAGE SKY COVER 0.9


WEATHER CONDITIONS
 THE FOLLOWING WEATHER WAS RECORDED TODAY.
  NO SIGNIFICANT WEATHER WAS OBSERVED.


RELATIVE HUMIDITY (PERCENT)
 HIGHEST    75           400 AM
 LOWEST     51           100 PM
 AVERAGE    63

..........................................................


THE LAWRENCEVILLE IL AIRPORT CLIMATE NORMALS FOR TOMORROW
                         NORMAL    RECORD    YEAR
 MAXIMUM TEMPERATURE (F)   55        MM        MM
 MINIMUM TEMPERATURE (F)   34        MM        MM


SUNRISE AND SUNSET
MARCH 14 2017.........SUNRISE   703 AM CDT   SUNSET   657 PM CDT
MARCH 15 2017.........SUNRISE   701 AM CDT   SUNSET   658 PM CDT


-  INDICATES NEGATIVE NUMBERS.
R  INDICATES RECORD WAS SET OR TIED.
MM INDICATES DATA IS MISSING.
T  INDICATES TRACE AMOUNT.




$$
