899
CDUS43 KILX 230630
CLILWV


CLIMATE REPORT
NATIONAL WEATHER SERVICE LINCOLN IL
129 AM CDT FRI SEP 23 2016


...................................

...THE LAWRENCEVILLE IL AIRPORT CLIMATE SUMMARY FOR SEPTEMBER 22 2016...

CLIMATE NORMAL PERIOD 1981 TO 2010
CLIMATE RECORD PERIOD 9999 TO 9999


WEATHER ITEM   OBSERVED TIME   RECORD YEAR NORMAL DEPARTURE LAST
                VALUE   (LST)  VALUE       VALUE  FROM      YEAR
                                                  NORMAL
..................................................................
TEMPERATURE (F)
 YESTERDAY
  MAXIMUM         MM        MM  MM      MM  80     MM       84
  MINIMUM         60        MM  MM      MM  54      6       49
  AVERAGE         MM                        67     MM       67

PRECIPITATION (IN)
  YESTERDAY        0.00         MM      MM   0.10  -0.10     0.00
  MONTH TO DATE    1.82                      2.29  -0.47     2.03
  SINCE SEP 1      1.82                      2.29  -0.47     2.03
  SINCE JAN 1     34.08                     31.64   2.44    33.97

DEGREE DAYS
 HEATING
  YESTERDAY       MM                         2     MM        0
  MONTH TO DATE    0                        12    -12       11
  SINCE SEP 1      0                        12    -12       11
  SINCE JUL 1      0                        13    -13       11

 COOLING
  YESTERDAY       MM                         4     MM        2
  MONTH TO DATE  204                       145     59      170
  SINCE SEP 1    204                       145     59      170
  SINCE JAN 1   1495                      1328    167     1273
..................................................................


WIND (MPH)
  HIGHEST WIND SPEED     6   HIGHEST WIND DIRECTION    SW (210)
  HIGHEST GUST SPEED    MM   HIGHEST GUST DIRECTION    MM
  AVERAGE WIND SPEED     2.7


SKY COVER
  POSSIBLE SUNSHINE  MM
  AVERAGE SKY COVER 0.0


WEATHER CONDITIONS
 THE FOLLOWING WEATHER WAS RECORDED YESTERDAY.
  FOG


RELATIVE HUMIDITY (PERCENT)
 HIGHEST   100          1200 AM
 LOWEST     54           600 PM
 AVERAGE    77

..........................................................


THE LAWRENCEVILLE IL AIRPORT CLIMATE NORMALS FOR TODAY
                         NORMAL    RECORD    YEAR
 MAXIMUM TEMPERATURE (F)   79        MM        MM
 MINIMUM TEMPERATURE (F)   54        MM        MM


SUNRISE AND SUNSET
SEPTEMBER 23 2016.....SUNRISE   639 AM CDT   SUNSET   645 PM CDT
SEPTEMBER 24 2016.....SUNRISE   640 AM CDT   SUNSET   643 PM CDT


-  INDICATES NEGATIVE NUMBERS.
R  INDICATES RECORD WAS SET OR TIED.
MM INDICATES DATA IS MISSING.
T  INDICATES TRACE AMOUNT.




$$
