000
CXUS53 KILX 011725
CLSLWV
CLIMATE REPORT
NATIONAL WEATHER SERVICE LINCOLN IL
1125 AM CST TUE MAR 01 2022
...................................
...THE LAWRENCEVILLE IL AIRPORT CLIMATE SUMMARY FOR THE WINTER SEASON, FROM
12/1/2021 TO 2/28/2022...
CLIMATE NORMAL PERIOD 1991 TO 2020
CLIMATE RECORD PERIOD 9999 TO 9999
WEATHER OBSERVED NORMAL DEPART LAST YEAR`S
VALUE DATE(S) VALUE FROM VALUE
NORMAL
..............................................................
TEMPERATURE (F)
RECORD
HIGH MM MM
LOW -6 02/17/2021
HIGHEST 70 12/25 MM MM 65
LOWEST 3 01/29 MM MM -6
AVG. MAXIMUM 44.0 42.3 1.7 39.8
AVG. MINIMUM 25.0 25.6 -0.6 24.3
MEAN 34.5 33.9 0.6 32.1
DAYS MAX >= 90 0 0.0 0.0 0
DAYS MAX <= 32 17 18.4 -1.4 18
DAYS MIN <= 32 59 67.0 -8.0 MM
DAYS MIN <= 0 0 2.7 -2.7 MM
PRECIPITATION (INCHES)
RECORD
MAXIMUM 8.06 2021
MINIMUM 8.06 2021
TOTALS MM 7.98 MM 8.06
DAILY AVG. MM 0.09
DAYS >= .01 20 25.5 -5.5 27
DAYS >= .10 12 14.6 -2.6 15
DAYS >= .50 6 5.2 0.8 7
DAYS >= 1.00 2 1.6 0.4 1
GREATEST
24 HR. TOTAL MM 1.96
DEGREE DAYS
HEATING TOTAL 2295 2798 -503 2836
SINCE 7/1 3045 3706 -661 MM
COOLING TOTAL 18 0 18 0
SINCE 1/1 0 0 0 MM
FREEZE DATES
RECORD
EARLIEST MM
LATEST MM
EARLIEST 11/02
LATEST 04/21
..............................................................
WIND (MPH)
AVERAGE WIND SPEED 10.2
HIGHEST WIND SPEED/DIRECTION 44/210 DATE 12/11
HIGHEST GUST SPEED/DIRECTION 62/220 DATE 12/11
SKY COVER
POSSIBLE SUNSHINE (PERCENT) MM
AVERAGE SKY COVER 0.37
NUMBER OF DAYS FAIR 46
NUMBER OF DAYS PC 20
NUMBER OF DAYS CLOUDY 19
AVERAGE RH (PERCENT) 74
WEATHER CONDITIONS. NUMBER OF DAYS WITH
THUNDERSTORM 7 MIXED PRECIP 0
HEAVY RAIN 10 RAIN 16
LIGHT RAIN 26 FREEZING RAIN 2
LT FREEZING RAIN 3 HAIL 0
HEAVY SNOW 0 SNOW 1
LIGHT SNOW 10 SLEET 0
FOG 34 FOG W/VIS <= 1/4 MILE 8
HAZE 5
- INDICATES NEGATIVE NUMBERS.
R INDICATES RECORD WAS SET OR TIED.
MM INDICATES DATA IS MISSING.
T INDICATES TRACE AMOUNT.
$$