000
CXUS55 KEAX 010836
CF6LXT
PRELIMINARY LOCAL CLIMATOLOGICAL DATA (WS FORM: F-6)
STATION: LEE`S SUMMIT MO
MONTH: FEBRUARY
YEAR: 2021
LATITUDE: 38 57 N
LONGITUDE: 94 22 W
TEMPERATURE IN F: :PCPN: SNOW: WIND :SUNSHINE: SKY :PK WND
================================================================================
1 2 3 4 5 6A 6B 7 8 9 10 11 12 13 14 15 16 17 18
12Z AVG MX 2MIN
DY MAX MIN AVG DEP HDD CDD WTR SNW DPTH SPD SPD DIR MIN PSBL S-S WX SPD DR
================================================================================
1 35 26 31 1 34 0 0.00 M M 8.1 18 330 M M 7 23 320
2 39 23 31 1 34 0 0.00 M M 5.6 10 130 M M 6 18 14 170
3 57 27 42 11 23 0 0.00 M M 10.4 20 160 M M 1 30 160
4 47 24 36 5 29 0 T M M 13.4 30 330 M M 5 1 43 340
5 40 23 32 1 33 0 0.00 M M 7.6 16 240 M M 3 23 230
6 25 7 16 -15 49 0 T M M 11.3 20 10 M M 8 1 25 20
7 7 4 6 -26 59 0 0.04 M M 11.7 17 80 M M 8 18 23 80
8 8 5 7 -25 58 0 T M M 10.8 17 20 M M 10 18 22 20
9 13 6 10 -22 55 0 T M M 9.9 15 20 M M 10 1 18 20
10 14 8 11 -21 54 0 T M M 11.8 18 20 M M 10 18 24 30
11 13 8 11 -22 54 0 T M M 13.5 20 10 M M 10 25 40
12 8 1 5 -28 60 0 T M M 14.8 22 20 M M 7 26 360
13 8 -3 3 -30 62 0 0.00 M M 13.7 18 360 M M 5 24 10
14 1 -5 -2 -36 67 0 T M M 14.6 21 30 M M 9 8 27 30
15 -2 -8 -5 -39 70 0 T M M 12.4 21 30 M M 10 8 27 20
16 M -11 M M M M 0.00 M M 5.3 13 70 M M 0 8 15 70
17 21 2 12 -22 53 0 0.05 M M 6.1 13 70 M M 9 15 70
18 26 3 15 -20 50 0 T M M 5.2 13 320 M M 1 18 16 290
19 31 8 20 -15 45 0 0.00 M M 9.3 20 220 M M 1 25 220
20 38 19 29 -7 36 0 0.00 M M 10.5 18 180 M M 1 23 180
21 41 32 37 1 28 0 T M M 13.8 24 170 M M 6 18 36 170
22 59 28 44 8 21 0 0.00 M M 12.1 25 240 M M 0 35 230
23 67 35 51 15 14 0 0.00 M M 9.9 22 220 M M 0 29 200
24 50 30 40 3 25 0 0.00 M M 12.9 21 350 M M 2 27 320
25 44 27 36 -1 29 0 0.00 M M 4.3 9 160 M M 2 12 150
26 48 29 39 1 26 0 0.00 M M 8.5 17 200 M M 5 21 210
27 62 32 47 9 18 0 0.00 M M 11.1 23 180 M M 5 12 30 180
28 52 30 41 3 24 0 T M M 12.4 23 360 M M 4 128 34 330
================================================================================
SM 852 410 1110 0 0.09 M 291.0 M 145
================================================================================
AV 31.6 14.6 10.4 FASTST M M 5 MAX(MPH)
MISC ----> 30 330 43 340
================================================================================
NOTES:
# LAST OF SEVERAL OCCURRENCES
COLUMN 17 PEAK WIND IN M.P.H.
PRELIMINARY LOCAL CLIMATOLOGICAL DATA (WS FORM: F-6) , PAGE 2
STATION: LEE`S SUMMIT MO
MONTH: FEBRUARY
YEAR: 2021
LATITUDE: 38 57 N
LONGITUDE: 94 22 W
[TEMPERATURE DATA] [PRECIPITATION DATA] SYMBOLS USED IN COLUMN 16
AVERAGE MONTHLY: 23.1 TOTAL FOR MONTH: 0.09 1 = FOG OR MIST
DPTR FM NORMAL: -10.8 DPTR FM NORMAL: -1.59 2 = FOG REDUCING VISIBILITY
HIGHEST: 67 ON 23 GRTST 24HR 0.05 ON 17-17 TO 1/4 MILE OR LESS
LOWEST: -11 ON 16 3 = THUNDER
SNOW, ICE PELLETS, HAIL 4 = ICE PELLETS
TOTAL MONTH: M 5 = HAIL
GRTST 24HR M ON M 6 = FREEZING RAIN OR DRIZZLE
GRTST DEPTH: M ON M 7 = DUSTSTORM OR SANDSTORM:
VSBY 1/2 MILE OR LESS
8 = SMOKE OR HAZE
[NO. OF DAYS WITH] [WEATHER - DAYS WITH] 9 = BLOWING SNOW
X = TORNADO
MAX 32 OR BELOW: 13 0.01 INCH OR MORE: 2
MAX 90 OR ABOVE: 0 0.10 INCH OR MORE: 0
MIN 32 OR BELOW: 27 0.50 INCH OR MORE: 0
MIN 0 OR BELOW: 4 1.00 INCH OR MORE: 0
[HDD (BASE 65) ]
TOTAL THIS MO. 1110 CLEAR (SCALE 0-3) 10
DPTR FM NORMAL 239 PTCLDY (SCALE 4-7) 10
TOTAL FM JUL 1 3724 CLOUDY (SCALE 8-10) 8
DPTR FM NORMAL -234
[CDD (BASE 65) ]
TOTAL THIS MO. 0
DPTR FM NORMAL 0 [PRESSURE DATA]
TOTAL FM JAN 1 0 HIGHEST SLP 30.52 ON 18
DPTR FM NORMAL 0 LOWEST SLP 29.71 ON 23
[REMARKS]
#FINAL-02-21#