000
CXUS53 KEAX 010836
CF6LXT
PRELIMINARY LOCAL CLIMATOLOGICAL DATA (WS FORM: F-6)
STATION: LEE`S SUMMIT MO
MONTH: JANUARY
YEAR: 2024
LATITUDE: 38 57 N
LONGITUDE: 94 22 W
TEMPERATURE IN F: :PCPN: SNOW: WIND :SUNSHINE: SKY :PK WND
================================================================================
1 2 3 4 5 6A 6B 7 8 9 10 11 12 13 14 15 16 17 18
12Z AVG MX 2MIN
DY MAX MIN AVG DEP HDD CDD WTR SNW DPTH SPD SPD DIR MIN PSBL S-S WX SPD DR
================================================================================
1 38 26 32 1 33 0 0.00 M M 6.0 12 330 M M 5 14 260
2 45 24 35 4 30 0 0.00 M M 7.5 17 230 M M 0 24 250
3 45 25 35 4 30 0 0.00 M M 5.2 12 340 M M 2 12 14 350
4 38 25 32 1 33 0 0.00 M M 6.5 12 100 M M 3 1 16 70
5 34 29 32 1 33 0 0.11 M M 5.8 14 80 M M 6 1 18 80
6 34 31 33 2 32 0 0.02 M M 6.7 13 290 M M 10 12 18 300
7 39 32 36 6 29 0 0.00 M M 6.9 15 260 M M 5 20 260
8 41 34 38 8 27 0 0.46 M M 11.3 25 170 M M 7 1 38 160
9 33 22 28 -2 37 0 0.08 M M 16.0 31 310 M M 10 18 43 330
10 38 14 26 -4 39 0 0.00 M M 10.6 21 180 M M 0 28 180
11 35 23 29 -1 36 0 T M M 10.4 20 60 M M 3 1 29 60
12 32 8 20 -10 45 0 T M M 18.2 30 290 M M 10 16 42 280
13 8 -8 0 -30 65 0 T M M 15.5 25 300 M M 4 89 33 300
14 -1 -9 -5 -35 70 0 0.00 M M 11.1 25 310 M M 2 31 310
15 3 -9 -3 -33 68 0 T M M 7.9 17 300 M M 5 8 23 290
16 13 -6 4 -26 61 0 0.00 M M 10.8 20 220 M M 0 30 220
17 35 11 23 -7 42 0 0.00 M M 11.5 22 200 M M 0 28 220
18 38 13 26 -4 39 0 T M M 8.3 30 340 M M 6 1 39 330
19 13 2 8 -22 57 0 T M M 12.8 26 340 M M 2 9 35 340
20 14 -4 5 -25 60 0 0.00 M M 5.0 12 350 M M 0 14 350
21 33 6 20 -10 45 0 T M M 12.9 20 180 M M 5 29 190
22 35 31 33 3 32 0 0.26 M M 10.7 24 190 M M 10 16 31 190
23 38 33 36 6 29 0 0.25 M M 4.0 12 10 M M 10 12 15 10
24 40 34 37 7 28 0 0.01 M M 3.6 8 320 M M 10 12 11 50
25 40 36 38 7 27 0 0.53 M M 3.9 10 20 M M 10 12 13 290
26 38 34 36 5 29 0 0.00 M M 5.9 13 340 M M 10 12 16 340
27 39 32 36 5 29 0 0.00 M M 7.9 15 330 M M 10 1 19 330
28 52 31 42 11 23 0 0.00 M M 5.9 14 300 M M 5 18 18 330
29 62 35 49 18 16 0 0.00 M M 8.4 17 300 M M 0 24 280
30 57 35 46 15 19 0 0.00 M M 9.2 21 330 M M 1 27 330
31 61 31 46 15 19 0 0.00 M M 8.8 17 200 M M 0 21 200
================================================================================
SM 1070 621 1162 0 1.72 M 275.2 M 151
================================================================================
AV 34.5 20.0 8.9 FASTST M M 5 MAX(MPH)
MISC ----> 31 310 43 330
================================================================================
NOTES:
# LAST OF SEVERAL OCCURRENCES
COLUMN 17 PEAK WIND IN M.P.H.
PRELIMINARY LOCAL CLIMATOLOGICAL DATA (WS FORM: F-6) , PAGE 2
STATION: LEE`S SUMMIT MO
MONTH: JANUARY
YEAR: 2024
LATITUDE: 38 57 N
LONGITUDE: 94 22 W
[TEMPERATURE DATA] [PRECIPITATION DATA] SYMBOLS USED IN COLUMN 16
AVERAGE MONTHLY: 27.3 TOTAL FOR MONTH: 1.72 1 = FOG OR MIST
DPTR FM NORMAL: -3.3 DPTR FM NORMAL: 0.76 2 = FOG REDUCING VISIBILITY
HIGHEST: 62 ON 29 GRTST 24HR 0.69 ON 8- 9 TO 1/4 MILE OR LESS
LOWEST: -9 ON 15,14 3 = THUNDER
SNOW, ICE PELLETS, HAIL 4 = ICE PELLETS
TOTAL MONTH: M 5 = HAIL
GRTST 24HR M ON M 6 = FREEZING RAIN OR DRIZZLE
GRTST DEPTH: M ON M 7 = DUSTSTORM OR SANDSTORM:
VSBY 1/2 MILE OR LESS
8 = SMOKE OR HAZE
[NO. OF DAYS WITH] [WEATHER - DAYS WITH] 9 = BLOWING SNOW
X = TORNADO
MAX 32 OR BELOW: 7 0.01 INCH OR MORE: 8
MAX 90 OR ABOVE: 0 0.10 INCH OR MORE: 5
MIN 32 OR BELOW: 24 0.50 INCH OR MORE: 1
MIN 0 OR BELOW: 5 1.00 INCH OR MORE: 0
[HDD (BASE 65) ]
TOTAL THIS MO. 1162 CLEAR (SCALE 0-3) 13
DPTR FM NORMAL 94 PTCLDY (SCALE 4-7) 9
TOTAL FM JUL 1 2542 CLOUDY (SCALE 8-10) 9
DPTR FM NORMAL -391
[CDD (BASE 65) ]
TOTAL THIS MO. 0
DPTR FM NORMAL 0 [PRESSURE DATA]
TOTAL FM JAN 1 0 HIGHEST SLP 30.77 ON 20
DPTR FM NORMAL 0 LOWEST SLP 29.33 ON 9
[REMARKS]
#FINAL-01-24#