000
CXUS55 KPUB 011210
CF6LXV
PRELIMINARY LOCAL CLIMATOLOGICAL DATA (WS FORM: F-6)
STATION: LEADVILLE CO
MONTH: MARCH
YEAR: 2022
LATITUDE: 39 15 N
LONGITUDE: 106 18 W
TEMPERATURE IN F: :PCPN: SNOW: WIND :SUNSHINE: SKY :PK WND
================================================================================
1 2 3 4 5 6A 6B 7 8 9 10 11 12 13 14 15 16 17 18
12Z AVG MX 2MIN
DY MAX MIN AVG DEP HDD CDD WTR SNW DPTH SPD SPD DIR MIN PSBL S-S WX SPD DR
================================================================================
1 50 14 32 11 33 0 0.00 M M 7.4 16 10 M M 0 22 360
2 50 11 31 10 34 0 0.00 M M 4.6 13 310 M M 0 19 320
3 47 12 30 9 35 0 0.00 M M 4.9 15 190 M M 0 20 200
4 38 15 27 5 38 0 0.02 M M 5.5 22 180 M M 5 1 30 180
5 31 14 23 1 42 0 0.12 M M 4.5 20 310 M M 8 1 29 310
6 21 5 13 -9 52 0 0.33 M M 6.5 20 10 M M 10 128 27 10
7 19 -9 5 -17 60 0 0.02 M M 4.6 15 310 M M 7 128 21 300
8 20 -16 2 -21 63 0 T M M 6.8 15 300 M M 5 8 20 290
9 23 4 14 -9 51 0 0.10 M M 5.6 20 280 M M 10 128 30 310
10 16 -15 1 -22 64 0 0.01 M M 9.7 20 330 M M 7 18 31 330
11 16 -21 -2 -26 67 0 T M M 11.5 25 300 M M 4 18 36 300
12 34 4 19 -5 46 0 T M M 9.0 22 300 M M 2 18 31 280
13 40 7 24 0 41 0 0.08 M M 6.8 22 360 M M 3 12 33 290
14 37 11 24 0 41 0 T M M 8.3 21 10 M M 3 29 10
15 48 4 26 2 39 0 0.00 M M 6.8 17 320 M M 0 26 330
16 39 20 30 5 35 0 0.07 M M 8.4 23 360 M M 5 1 36 360
17 31 6 19 -6 46 0 0.07 M M 10.4 22 360 M M 8 18 33 360
18 32 -3 15 -10 50 0 0.00 M M 7.3 21 300 M M 0 29 300
19 40 6 23 -3 42 0 0.00 M M 6.7 16 300 M M 1 24 300
20 39 14 27 1 38 0 0.00 M M 7.5 23 180 M M 5 33 200
21 34 10 22 -4 43 0 T M M 12.6 23 10 M M 7 34 350
22 26 9 18 -8 47 0 0.02 M M 13.8 24 10 M M 5 1 42 20
23 34 5 20 -6 45 0 0.00 M M 12.4 30 10 M M 2 48 20
24 44 14 29 2 36 0 0.00 M M 10.7 23 300 M M 0 32 10
25 47 25 36 9 29 0 0.00 M M 9.5 22 280 M M 1 31 290
26 51 26 39 12 26 0 0.00 M M 9.3 25 300 M M 2 35 300
27 52 22 37 10 28 0 0.00 M M 5.6 20 300 M M 0 29 230
28 52 21 37 10 28 0 0.00 M M 6.4 21 300 M M 2 28 290
29 38 25 32 4 33 0 0.06 M M 9.2 21 330 M M 8 1 30 340
30 28 13 21 -7 44 0 0.06 M M 10.7 26 320 M M 9 12 42 350
31 42 9 26 -2 39 0 0.00 M M 5.1 17 240 M M 2 25 250
================================================================================
SM 1119 262 1315 0 0.96 M 248.1 M 121
================================================================================
AV 36.1 8.5 8.0 FASTST M M 4 MAX(MPH)
MISC ----> 30 10 48 20
================================================================================
NOTES:
# LAST OF SEVERAL OCCURRENCES
COLUMN 17 PEAK WIND IN M.P.H.
PRELIMINARY LOCAL CLIMATOLOGICAL DATA (WS FORM: F-6) , PAGE 2
STATION: LEADVILLE CO
MONTH: MARCH
YEAR: 2022
LATITUDE: 39 15 N
LONGITUDE: 106 18 W
[TEMPERATURE DATA] [PRECIPITATION DATA] SYMBOLS USED IN COLUMN 16
AVERAGE MONTHLY: 22.3 TOTAL FOR MONTH: 0.96 1 = FOG OR MIST
DPTR FM NORMAL: -2.3 DPTR FM NORMAL: -0.06 2 = FOG REDUCING VISIBILITY
HIGHEST: 52 ON 28,27 GRTST 24HR 0.33 ON 6- 6 TO 1/4 MILE OR LESS
LOWEST: -21 ON 11 3 = THUNDER
SNOW, ICE PELLETS, HAIL 4 = ICE PELLETS
TOTAL MONTH: M 5 = HAIL
GRTST 24HR M ON M 6 = FREEZING RAIN OR DRIZZLE
GRTST DEPTH: M ON M 7 = DUSTSTORM OR SANDSTORM:
VSBY 1/2 MILE OR LESS
8 = SMOKE OR HAZE
[NO. OF DAYS WITH] [WEATHER - DAYS WITH] 9 = BLOWING SNOW
X = TORNADO
MAX 32 OR BELOW: 11 0.01 INCH OR MORE: 12
MAX 90 OR ABOVE: 0 0.10 INCH OR MORE: 3
MIN 32 OR BELOW: 31 0.50 INCH OR MORE: 0
MIN 0 OR BELOW: 5 1.00 INCH OR MORE: 0
[HDD (BASE 65) ]
TOTAL THIS MO. 1315 CLEAR (SCALE 0-3) 16
DPTR FM NORMAL 63 PTCLDY (SCALE 4-7) 10
TOTAL FM JUL 1 8418 CLOUDY (SCALE 8-10) 5
DPTR FM NORMAL -430
[CDD (BASE 65) ]
TOTAL THIS MO. 0
DPTR FM NORMAL 0 [PRESSURE DATA]
TOTAL FM JAN 1 0 HIGHEST SLP 30.48 ON 11
DPTR FM NORMAL 0 LOWEST SLP 29.33 ON 29
[REMARKS]
#FINAL-03-22#