000
CXUS51 KRNK 010638
CF6LYH
PRELIMINARY LOCAL CLIMATOLOGICAL DATA (WS FORM: F-6)
STATION: LYNCHBURG VA
MONTH: JUNE
YEAR: 2021
LATITUDE: 37 19 N
LONGITUDE: 79 12 W
TEMPERATURE IN F: :PCPN: SNOW: WIND :SUNSHINE: SKY :PK WND
================================================================================
1 2 3 4 5 6A 6B 7 8 9 10 11 12 13 14 15 16 17 18
12Z AVG MX 2MIN
DY MAX MIN AVG DEP HDD CDD WTR SNW DPTH SPD SPD DIR MIN PSBL S-S WX SPD DR
================================================================================
1 80 50 65 -3 0 0 0.00 0.0 0 5.0 14 190 M M 0 1 19 180
2 80 59 70 2 0 5 T 0.0 0 5.1 15 150 M M 4 19 90
3 85 67 76 7 0 11 0.05 0.0 0 6.6 17 190 M M 7 1 21 310
4 87 63 75 6 0 10 0.00 0.0 0 3.8 15 310 M M 3 20 300
5 91 58 75 6 0 10 0.00 0.0 0 3.2 12 180 M M 0 18 160
6 92 66 79 9 0 14 0.00 0.0 0 5.6 16 200 M M 1 19 210
7 86 70 78 8 0 13 0.05 0.0 0 6.7 23 180 M M 6 13 29 190
8 89 68 79 9 0 14 0.01 0.0 0 5.3 12 200 M M 5 123 24 270
9 88 68 78 8 0 13 0.41 0.0 0 2.3 9 190 M M 4 13 13 110
10 85 70 78 7 0 13 1.21 0.0 0 3.4 21 190 M M 7 13 25 190
11 86 69 78 7 0 13 2.61 0.0 0 4.2 13 30 M M 9 123 19 150
12 77 67 72 1 0 7 0.01 0.0 0 4.8 13 50 M M 9 1 16 20
13 84 65 75 3 0 10 0.11 0.0 0 2.6 16 160 M M 7 13 19 330
14 90 63 77 5 0 12 0.00 0.0 0 3.4 10 240 M M 2 1 14 250
15 83 65 74 2 0 9 0.00 0.0 0 4.4 15 20 M M 2 22 20
16 82 60 71 -1 0 6 T 0.0 0 3.8 13 10 M M 2 19 350
17 82 54 68 -4 0 3 0.00 0.0 0 2.8 12 20 M M 0 16 30
18 88 53 71 -2 0 6 0.00 0.0 0 4.7 15 200 M M 0 19 210
19 90 67 79 6 0 14 0.00 0.0 0 4.6 12 300 M M 0 19 280
20 87 68 78 5 0 13 0.00 0.0 0 5.8 15 200 M M 2 20 190
21 94 69 82 9 0 17 0.01 0.0 0 5.3 14 210 M M 3 123 20 210
22 77 57 67 -7 0 2 0.67 0.0 0 3.0 14 350 M M 4 1 25 350
23 76 55 66 -8 0 1 0.00 0.0 0 4.7 12 90 M M 5 1 16 50
24 79 54 67 -7 0 2 0.00 0.0 0 2.4 12 40 M M 5 15 40
25 81 54 68 -6 0 3 0.00 0.0 0 2.5 9 150 M M 4 12 130
26 88 70 79 5 0 14 T 0.0 0 6.9 15 180 M M 6 1 20 200
27 90 70 80 5 0 15 0.00 0.0 0 6.4 15 190 M M 4 19 180
28 93 68 81 6 0 16 0.00 0.0 0 4.2 14 170 M M 1 18 170
29 91 68 80 5 0 15 0.00 0.0 0 4.8 15 180 M M 2 19 210
30 95 68 82 7 0 17 0.12 0.0 0 4.3 15 200 M M 1 1 22 200
================================================================================
SM 2576 1903 0 298 5.26 0.0 132.6 M 105
================================================================================
AV 85.9 63.4 4.4 FASTST M M 4 MAX(MPH)
MISC ----> 23 180 29 190
================================================================================
NOTES:
# LAST OF SEVERAL OCCURRENCES
COLUMN 17 PEAK WIND IN M.P.H.
PRELIMINARY LOCAL CLIMATOLOGICAL DATA (WS FORM: F-6) , PAGE 2
STATION: LYNCHBURG VA
MONTH: JUNE
YEAR: 2021
LATITUDE: 37 19 N
LONGITUDE: 79 12 W
[TEMPERATURE DATA] [PRECIPITATION DATA] SYMBOLS USED IN COLUMN 16
AVERAGE MONTHLY: 74.7 TOTAL FOR MONTH: 5.26 1 = FOG OR MIST
DPTR FM NORMAL: 2.7 DPTR FM NORMAL: 1.44 2 = FOG REDUCING VISIBILITY
HIGHEST: 95 ON 30 GRTST 24HR 2.76 ON 10-11 TO 1/4 MILE OR LESS
LOWEST: 50 ON 1 3 = THUNDER
SNOW, ICE PELLETS, HAIL 4 = ICE PELLETS
TOTAL MONTH: 0.0 INCH 5 = HAIL
GRTST 24HR 0.0 6 = FREEZING RAIN OR DRIZZLE
GRTST DEPTH: 0 7 = DUSTSTORM OR SANDSTORM:
VSBY 1/2 MILE OR LESS
8 = SMOKE OR HAZE
[NO. OF DAYS WITH] [WEATHER - DAYS WITH] 9 = BLOWING SNOW
X = TORNADO
MAX 32 OR BELOW: 0 0.01 INCH OR MORE: 11
MAX 90 OR ABOVE: 9 0.10 INCH OR MORE: 6
MIN 32 OR BELOW: 0 0.50 INCH OR MORE: 3
MIN 0 OR BELOW: 0 1.00 INCH OR MORE: 2
[HDD (BASE 65) ]
TOTAL THIS MO. 0 CLEAR (SCALE 0-3) 14
DPTR FM NORMAL -12 PTCLDY (SCALE 4-7) 14
TOTAL FM JUL 1 3724 CLOUDY (SCALE 8-10) 2
DPTR FM NORMAL -567
[CDD (BASE 65) ]
TOTAL THIS MO. 298
DPTR FM NORMAL 77 [PRESSURE DATA]
TOTAL FM JAN 1 421 HIGHEST SLP M ON M
DPTR FM NORMAL 98 LOWEST SLP 29.67 ON 21
[REMARKS]
#FINAL-06-21#