000
CXUS54 KLZK 030814
CF6LZK
PRELIMINARY LOCAL CLIMATOLOGICAL DATA (WS FORM: F-6)
STATION: NORTH LITTLE ROCK
MONTH: JUNE
YEAR: 2023
LATITUDE: 34 50 N
LONGITUDE: 92 16 W
TEMPERATURE IN F: :PCPN: SNOW: WIND :SUNSHINE: SKY :PK WND
================================================================================
1 2 3 4 5 6A 6B 7 8 9 10 11 12 13 14 15 16 17 18
12Z AVG MX 2MIN
DY MAX MIN AVG DEP HDD CDD WTR SNW DPTH SPD SPD DIR MIN PSBL S-S WX SPD DR
================================================================================
1 90 66 78 3 0 13 0.00 0.0 0 M M M M M M M M
2 92 69 81 6 0 16 0.00 0.0 0 M M M M M M M M
3 93 70 82 7 0 17 0.00 0.0 0 M M M M M M M M
4 92 66 79 3 0 14 0.00 0.0 0 M M M M M M M M
5 93 71 82 6 0 17 T 0.0 0 M M M M M M M M
6 90 67 79 3 0 14 0.00 0.0 0 M M M M M M M M
7 89 67 78 2 0 13 0.00 0.0 0 M M M M M M M M
8 87 68 78 2 0 13 T 0.0 0 M M M M M M 3 M M
9 83 66 75 -2 0 10 0.52 0.0 0 M M M M M M 13 M M
10 83 67 75 -2 0 10 0.69 0.0 0 M M M M M M 3 M M
11 90 66 78 1 0 13 0.00 0.0 0 M M M M M M M M
12 76 66 71 -7 0 6 0.00 0.0 0 M M M M M M M M
13 80 65 73 -5 0 8 T 0.0 0 M M M M M M M M
14 84 66 75 -3 0 10 0.81 T 0 M M M M M M 135 M M
15 88 66 77 -1 0 12 0.00 0.0 0 M M M M M M 12 M M
16 87 71 79 1 0 14 0.02 0.0 0 M M M M M M 1 M M
17 90 69 80 2 0 15 0.00 0.0 0 M M M M M M 1 M M
18 79 66 73 -6 0 8 0.99 0.0 0 M M M M M M 13 41 235
19 88 67 78 -1 0 13 0.00 0.0 0 M M M M M M M M
20 89 71 80 1 0 15 0.00 0.0 0 M M M M M M M M
21 88 72 80 1 0 15 0.00 0.0 0 M M M M M M M M
22 88 69 79 0 0 14 0.00 0.0 0 M M M M M M M M
23 92 69 81 1 0 16 0.00 0.0 0 M M M M M M M M
24 93 72 83 3 0 18 0.00 0.0 0 M M M M M M M M
25 97 69 83 3 0 18 1.68 T 0 M M M M M M 135 48 315
26 91 71 81 1 0 16 0.00 0.0 0 M M M M M M M M
27 90 72 81 1 0 16 0.01 0.0 0 M M M M M M M M
28 95 71 83 3 0 18 0.00 0.0 0 M M M M M M M M
29 97 78 88 8 0 23 0.00 0.0 0 M M M M M M M M
30 97 79 88 8 0 23 0.00 0.0 0 M M M M M M M M
================================================================================
SM 2671 2072 0 428 4.72 T M M M
================================================================================
AV 89.0 69.1 M FASTST M M M MAX(MPH)
MISC ----> M M 48 315
================================================================================
NOTES:
# LAST OF SEVERAL OCCURRENCES
COLUMN 17 PEAK WIND IN M.P.H.
PRELIMINARY LOCAL CLIMATOLOGICAL DATA (WS FORM: F-6) , PAGE 2
STATION: NORTH LITTLE ROCK
MONTH: JUNE
YEAR: 2023
LATITUDE: 34 50 N
LONGITUDE: 92 16 W
[TEMPERATURE DATA] [PRECIPITATION DATA] SYMBOLS USED IN COLUMN 16
AVERAGE MONTHLY: 79.1 TOTAL FOR MONTH: 4.72 1 = FOG OR MIST
DPTR FM NORMAL: 1.1 DPTR FM NORMAL: 1.32 2 = FOG REDUCING VISIBILITY
HIGHEST: 97 ON 25,30 GRTST 24HR 1.68 ON 25-25 TO 1/4 MILE OR LESS
LOWEST: 65 ON 13 3 = THUNDER
SNOW, ICE PELLETS, HAIL 4 = ICE PELLETS
TOTAL MONTH: T 5 = HAIL
GRTST 24HR T ON 14-14 6 = FREEZING RAIN OR DRIZZLE
GRTST DEPTH: 0 7 = DUSTSTORM OR SANDSTORM:
VSBY 1/2 MILE OR LESS
8 = SMOKE OR HAZE
[NO. OF DAYS WITH] [WEATHER - DAYS WITH] 9 = BLOWING SNOW
X = TORNADO
MAX 32 OR BELOW: 0 0.01 INCH OR MORE: 7
MAX 90 OR ABOVE: 16 0.10 INCH OR MORE: 5
MIN 32 OR BELOW: 0 0.50 INCH OR MORE: 5
MIN 0 OR BELOW: 0 1.00 INCH OR MORE: 1
[HDD (BASE 65) ]
TOTAL THIS MO. 0 CLEAR (SCALE 0-3) 0
DPTR FM NORMAL -1 PTCLDY (SCALE 4-7) 0
TOTAL FM JUL 1 2698 CLOUDY (SCALE 8-10) 30
DPTR FM NORMAL -446
[CDD (BASE 65) ]
TOTAL THIS MO. 428
DPTR FM NORMAL 39 [PRESSURE DATA]
TOTAL FM JAN 1 714 HIGHEST SLP M ON M
DPTR FM NORMAL 68 LOWEST SLP M ON M
[REMARKS]
#FINAL-06-23#