000
CXUS54 KLZK 011230
CF6M19
PRELIMINARY LOCAL CLIMATOLOGICAL DATA (WS FORM: F-6)
STATION: NEWPORT AIRPORT
MONTH: MARCH
YEAR: 2023
LATITUDE: 35 35 N
LONGITUDE: 91 16 W
TEMPERATURE IN F: :PCPN: SNOW: WIND :SUNSHINE: SKY :PK WND
================================================================================
1 2 3 4 5 6A 6B 7 8 9 10 11 12 13 14 15 16 17 18
12Z AVG MX 2MIN
DY MAX MIN AVG DEP HDD CDD WTR SNW DPTH SPD SPD DIR MIN PSBL S-S WX SPD DR
================================================================================
1 71 51 61 15 4 0 0.71 M M 9.3 20 210 M M 5 1 30 210
2 61 50 56 10 9 0 0.65 M M 14.6 28 30 M M 8 13 31 30
3 62 47 55 9 10 0 1.73 M M 18.3 37 310 M M 9 13 46 300
4 59 47 53 6 12 0 0.00 M M 6.0 10 50 M M 5 M M
5 69 43 56 9 9 0 T M M 6.7 16 170 M M 1 12 M M
6 72 51 62 14 3 0 0.00 M M 12.1 23 200 M M 1 25 210
7 60 46 53 5 12 0 0.00 M M 15.8 24 30 M M 0 30 40
8 51 44 48 0 17 0 0.01 M M 12.0 20 80 M M 9 1 M M
9 52 45 49 1 16 0 T M M 6.2 13 360 M M 10 1 M M
10 56 39 48 -1 17 0 0.00 M M 9.6 18 320 M M 2 26 330
11 46 39 43 -6 22 0 0.00 M M 9.5 20 100 M M 7 1 M M
12 56 42 49 -1 16 0 0.00 M M 12.5 20 350 M M 6 1 24 350
13 49 32 41 -9 24 0 0.00 M M 11.7 18 30 M M 1 24 350
14 45 28 37 -13 28 0 0.00 M M 7.0 14 30 M M 0 M M
15 54 29 42 -8 23 0 0.00 M M 6.6 12 150 M M 0 1 M M
16 60 45 53 2 12 0 0.00 M M 15.6 28 170 M M 9 18 35 150
17 54 36 45 -6 20 0 0.00 M M 18.2 28 300 M M 3 39 330
18 45 29 37 -14 28 0 0.00 M M 14.6 24 320 M M 0 32 320
19 44 24 34 -18 31 0 0.00 M M 9.0 15 340 M M 0 M M
20 52 27 40 -12 25 0 0.00 M M 11.4 18 210 M M 0 24 190
21 46 40 43 -9 22 0 0.57 M M 10.7 22 140 M M 10 25 160
22 72 46 59 6 6 0 0.00 M M 13.3 20 200 M M 8 1 M M
23 78 65 72 19 0 7 0.00 M M 18.9 26 200 M M 5 33 200
24 70 58 64 11 1 0 3.00 M M 15.4 35 50 M M 8 13 41 50
25 63 49 56 2 9 0 0.00 M M 8.5 18 250 M M 2 8 25 250
26 74 47 61 7 4 0 0.00 M M 5.0 16 330 M M 0 31 340
27 62 45 54 0 11 0 0.00 M M 10.8 20 330 M M 1 32 340
28 61 44 53 -2 12 0 0.00 M M 11.7 18 360 M M 3 21 340
29 61 38 50 -5 15 0 0.00 M M 5.9 9 50 M M 0 M M
30 72 46 59 4 6 0 0.00 M M 9.5 18 160 M M 8 3 23 160
31 73 58 66 10 0 1 T M M 16.8 27 190 M M 8 3 36 180
================================================================================
SM 1850 1330 424 8 6.67 M 353.3 M 129
================================================================================
AV 59.7 42.9 11.4 FASTST M M 4 MAX(MPH)
MISC ----> 37 310 46 300
================================================================================
NOTES:
# LAST OF SEVERAL OCCURRENCES
COLUMN 17 PEAK WIND IN M.P.H.
PRELIMINARY LOCAL CLIMATOLOGICAL DATA (WS FORM: F-6) , PAGE 2
STATION: NEWPORT AIRPORT
MONTH: MARCH
YEAR: 2023
LATITUDE: 35 35 N
LONGITUDE: 91 16 W
[TEMPERATURE DATA] [PRECIPITATION DATA] SYMBOLS USED IN COLUMN 16
AVERAGE MONTHLY: 51.3 TOTAL FOR MONTH: 6.67 1 = FOG OR MIST
DPTR FM NORMAL: 0.6 DPTR FM NORMAL: 2.11 2 = FOG REDUCING VISIBILITY
HIGHEST: 78 ON 23 GRTST 24HR 3.00 ON 24-24 TO 1/4 MILE OR LESS
LOWEST: 24 ON 19 3 = THUNDER
SNOW, ICE PELLETS, HAIL 4 = ICE PELLETS
TOTAL MONTH: M 5 = HAIL
GRTST 24HR M ON M 6 = FREEZING RAIN OR DRIZZLE
GRTST DEPTH: M ON M 7 = DUSTSTORM OR SANDSTORM:
VSBY 1/2 MILE OR LESS
8 = SMOKE OR HAZE
[NO. OF DAYS WITH] [WEATHER - DAYS WITH] 9 = BLOWING SNOW
X = TORNADO
MAX 32 OR BELOW: 0 0.01 INCH OR MORE: 6
MAX 90 OR ABOVE: 0 0.10 INCH OR MORE: 5
MIN 32 OR BELOW: 6 0.50 INCH OR MORE: 5
MIN 0 OR BELOW: 0 1.00 INCH OR MORE: 2
[HDD (BASE 65) ]
TOTAL THIS MO. 424 CLEAR (SCALE 0-3) 15
DPTR FM NORMAL -25 PTCLDY (SCALE 4-7) 10
TOTAL FM JUL 1 2898 CLOUDY (SCALE 8-10) 6
DPTR FM NORMAL -505
[CDD (BASE 65) ]
TOTAL THIS MO. 8
DPTR FM NORMAL 1 [PRESSURE DATA]
TOTAL FM JAN 1 8 HIGHEST SLP M ON M
DPTR FM NORMAL 1 LOWEST SLP M ON M
[REMARKS]
#FINAL-03-23#