000
CXUS54 KLZK 011130
CF6M19
PRELIMINARY LOCAL CLIMATOLOGICAL DATA (WS FORM: F-6)
STATION: NEWPORT AIRPORT
MONTH: JUNE
YEAR: 2021
LATITUDE: 35 35 N
LONGITUDE: 91 16 W
TEMPERATURE IN F: :PCPN: SNOW: WIND :SUNSHINE: SKY :PK WND
================================================================================
1 2 3 4 5 6A 6B 7 8 9 10 11 12 13 14 15 16 17 18
12Z AVG MX 2MIN
DY MAX MIN AVG DEP HDD CDD WTR SNW DPTH SPD SPD DIR MIN PSBL S-S WX SPD DR
================================================================================
1 66 62 64 -10 1 0 1.28 M M 7.6 14 80 M M 10 1 M M
2 77 65 71 -3 0 6 0.14 M M 6.6 10 310 M M 9 1 M M
3 81 62 72 -3 0 7 0.00 M M 5.9 12 310 M M 6 M M
4 85 63 74 -1 0 9 0.00 M M 2.3 5 120 M M 0 1 M M
5 86 64 75 0 0 10 0.07 M M 5.3 18 140 M M 4 1 30 140
6 82 67 75 -1 0 10 0.37 M M 8.6 17 140 M M 9 13 22 140
7 81 68 75 -1 0 10 0.80 M M 11.3 31 200 M M 8 1 36 200
8 77 68 73 -3 0 8 0.02 M M 9.6 18 180 M M 8 M M
9 88 69 79 3 0 14 T M M 5.6 12 170 M M 7 1238 M M
10 89 73 81 4 0 16 0.25 0.0 0 5.7 14 200 M M 4 128 M M
11 92 74 83 6 0 18 T 0.0 0 6.9 14 290 M M 6 13 M M
12 94 71 83 6 0 18 T 0.0 0 6.3 16 180 M M 1 M M
13 92 72 82 5 0 17 0.00 0.0 0 7.9 14 340 M M 2 M M
14 92 67 80 2 0 15 0.00 0.0 M 6.4 9 10 M M 0 18 M M
15 90 70 80 2 0 15 0.00 0.0 0 7.7 12 30 M M 1 1 M M
16 90 69 80 2 0 15 0.00 M M 4.8 9 230 M M 3 M M
17 93 70 82 4 0 17 0.00 M M 7.3 15 200 M M 1 M M
18 92 72 82 3 0 17 0.00 M M 8.1 15 180 M M 0 M M
19 91 68 80 1 0 15 0.00 M M 4.7 9 190 M M 1 M M
20 94 72 83 4 0 18 0.00 0.0 0 10.8 22 210 M M 1 29 210
21 84 60 72 -7 0 7 0.04 0.0 0 12.1 30 330 M M 5 1 40 320
22 79 54 67 -12 0 2 0.00 0.0 0 8.2 17 50 M M 0 21 50
23 86 58 72 -8 0 7 0.00 0.0 0 6.2 13 170 M M 0 M M
24 93 68 81 1 0 16 0.00 0.0 0 9.2 15 180 M M 1 8 M M
25 93 78 86 6 0 21 0.00 0.0 0 12.9 22 160 M M 1 25 160
26 91 76 84 4 0 19 0.00 0.0 0 14.5 20 170 M M 6 30 160
27 92 75 84 4 0 19 0.00 0.0 0 10.8 18 170 M M 1 M M
28 94 72 83 3 0 18 0.00 0.0 0 7.5 16 170 M M 1 20 140
29 94 73 84 4 0 19 0.00 M M 5.0 10 170 M M 0 8 M M
30 94 72 83 3 0 18 0.00 M M 7.4 13 220 M M 2 16 220
================================================================================
SM 2632 2052 1 401 2.97 0.0 233.3 M 98
================================================================================
AV 87.7 68.4 7.8 FASTST M M 3 MAX(MPH)
MISC ----> 31 200 40 320
================================================================================
NOTES:
# LAST OF SEVERAL OCCURRENCES
COLUMN 17 PEAK WIND IN M.P.H.
PRELIMINARY LOCAL CLIMATOLOGICAL DATA (WS FORM: F-6) , PAGE 2
STATION: NEWPORT AIRPORT
MONTH: JUNE
YEAR: 2021
LATITUDE: 35 35 N
LONGITUDE: 91 16 W
[TEMPERATURE DATA] [PRECIPITATION DATA] SYMBOLS USED IN COLUMN 16
AVERAGE MONTHLY: 78.1 TOTAL FOR MONTH: 2.97 1 = FOG OR MIST
DPTR FM NORMAL: 0.3 DPTR FM NORMAL: -0.53 2 = FOG REDUCING VISIBILITY
HIGHEST: 94 ON 30,29 GRTST 24HR 1.28 ON 1- 1 TO 1/4 MILE OR LESS
LOWEST: 54 ON 22 3 = THUNDER
SNOW, ICE PELLETS, HAIL 4 = ICE PELLETS
TOTAL MONTH: 0.0 INCH 5 = HAIL
GRTST 24HR 0.0 6 = FREEZING RAIN OR DRIZZLE
GRTST DEPTH: 0 7 = DUSTSTORM OR SANDSTORM:
VSBY 1/2 MILE OR LESS
8 = SMOKE OR HAZE
[NO. OF DAYS WITH] [WEATHER - DAYS WITH] 9 = BLOWING SNOW
X = TORNADO
MAX 32 OR BELOW: 0 0.01 INCH OR MORE: 8
MAX 90 OR ABOVE: 17 0.10 INCH OR MORE: 5
MIN 32 OR BELOW: 0 0.50 INCH OR MORE: 2
MIN 0 OR BELOW: 0 1.00 INCH OR MORE: 1
[HDD (BASE 65) ]
TOTAL THIS MO. 1 CLEAR (SCALE 0-3) 18
DPTR FM NORMAL 0 PTCLDY (SCALE 4-7) 9
TOTAL FM JUL 1 3627 CLOUDY (SCALE 8-10) 3
DPTR FM NORMAL 8
[CDD (BASE 65) ]
TOTAL THIS MO. 401
DPTR FM NORMAL 17 [PRESSURE DATA]
TOTAL FM JAN 1 554 HIGHEST SLP M ON M
DPTR FM NORMAL -55 LOWEST SLP M ON M
[REMARKS]
#FINAL-06-21#