000
CXUS54 KMAF 011542
CF6MAF
PRELIMINARY LOCAL CLIMATOLOGICAL DATA (WS FORM: F-6)
STATION: MIDLAND INTERNATIONAL AIRPORT
MONTH: FEBRUARY
YEAR: 2024
LATITUDE: 31 57 N
LONGITUDE: 102 11 W
TEMPERATURE IN F: :PCPN: SNOW: WIND :SUNSHINE: SKY :PK WND
================================================================================
1 2 3 4 5 6A 6B 7 8 9 10 11 12 13 14 15 16 17 18
12Z AVG MX 2MIN
DY MAX MIN AVG DEP HDD CDD WTR SNW DPTH SPD SPD DIR MIN PSBL S-S WX SPD DR
================================================================================
1 74 46 60 13 5 0 0.00 0.0 0 10.4 17 180 M M 0 23 190
2 74 51 63 15 2 0 0.00 0.0 0 15.7 37 280 M M 0 8 53 300
3 61 43 52 4 13 0 0.00 0.0 0 24.8 36 270 M M 0 48 250
4 63 42 53 5 12 0 0.00 0.0 0 19.0 30 320 M M 0 48 330
5 59 37 48 0 17 0 0.00 0.0 0 7.8 15 10 M M 1 20 30
6 63 34 49 1 16 0 0.00 0.0 0 11.5 23 140 M M 0 28 140
7 66 49 58 10 7 0 0.00 0.0 0 14.7 30 310 M M 2 39 310
8 60 37 49 0 16 0 0.00 0.0 0 10.3 22 220 M M 0 29 230
9 64 43 54 5 11 0 0.00 0.0 0 6.8 21 290 M M 0 25 290
10 66 45 56 7 9 0 0.03 0.0 0 9.8 25 30 M M 2 33 20
11 49 32 41 -8 24 0 0.01 T 0 13.8 25 20 M M 8 1 30 360
12 57 26 42 -8 23 0 0.00 0.0 0 8.2 20 330 M M 1 25 320
13 66 29 48 -2 17 0 0.00 0.0 0 7.6 17 180 M M 0 22 210
14 72 38 55 5 10 0 0.00 0.0 0 10.1 21 230 M M 0 30 230
15 72 39 56 6 9 0 0.00 0.0 0 8.7 17 180 M M 0 22 170
16 62 39 51 1 14 0 0.00 0.0 0 14.1 23 60 M M 0 32 50
17 40 27 34 -17 31 0 0.00 0.0 0 14.9 23 30 M M 7 32 50
18 53 24 39 -12 26 0 0.00 0.0 0 6.6 17 160 M M 1 22 160
19 74 36 55 4 10 0 0.00 0.0 0 8.1 18 260 M M 0 24 280
20 82 44 63 12 2 0 0.00 0.0 0 10.9 22 240 M M 0 32 240
21 86 46 66 14 0 1 0.00 0.0 0 10.0 25 200 M M 0 34 200
22 74 42 58 6 7 0 0.00 0.0 0 11.9 26 320 M M 0 34 10
23 67 37 52 0 13 0 0.00 0.0 0 5.4 13 70 M M 0 17 130
24 75 41 58 6 7 0 0.00 0.0 0 9.7 23 180 M M 0 33 180
25 83 42 63 11 2 0 0.00 0.0 0 8.8 20 260 M M 0 26 270
26 86 57 72 19 0 7 0.00 0.0 0 11.5 23 280 M M 0 30 240
27 79 56 68 15 0 3 0.00 0.0 0 16.8 43 260 M M 0 8 57 270
28 71 36 54 1 11 0 0.05 0.0 0 16.1 36 20 M M 2 8 42 10
29 53 33 43 -11 22 0 0.29 T 0 9.9 20 120 M M 5 25 160
================================================================================
SM 1951 1151 336 11 0.38 T 333.9 M 29
================================================================================
AV 67.3 39.7 11.5 FASTST M M 1 MAX(MPH)
MISC ----> 43 260 57 270
================================================================================
NOTES:
# LAST OF SEVERAL OCCURRENCES
COLUMN 17 PEAK WIND IN M.P.H.
PRELIMINARY LOCAL CLIMATOLOGICAL DATA (WS FORM: F-6) , PAGE 2
STATION: MIDLAND INTERNATIONAL AIRPORT
MONTH: FEBRUARY
YEAR: 2024
LATITUDE: 31 57 N
LONGITUDE: 102 11 W
[TEMPERATURE DATA] [PRECIPITATION DATA] SYMBOLS USED IN COLUMN 16
AVERAGE MONTHLY: 53.5 TOTAL FOR MONTH: 0.38 1 = FOG OR MIST
DPTR FM NORMAL: 3.3 DPTR FM NORMAL: -0.20 2 = FOG REDUCING VISIBILITY
HIGHEST: 86 ON 26,21 GRTST 24HR 0.34 ON 28-29 TO 1/4 MILE OR LESS
LOWEST: 24 ON 18 3 = THUNDER
SNOW, ICE PELLETS, HAIL 4 = ICE PELLETS
TOTAL MONTH: T 5 = HAIL
GRTST 24HR T ON 11-11 6 = FREEZING RAIN OR DRIZZLE
GRTST DEPTH: 0 7 = DUSTSTORM OR SANDSTORM:
VSBY 1/2 MILE OR LESS
8 = SMOKE OR HAZE
[NO. OF DAYS WITH] [WEATHER - DAYS WITH] 9 = BLOWING SNOW
X = TORNADO
MAX 32 OR BELOW: 0 0.01 INCH OR MORE: 4
MAX 90 OR ABOVE: 0 0.10 INCH OR MORE: 1
MIN 32 OR BELOW: 5 0.50 INCH OR MORE: 0
MIN 0 OR BELOW: 0 1.00 INCH OR MORE: 0
[HDD (BASE 65) ]
TOTAL THIS MO. 336 CLEAR (SCALE 0-3) 26
DPTR FM NORMAL -84 PTCLDY (SCALE 4-7) 2
TOTAL FM JUL 1 1951 CLOUDY (SCALE 8-10) 1
DPTR FM NORMAL -93
[CDD (BASE 65) ]
TOTAL THIS MO. 11
DPTR FM NORMAL 7 [PRESSURE DATA]
TOTAL FM JAN 1 11 HIGHEST SLP 30.37 ON 18
DPTR FM NORMAL 7 LOWEST SLP 29.47 ON 3
[REMARKS]
#FINAL-02-24#