000
CXUS56 KHNX 021643
CF6MCE
PRELIMINARY LOCAL CLIMATOLOGICAL DATA (WS FORM: F-6)
STATION: MERCED CA AIRPORT
MONTH: JANUARY
YEAR: 2022
LATITUDE: 37 16 N
LONGITUDE: 120 36 W
TEMPERATURE IN F: :PCPN: SNOW: WIND :SUNSHINE: SKY :PK WND
================================================================================
1 2 3 4 5 6A 6B 7 8 9 10 11 12 13 14 15 16 17 18
12Z AVG MX 2MIN
DY MAX MIN AVG DEP HDD CDD WTR SNW DPTH SPD SPD DIR MIN PSBL S-S WX SPD DR
================================================================================
1 50 29 40 -5 25 0 0.00 0.0 0 3.3 10 130 M M 1 1 13 130
2 56 28 42 -3 23 0 0.00 0.0 0 2.8 12 130 M M 0 1 14 130
3 56 27 42 -3 23 0 0.00 0.0 0 2.8 8 120 M M 0 1 10 110
4 62 35 49 4 16 0 0.00 0.0 0 3.0 8 140 M M 2 12 10 120
5 60 40 50 5 15 0 0.00 0.0 0 1.4 7 140 M M 9 128 8 130
6 59 42 51 5 14 0 0.00 0.0 0 0.7 6 10 M M 7 18 8 270
7 59 48 54 8 11 0 0.03 0.0 0 1.2 7 300 M M 10 128 9 290
8 52 40 46 0 19 0 0.00 0.0 0 4.4 9 300 M M 8 12 11 330
9 62 34 48 2 17 0 0.00 0.0 0 2.8 8 270 M M 2 128 10 260
10 62 35 49 3 16 0 0.00 0.0 0 1.2 7 280 M M 5 128 8 270
11 60 33 47 1 18 0 0.00 0.0 0 3.0 9 130 M M 0 18 11 130
12 61 33 47 1 18 0 0.00 0.0 0 1.8 8 180 M M 0 128 9 150
13 59 38 49 3 16 0 0.00 0.0 0 2.3 9 130 M M 1 128 10 270
14 50 37 44 -2 21 0 0.00 0.0 0 3.0 12 120 M M 8 12 13 110
15 53 40 47 1 18 0 0.00 0.0 0 2.9 7 110 M M 9 128 9 180
16 63 42 53 7 12 0 0.00 0.0 0 1.2 7 110 M M 6 128 7 120
17 58 39 49 3 16 0 0.03 0.0 0 0.7 6 130 M M 7 128 6 160
18 64 40 52 6 13 0 0.00 0.0 0 1.8 9 310 M M 2 128 14 300
19 63 37 50 4 15 0 0.00 0.0 0 2.2 9 360 M M 1 12 12 330
20 64 35 50 4 15 0 0.00 0.0 0 2.1 7 170 M M 0 128 9 210
21 62 38 50 3 15 0 0.00 0.0 0 3.9 14 320 M M 4 128 18 320
22 59 35 47 0 18 0 0.00 0.0 0 2.3 12 120 M M 5 128 13 130
23 63 31 47 0 18 0 0.00 0.0 0 1.5 7 140 M M 1 128 10 250
24 64 33 49 2 16 0 0.00 0.0 0 1.8 7 10 M M 0 18 8 260
25 61 32 47 0 18 0 0.00 0.0 0 1.4 7 110 M M 3 128 8 150
26 65 33 49 2 16 0 0.00 0.0 0 2.1 8 350 M M 1 128 11 350
27 66 33 50 3 15 0 0.00 0.0 0 1.6 7 230 M M 2 128 10 240
28 65 34 50 3 15 0 0.00 0.0 0 1.6 6 240 M M 0 18 7 230
29 64 32 48 0 17 0 0.00 0.0 0 2.0 8 320 M M 0 18 10 330
30 63 31 47 -1 18 0 0.00 0.0 0 2.2 8 120 M M 0 18 11 140
31 59 33 46 -2 19 0 0.00 0.0 0 1.5 10 310 M M 0 18 15 340
================================================================================
SM 1864 1097 526 0 0.06 0.0 66.5 M 94
================================================================================
AV 60.1 35.4 2.1 FASTST M M 3 MAX(MPH)
MISC ----> 14 320 18 320
================================================================================
NOTES:
# LAST OF SEVERAL OCCURRENCES
COLUMN 17 PEAK WIND IN M.P.H.
PRELIMINARY LOCAL CLIMATOLOGICAL DATA (WS FORM: F-6) , PAGE 2
STATION: MERCED CA AIRPORT
MONTH: JANUARY
YEAR: 2022
LATITUDE: 37 16 N
LONGITUDE: 120 36 W
[TEMPERATURE DATA] [PRECIPITATION DATA] SYMBOLS USED IN COLUMN 16
AVERAGE MONTHLY: 47.8 TOTAL FOR MONTH: 0.06 1 = FOG OR MIST
DPTR FM NORMAL: 1.5 DPTR FM NORMAL: -2.31 2 = FOG REDUCING VISIBILITY
HIGHEST: 66 ON 27 GRTST 24HR 0.03 ON 7- 7 TO 1/4 MILE OR LESS
LOWEST: 27 ON 3 3 = THUNDER
SNOW, ICE PELLETS, HAIL 4 = ICE PELLETS
TOTAL MONTH: 0.0 INCH 5 = HAIL
GRTST 24HR 0.0 6 = FREEZING RAIN OR DRIZZLE
GRTST DEPTH: 0 7 = DUSTSTORM OR SANDSTORM:
VSBY 1/2 MILE OR LESS
8 = SMOKE OR HAZE
[NO. OF DAYS WITH] [WEATHER - DAYS WITH] 9 = BLOWING SNOW
X = TORNADO
MAX 32 OR BELOW: 0 0.01 INCH OR MORE: 2
MAX 90 OR ABOVE: 0 0.10 INCH OR MORE: 0
MIN 32 OR BELOW: 7 0.50 INCH OR MORE: 0
MIN 0 OR BELOW: 0 1.00 INCH OR MORE: 0
[HDD (BASE 65) ]
TOTAL THIS MO. 526 CLEAR (SCALE 0-3) 20
DPTR FM NORMAL -54 PTCLDY (SCALE 4-7) 7
TOTAL FM JUL 1 1475 CLOUDY (SCALE 8-10) 4
DPTR FM NORMAL -135
[CDD (BASE 65) ]
TOTAL THIS MO. 0
DPTR FM NORMAL 0 [PRESSURE DATA]
TOTAL FM JAN 1 0 HIGHEST SLP 30.48 ON 10
DPTR FM NORMAL 0 LOWEST SLP 29.93 ON 7
[REMARKS]
#FINAL-01-22#